CRAN Package Check Results for Package googlesheets

Last updated on 2019-02-16 18:46:21 CET.

Flavor Version Tinstall Tcheck Ttotal Status Flags
r-devel-linux-x86_64-debian-clang 0.3.0 5.01 49.44 54.45 OK
r-devel-linux-x86_64-debian-gcc 0.3.0 4.56 37.89 42.45 OK
r-devel-linux-x86_64-fedora-clang 0.3.0 64.73 NOTE
r-devel-linux-x86_64-fedora-gcc 0.3.0 60.43 NOTE
r-devel-windows-ix86+x86_64 0.3.0 14.00 94.00 108.00 OK
r-patched-linux-x86_64 0.3.0 3.79 43.15 46.94 OK
r-patched-solaris-x86 0.3.0 85.80 NOTE
r-release-linux-x86_64 0.3.0 OK
r-release-windows-ix86+x86_64 0.3.0 9.00 63.00 72.00 OK
r-release-osx-x86_64 0.3.0 NOTE
r-oldrel-windows-ix86+x86_64 0.3.0 21.00 97.00 118.00 OK
r-oldrel-osx-x86_64 0.3.0 NOTE

Check Details

Version: 0.3.0
Check: dependencies in R code
Result: NOTE
    Namespace in Imports field not imported from: ‘tibble’
     All declared Imports should be used.
Flavors: r-devel-linux-x86_64-fedora-clang, r-devel-linux-x86_64-fedora-gcc, r-patched-solaris-x86, r-release-osx-x86_64, r-oldrel-osx-x86_64