CRAN Package Check Results for Package googlesheets

Last updated on 2018-05-21 15:46:43 CEST.

Flavor Version Tinstall Tcheck Ttotal Status Flags
r-devel-linux-x86_64-debian-clang 0.2.2 4.80 43.27 48.07 WARN
r-devel-linux-x86_64-debian-gcc 0.2.2 3.58 36.86 40.44 WARN
r-devel-linux-x86_64-fedora-clang 0.2.2 58.78 OK
r-devel-linux-x86_64-fedora-gcc 0.2.2 56.33 OK
r-devel-windows-ix86+x86_64 0.2.2 9.00 60.00 69.00 OK
r-patched-linux-x86_64 0.2.2 3.26 42.46 45.72 OK
r-patched-solaris-x86 0.2.2 82.50 OK
r-release-linux-x86_64 0.2.2 5.03 41.64 46.67 OK
r-release-windows-ix86+x86_64 0.2.2 9.00 82.00 91.00 OK
r-release-osx-x86_64 0.2.2 OK
r-oldrel-windows-ix86+x86_64 0.2.2 11.00 93.00 104.00 OK
r-oldrel-osx-x86_64 0.2.2 OK

Check Details

Version: 0.2.2
Check: for unstated dependencies in ‘tests’
Result: WARN
    '::' or ':::' import not declared from: ‘tibble’
Flavors: r-devel-linux-x86_64-debian-clang, r-devel-linux-x86_64-debian-gcc