CRAN Package Check Results for Package googlesheets

Last updated on 2018-08-21 12:50:29 CEST.

Flavor Version Tinstall Tcheck Ttotal Status Flags
r-devel-linux-x86_64-debian-clang 0.3.0 4.96 47.98 52.94 OK
r-devel-linux-x86_64-debian-gcc 0.3.0 3.71 37.29 41.00 OK
r-devel-linux-x86_64-fedora-clang 0.3.0 63.31 NOTE
r-devel-linux-x86_64-fedora-gcc 0.3.0 59.31 NOTE
r-devel-windows-ix86+x86_64 0.3.0 15.00 91.00 106.00 OK
r-patched-linux-x86_64 0.3.0 3.19 42.59 45.78 OK
r-patched-solaris-x86 0.3.0 86.50 NOTE
r-release-linux-x86_64 0.3.0 4.20 42.47 46.67 OK
r-release-windows-ix86+x86_64 0.3.0 16.00 80.00 96.00 OK
r-release-osx-x86_64 0.3.0 NOTE
r-oldrel-windows-ix86+x86_64 0.3.0 8.00 98.00 106.00 OK
r-oldrel-osx-x86_64 0.3.0 NOTE

Check Details

Version: 0.3.0
Check: dependencies in R code
Result: NOTE
    Namespace in Imports field not imported from: ‘tibble’
     All declared Imports should be used.
Flavors: r-devel-linux-x86_64-fedora-clang, r-devel-linux-x86_64-fedora-gcc, r-patched-solaris-x86, r-release-osx-x86_64, r-oldrel-osx-x86_64