CRAN Package Check Results for Package googleway

Last updated on 2018-08-21 16:50:25 CEST.

Flavor Version Tinstall Tcheck Ttotal Status Flags
r-devel-linux-x86_64-debian-clang 2.7.0 5.39 59.40 64.79 ERROR
r-devel-linux-x86_64-debian-gcc 2.7.0 5.03 47.50 52.53 ERROR
r-devel-linux-x86_64-fedora-clang 2.7.0 75.99 ERROR
r-devel-linux-x86_64-fedora-gcc 2.7.0 72.26 ERROR
r-devel-windows-ix86+x86_64 2.7.0 16.00 106.00 122.00 ERROR
r-patched-linux-x86_64 2.7.0 5.65 55.07 60.72 ERROR
r-patched-solaris-x86 2.7.0 103.80 ERROR
r-release-linux-x86_64 2.7.0 5.40 54.48 59.88 ERROR
r-release-windows-ix86+x86_64 2.7.0 18.00 77.00 95.00 ERROR
r-release-osx-x86_64 2.7.0 OK
r-oldrel-windows-ix86+x86_64 2.7.0 9.00 106.00 115.00 ERROR
r-oldrel-osx-x86_64 2.7.0 OK

Check Details

Version: 2.7.0
Check: tests
Result: ERROR
     Running ‘manual_tests.R’ [0s/1s]
     Running ‘testthat.R’ [10s/15s]
    Running the tests in ‘tests/testthat.R’ failed.
    Complete output:
     > library(testthat)
     > library(googleway)
     >
     > test_check("googleway")
     ── 1. Error: radar options throws errors (@test-google_places.R#150) ──────────
     There was an error downloading results. Please manually check the following URL is valid by entering it into a browswer. If valid, please file a bug report citing this URL (note: your API key has been removed, so you will need to add that back in)
    
     https://maps.googleapis.com/maps/api/place/radarsearch/json?&location=-37,145&radius=1&keyword=there&key=
     1: expect_warning(google_places(radar = T, key = "abc", search_string = "here", location = c(-37,
     145), radius = 1, keyword = "there")) at testthat/test-google_places.R:150
     2: quasi_capture(enquo(object), capture_warnings, label = label)
     3: capture(act$val <- eval_bare(get_expr(quo), get_env(quo)))
     4: withCallingHandlers(code, warning = function(condition) {
     out$push(condition)
     invokeRestart("muffleWarning")
     })
     5: eval_bare(get_expr(quo), get_env(quo))
     6: google_places(radar = T, key = "abc", search_string = "here", location = c(-37, 145),
     radius = 1, keyword = "there")
     7: downloadData(map_url, simplify, curl_proxy)
     8: tryCatch({
     out <- readLines(con)
     }, error = function(cond) {
     stop("There was an error downloading results. Please manually check the following URL is valid by entering it into a browswer. If valid, please file a bug report citing this URL (note: your API key has been removed, so you will need to add that back in) \n\n",
     gsub("key=.*", "", map_url), "key=", sep = "")
     }, finally = {
     close(con)
     })
     9: tryCatchList(expr, classes, parentenv, handlers)
     10: tryCatchOne(expr, names, parentenv, handlers[[1L]])
     11: value[[3L]](cond)
     12: stop("There was an error downloading results. Please manually check the following URL is valid by entering it into a browswer. If valid, please file a bug report citing this URL (note: your API key has been removed, so you will need to add that back in) \n\n",
     gsub("key=.*", "", map_url), "key=", sep = "")
    
     ══ testthat results ═══════════════════════════════════════════════════════════
     OK: 564 SKIPPED: 7 FAILED: 1
     1. Error: radar options throws errors (@test-google_places.R#150)
    
     Error: testthat unit tests failed
     Execution halted
Flavor: r-devel-linux-x86_64-debian-clang

Version: 2.7.0
Check: tests
Result: ERROR
     Running ‘manual_tests.R’ [0s/1s]
     Running ‘testthat.R’ [8s/16s]
    Running the tests in ‘tests/testthat.R’ failed.
    Complete output:
     > library(testthat)
     > library(googleway)
     >
     > test_check("googleway")
     ── 1. Error: radar options throws errors (@test-google_places.R#150) ──────────
     There was an error downloading results. Please manually check the following URL is valid by entering it into a browswer. If valid, please file a bug report citing this URL (note: your API key has been removed, so you will need to add that back in)
    
     https://maps.googleapis.com/maps/api/place/radarsearch/json?&location=-37,145&radius=1&keyword=there&key=
     1: expect_warning(google_places(radar = T, key = "abc", search_string = "here", location = c(-37,
     145), radius = 1, keyword = "there")) at testthat/test-google_places.R:150
     2: quasi_capture(enquo(object), capture_warnings, label = label)
     3: capture(act$val <- eval_bare(get_expr(quo), get_env(quo)))
     4: withCallingHandlers(code, warning = function(condition) {
     out$push(condition)
     invokeRestart("muffleWarning")
     })
     5: eval_bare(get_expr(quo), get_env(quo))
     6: google_places(radar = T, key = "abc", search_string = "here", location = c(-37, 145),
     radius = 1, keyword = "there")
     7: downloadData(map_url, simplify, curl_proxy)
     8: tryCatch({
     out <- readLines(con)
     }, error = function(cond) {
     stop("There was an error downloading results. Please manually check the following URL is valid by entering it into a browswer. If valid, please file a bug report citing this URL (note: your API key has been removed, so you will need to add that back in) \n\n",
     gsub("key=.*", "", map_url), "key=", sep = "")
     }, finally = {
     close(con)
     })
     9: tryCatchList(expr, classes, parentenv, handlers)
     10: tryCatchOne(expr, names, parentenv, handlers[[1L]])
     11: value[[3L]](cond)
     12: stop("There was an error downloading results. Please manually check the following URL is valid by entering it into a browswer. If valid, please file a bug report citing this URL (note: your API key has been removed, so you will need to add that back in) \n\n",
     gsub("key=.*", "", map_url), "key=", sep = "")
    
     ══ testthat results ═══════════════════════════════════════════════════════════
     OK: 564 SKIPPED: 7 FAILED: 1
     1. Error: radar options throws errors (@test-google_places.R#150)
    
     Error: testthat unit tests failed
     Execution halted
Flavor: r-devel-linux-x86_64-debian-gcc

Version: 2.7.0
Check: tests
Result: ERROR
     Running ‘manual_tests.R’
     Running ‘testthat.R’ [9s/13s]
    Running the tests in ‘tests/testthat.R’ failed.
    Complete output:
     > library(testthat)
     > library(googleway)
     >
     > test_check("googleway")
     ── 1. Error: radar options throws errors (@test-google_places.R#150) ──────────
     There was an error downloading results. Please manually check the following URL is valid by entering it into a browswer. If valid, please file a bug report citing this URL (note: your API key has been removed, so you will need to add that back in)
    
     https://maps.googleapis.com/maps/api/place/radarsearch/json?&location=-37,145&radius=1&keyword=there&key=
     1: expect_warning(google_places(radar = T, key = "abc", search_string = "here", location = c(-37,
     145), radius = 1, keyword = "there")) at testthat/test-google_places.R:150
     2: quasi_capture(enquo(object), capture_warnings, label = label)
     3: capture(act$val <- eval_bare(get_expr(quo), get_env(quo)))
     4: withCallingHandlers(code, warning = function(condition) {
     out$push(condition)
     invokeRestart("muffleWarning")
     })
     5: eval_bare(get_expr(quo), get_env(quo))
     6: google_places(radar = T, key = "abc", search_string = "here", location = c(-37, 145),
     radius = 1, keyword = "there")
     7: downloadData(map_url, simplify, curl_proxy)
     8: tryCatch({
     out <- readLines(con)
     }, error = function(cond) {
     stop("There was an error downloading results. Please manually check the following URL is valid by entering it into a browswer. If valid, please file a bug report citing this URL (note: your API key has been removed, so you will need to add that back in) \n\n",
     gsub("key=.*", "", map_url), "key=", sep = "")
     }, finally = {
     close(con)
     })
     9: tryCatchList(expr, classes, parentenv, handlers)
     10: tryCatchOne(expr, names, parentenv, handlers[[1L]])
     11: value[[3L]](cond)
     12: stop("There was an error downloading results. Please manually check the following URL is valid by entering it into a browswer. If valid, please file a bug report citing this URL (note: your API key has been removed, so you will need to add that back in) \n\n",
     gsub("key=.*", "", map_url), "key=", sep = "")
    
     ══ testthat results ═══════════════════════════════════════════════════════════
     OK: 564 SKIPPED: 7 FAILED: 1
     1. Error: radar options throws errors (@test-google_places.R#150)
    
     Error: testthat unit tests failed
     Execution halted
Flavors: r-devel-linux-x86_64-fedora-clang, r-devel-linux-x86_64-fedora-gcc

Version: 2.7.0
Check: tests
Result: ERROR
     Running 'manual_tests.R' [1s]
     Running 'testthat.R' [13s]
    Running the tests in 'tests/testthat.R' failed.
    Complete output:
     > library(testthat)
     > library(googleway)
     >
     > test_check("googleway")
     -- 1. Error: radar options throws errors (@test-google_places.R#150) ----------
     There was an error downloading results. Please manually check the following URL is valid by entering it into a browswer. If valid, please file a bug report citing this URL (note: your API key has been removed, so you will need to add that back in)
    
     https://maps.googleapis.com/maps/api/place/radarsearch/json?&location=-37,145&radius=1&keyword=there&key=
     1: expect_warning(google_places(radar = T, key = "abc", search_string = "here", location = c(-37,
     145), radius = 1, keyword = "there")) at testthat/test-google_places.R:150
     2: quasi_capture(enquo(object), capture_warnings, label = label)
     3: capture(act$val <- eval_bare(get_expr(quo), get_env(quo)))
     4: withCallingHandlers(code, warning = function(condition) {
     out$push(condition)
     invokeRestart("muffleWarning")
     })
     5: eval_bare(get_expr(quo), get_env(quo))
     6: google_places(radar = T, key = "abc", search_string = "here", location = c(-37, 145),
     radius = 1, keyword = "there")
     7: downloadData(map_url, simplify, curl_proxy)
     8: tryCatch({
     out <- readLines(con)
     }, error = function(cond) {
     stop("There was an error downloading results. Please manually check the following URL is valid by entering it into a browswer. If valid, please file a bug report citing this URL (note: your API key has been removed, so you will need to add that back in) \n\n",
     gsub("key=.*", "", map_url), "key=", sep = "")
     }, finally = {
     close(con)
     })
     9: tryCatchList(expr, classes, parentenv, handlers)
     10: tryCatchOne(expr, names, parentenv, handlers[[1L]])
     11: value[[3L]](cond)
     12: stop("There was an error downloading results. Please manually check the following URL is valid by entering it into a browswer. If valid, please file a bug report citing this URL (note: your API key has been removed, so you will need to add that back in) \n\n",
     gsub("key=.*", "", map_url), "key=", sep = "")
    
     == testthat results ===========================================================
     OK: 564 SKIPPED: 7 FAILED: 1
     1. Error: radar options throws errors (@test-google_places.R#150)
    
     Error: testthat unit tests failed
     Execution halted
Flavor: r-devel-windows-ix86+x86_64

Version: 2.7.0
Check: tests
Result: ERROR
     Running ‘manual_tests.R’ [0s/0s]
     Running ‘testthat.R’ [10s/14s]
    Running the tests in ‘tests/testthat.R’ failed.
    Complete output:
     > library(testthat)
     > library(googleway)
     >
     > test_check("googleway")
     ── 1. Error: radar options throws errors (@test-google_places.R#150) ──────────
     There was an error downloading results. Please manually check the following URL is valid by entering it into a browswer. If valid, please file a bug report citing this URL (note: your API key has been removed, so you will need to add that back in)
    
     https://maps.googleapis.com/maps/api/place/radarsearch/json?&location=-37,145&radius=1&keyword=there&key=
     1: expect_warning(google_places(radar = T, key = "abc", search_string = "here", location = c(-37,
     145), radius = 1, keyword = "there")) at testthat/test-google_places.R:150
     2: quasi_capture(enquo(object), capture_warnings, label = label)
     3: capture(act$val <- eval_bare(get_expr(quo), get_env(quo)))
     4: withCallingHandlers(code, warning = function(condition) {
     out$push(condition)
     invokeRestart("muffleWarning")
     })
     5: eval_bare(get_expr(quo), get_env(quo))
     6: google_places(radar = T, key = "abc", search_string = "here", location = c(-37, 145),
     radius = 1, keyword = "there")
     7: downloadData(map_url, simplify, curl_proxy)
     8: tryCatch({
     out <- readLines(con)
     }, error = function(cond) {
     stop("There was an error downloading results. Please manually check the following URL is valid by entering it into a browswer. If valid, please file a bug report citing this URL (note: your API key has been removed, so you will need to add that back in) \n\n",
     gsub("key=.*", "", map_url), "key=", sep = "")
     }, finally = {
     close(con)
     })
     9: tryCatchList(expr, classes, parentenv, handlers)
     10: tryCatchOne(expr, names, parentenv, handlers[[1L]])
     11: value[[3L]](cond)
     12: stop("There was an error downloading results. Please manually check the following URL is valid by entering it into a browswer. If valid, please file a bug report citing this URL (note: your API key has been removed, so you will need to add that back in) \n\n",
     gsub("key=.*", "", map_url), "key=", sep = "")
    
     ══ testthat results ═══════════════════════════════════════════════════════════
     OK: 564 SKIPPED: 7 FAILED: 1
     1. Error: radar options throws errors (@test-google_places.R#150)
    
     Error: testthat unit tests failed
     Execution halted
Flavor: r-patched-linux-x86_64

Version: 2.7.0
Check: tests
Result: ERROR
     Running ‘manual_tests.R’
     Running ‘testthat.R’ [10s/137s]
    Running the tests in ‘tests/testthat.R’ failed.
    Complete output:
     > library(testthat)
     > library(googleway)
     >
     > test_check("googleway")
     ── 1. Error: radar options throws errors (@test-google_places.R#150) ──────────
     There was an error downloading results. Please manually check the following URL is valid by entering it into a browswer. If valid, please file a bug report citing this URL (note: your API key has been removed, so you will need to add that back in)
    
     https://maps.googleapis.com/maps/api/place/radarsearch/json?&location=-37,145&radius=1&keyword=there&key=
     1: expect_warning(google_places(radar = T, key = "abc", search_string = "here", location = c(-37,
     145), radius = 1, keyword = "there")) at testthat/test-google_places.R:150
     2: quasi_capture(enquo(object), capture_warnings, label = label)
     3: capture(act$val <- eval_bare(get_expr(quo), get_env(quo)))
     4: withCallingHandlers(code, warning = function(condition) {
     out$push(condition)
     invokeRestart("muffleWarning")
     })
     5: eval_bare(get_expr(quo), get_env(quo))
     6: google_places(radar = T, key = "abc", search_string = "here", location = c(-37, 145),
     radius = 1, keyword = "there")
     7: downloadData(map_url, simplify, curl_proxy)
     8: tryCatch({
     out <- readLines(con)
     }, error = function(cond) {
     stop("There was an error downloading results. Please manually check the following URL is valid by entering it into a browswer. If valid, please file a bug report citing this URL (note: your API key has been removed, so you will need to add that back in) \n\n",
     gsub("key=.*", "", map_url), "key=", sep = "")
     }, finally = {
     close(con)
     })
     9: tryCatchList(expr, classes, parentenv, handlers)
     10: tryCatchOne(expr, names, parentenv, handlers[[1L]])
     11: value[[3L]](cond)
     12: stop("There was an error downloading results. Please manually check the following URL is valid by entering it into a browswer. If valid, please file a bug report citing this URL (note: your API key has been removed, so you will need to add that back in) \n\n",
     gsub("key=.*", "", map_url), "key=", sep = "")
    
     ══ testthat results ═══════════════════════════════════════════════════════════
     OK: 564 SKIPPED: 7 FAILED: 1
     1. Error: radar options throws errors (@test-google_places.R#150)
    
     Error: testthat unit tests failed
     Execution halted
Flavor: r-patched-solaris-x86

Version: 2.7.0
Check: tests
Result: ERROR
     Running ‘manual_tests.R’ [0s/0s]
     Running ‘testthat.R’ [10s/15s]
    Running the tests in ‘tests/testthat.R’ failed.
    Complete output:
     > library(testthat)
     > library(googleway)
     >
     > test_check("googleway")
     ── 1. Error: radar options throws errors (@test-google_places.R#150) ──────────
     There was an error downloading results. Please manually check the following URL is valid by entering it into a browswer. If valid, please file a bug report citing this URL (note: your API key has been removed, so you will need to add that back in)
    
     https://maps.googleapis.com/maps/api/place/radarsearch/json?&location=-37,145&radius=1&keyword=there&key=
     1: expect_warning(google_places(radar = T, key = "abc", search_string = "here", location = c(-37,
     145), radius = 1, keyword = "there")) at testthat/test-google_places.R:150
     2: quasi_capture(enquo(object), capture_warnings, label = label)
     3: capture(act$val <- eval_bare(get_expr(quo), get_env(quo)))
     4: withCallingHandlers(code, warning = function(condition) {
     out$push(condition)
     invokeRestart("muffleWarning")
     })
     5: eval_bare(get_expr(quo), get_env(quo))
     6: google_places(radar = T, key = "abc", search_string = "here", location = c(-37, 145),
     radius = 1, keyword = "there")
     7: downloadData(map_url, simplify, curl_proxy)
     8: tryCatch({
     out <- readLines(con)
     }, error = function(cond) {
     stop("There was an error downloading results. Please manually check the following URL is valid by entering it into a browswer. If valid, please file a bug report citing this URL (note: your API key has been removed, so you will need to add that back in) \n\n",
     gsub("key=.*", "", map_url), "key=", sep = "")
     }, finally = {
     close(con)
     })
     9: tryCatchList(expr, classes, parentenv, handlers)
     10: tryCatchOne(expr, names, parentenv, handlers[[1L]])
     11: value[[3L]](cond)
     12: stop("There was an error downloading results. Please manually check the following URL is valid by entering it into a browswer. If valid, please file a bug report citing this URL (note: your API key has been removed, so you will need to add that back in) \n\n",
     gsub("key=.*", "", map_url), "key=", sep = "")
    
     ══ testthat results ═══════════════════════════════════════════════════════════
     OK: 564 SKIPPED: 7 FAILED: 1
     1. Error: radar options throws errors (@test-google_places.R#150)
    
     Error: testthat unit tests failed
     Execution halted
Flavor: r-release-linux-x86_64

Version: 2.7.0
Check: tests
Result: ERROR
     Running 'manual_tests.R' [1s]
     Running 'testthat.R' [12s]
    Running the tests in 'tests/testthat.R' failed.
    Complete output:
     > library(testthat)
     > library(googleway)
     >
     > test_check("googleway")
     -- 1. Error: radar options throws errors (@test-google_places.R#150) ----------
     There was an error downloading results. Please manually check the following URL is valid by entering it into a browswer. If valid, please file a bug report citing this URL (note: your API key has been removed, so you will need to add that back in)
    
     https://maps.googleapis.com/maps/api/place/radarsearch/json?&location=-37,145&radius=1&keyword=there&key=
     1: expect_warning(google_places(radar = T, key = "abc", search_string = "here", location = c(-37,
     145), radius = 1, keyword = "there")) at testthat/test-google_places.R:150
     2: quasi_capture(enquo(object), capture_warnings, label = label)
     3: capture(act$val <- eval_bare(get_expr(quo), get_env(quo)))
     4: withCallingHandlers(code, warning = function(condition) {
     out$push(condition)
     invokeRestart("muffleWarning")
     })
     5: eval_bare(get_expr(quo), get_env(quo))
     6: google_places(radar = T, key = "abc", search_string = "here", location = c(-37, 145),
     radius = 1, keyword = "there")
     7: downloadData(map_url, simplify, curl_proxy)
     8: tryCatch({
     out <- readLines(con)
     }, error = function(cond) {
     stop("There was an error downloading results. Please manually check the following URL is valid by entering it into a browswer. If valid, please file a bug report citing this URL (note: your API key has been removed, so you will need to add that back in) \n\n",
     gsub("key=.*", "", map_url), "key=", sep = "")
     }, finally = {
     close(con)
     })
     9: tryCatchList(expr, classes, parentenv, handlers)
     10: tryCatchOne(expr, names, parentenv, handlers[[1L]])
     11: value[[3L]](cond)
     12: stop("There was an error downloading results. Please manually check the following URL is valid by entering it into a browswer. If valid, please file a bug report citing this URL (note: your API key has been removed, so you will need to add that back in) \n\n",
     gsub("key=.*", "", map_url), "key=", sep = "")
    
     == testthat results ===========================================================
     OK: 564 SKIPPED: 7 FAILED: 1
     1. Error: radar options throws errors (@test-google_places.R#150)
    
     Error: testthat unit tests failed
     Execution halted
Flavor: r-release-windows-ix86+x86_64

Version: 2.7.0
Check: tests
Result: ERROR
     Running 'manual_tests.R' [0s]
     Running 'testthat.R' [10s]
    Running the tests in 'tests/testthat.R' failed.
    Complete output:
     > library(testthat)
     > library(googleway)
     >
     > test_check("googleway")
     -- 1. Error: radar options throws errors (@test-google_places.R#150) ----------
     There was an error downloading results. Please manually check the following URL is valid by entering it into a browswer. If valid, please file a bug report citing this URL (note: your API key has been removed, so you will need to add that back in)
    
     https://maps.googleapis.com/maps/api/place/radarsearch/json?&location=-37,145&radius=1&keyword=there&key=
     1: expect_warning(google_places(radar = T, key = "abc", search_string = "here", location = c(-37,
     145), radius = 1, keyword = "there")) at testthat/test-google_places.R:150
     2: quasi_capture(enquo(object), capture_warnings, label = label)
     3: capture(act$val <- eval_bare(get_expr(quo), get_env(quo)))
     4: withCallingHandlers(code, warning = function(condition) {
     out$push(condition)
     invokeRestart("muffleWarning")
     })
     5: eval_bare(get_expr(quo), get_env(quo))
     6: google_places(radar = T, key = "abc", search_string = "here", location = c(-37, 145),
     radius = 1, keyword = "there")
     7: downloadData(map_url, simplify, curl_proxy)
     8: tryCatch({
     out <- readLines(con)
     }, error = function(cond) {
     stop("There was an error downloading results. Please manually check the following URL is valid by entering it into a browswer. If valid, please file a bug report citing this URL (note: your API key has been removed, so you will need to add that back in) \n\n",
     gsub("key=.*", "", map_url), "key=", sep = "")
     }, finally = {
     close(con)
     })
     9: tryCatchList(expr, classes, parentenv, handlers)
     10: tryCatchOne(expr, names, parentenv, handlers[[1L]])
     11: value[[3L]](cond)
     12: stop("There was an error downloading results. Please manually check the following URL is valid by entering it into a browswer. If valid, please file a bug report citing this URL (note: your API key has been removed, so you will need to add that back in) \n\n",
     gsub("key=.*", "", map_url), "key=", sep = "")
    
     == testthat results ===========================================================
     OK: 564 SKIPPED: 7 FAILED: 1
     1. Error: radar options throws errors (@test-google_places.R#150)
    
     Error: testthat unit tests failed
     Execution halted
Flavor: r-oldrel-windows-ix86+x86_64