CRAN Package Check Results for Package googleway

Last updated on 2018-05-22 13:46:31 CEST.

Flavor Version Tinstall Tcheck Ttotal Status Flags
r-devel-linux-x86_64-debian-clang 2.6 6.39 61.57 67.96 WARN
r-devel-linux-x86_64-debian-gcc 2.6 4.23 48.27 52.50 WARN
r-devel-linux-x86_64-fedora-clang 2.6 73.80 OK
r-devel-linux-x86_64-fedora-gcc 2.6 71.90 OK
r-devel-windows-ix86+x86_64 2.6 13.00 74.00 87.00 OK
r-patched-linux-x86_64 2.6 4.56 57.93 62.49 OK
r-patched-solaris-x86 2.6 104.70 OK
r-release-linux-x86_64 2.6 4.84 56.38 61.22 OK
r-release-windows-ix86+x86_64 2.6 11.00 86.00 97.00 OK
r-release-osx-x86_64 2.6 OK
r-oldrel-windows-ix86+x86_64 2.6 13.00 92.00 105.00 ERROR
r-oldrel-osx-x86_64 2.4.0 OK

Check Details

Version: 2.6
Check: for unstated dependencies in ‘tests’
Result: WARN
    '::' or ':::' import not declared from: ‘sf’
Flavors: r-devel-linux-x86_64-debian-clang, r-devel-linux-x86_64-debian-gcc

Version: 2.6
Check: whether package can be installed
Result: ERROR
    Installation failed.
Flavor: r-oldrel-windows-ix86+x86_64