CRAN Package Check Results for Package gower

Last updated on 2018-11-17 06:46:42 CET.

Flavor Version Tinstall Tcheck Ttotal Status Flags
r-devel-linux-x86_64-debian-clang 0.1.2 1.92 21.28 23.20 OK
r-devel-linux-x86_64-debian-gcc 0.1.2 1.45 18.19 19.64 OK
r-devel-linux-x86_64-fedora-clang 0.1.2 28.40 OK
r-devel-linux-x86_64-fedora-gcc 0.1.2 25.70 OK
r-devel-windows-ix86+x86_64 0.1.2 8.00 78.00 86.00 OK
r-patched-linux-x86_64 0.1.2 1.70 19.64 21.34 OK
r-patched-solaris-x86 0.1.2 43.30 OK
r-release-linux-x86_64 0.1.2 1.59 19.76 21.35 OK
r-release-windows-ix86+x86_64 0.1.2 9.00 64.00 73.00 OK
r-release-osx-x86_64 0.1.2 WARN
r-oldrel-windows-ix86+x86_64 0.1.2 8.00 57.00 65.00 OK
r-oldrel-osx-x86_64 0.1.2 OK

Check Details

Version: 0.1.2
Check: re-building of vignette outputs
Result: WARN
    Error in re-building vignettes:
     ...
    Warning in engine$weave(file, quiet = quiet, encoding = enc) :
     Pandoc (>= 1.12.3) and/or pandoc-citeproc not available. Falling back to R Markdown v1.
    Error: processing vignette 'intro.Rmd' failed with diagnostics:
    shared object 'stringi.so' not found
    Execution halted
Flavor: r-release-osx-x86_64