CRAN Package Check Results for Package gower

Last updated on 2019-02-16 13:46:22 CET.

Flavor Version Tinstall Tcheck Ttotal Status Flags
r-devel-linux-x86_64-debian-clang 0.1.2 2.18 21.96 24.14 OK
r-devel-linux-x86_64-debian-gcc 0.1.2 1.54 17.31 18.85 OK
r-devel-linux-x86_64-fedora-clang 0.1.2 28.89 OK
r-devel-linux-x86_64-fedora-gcc 0.1.2 26.70 OK
r-devel-windows-ix86+x86_64 0.1.2 20.00 70.00 90.00 OK
r-patched-linux-x86_64 0.1.2 1.56 19.46 21.02 OK
r-patched-solaris-x86 0.1.2 45.30 OK
r-release-linux-x86_64 0.1.2 OK
r-release-windows-ix86+x86_64 0.1.2 6.00 44.00 50.00 OK
r-release-osx-x86_64 0.1.2 WARN
r-oldrel-windows-ix86+x86_64 0.1.2 12.00 61.00 73.00 OK
r-oldrel-osx-x86_64 0.1.2 OK

Check Details

Version: 0.1.2
Check: re-building of vignette outputs
Result: WARN
    Error in re-building vignettes:
     ...
    Warning in engine$weave(file, quiet = quiet, encoding = enc) :
     Pandoc (>= 1.12.3) and/or pandoc-citeproc not available. Falling back to R Markdown v1.
    Error: processing vignette 'intro.Rmd' failed with diagnostics:
    shared object 'stringi.so' not found
    Execution halted
Flavor: r-release-osx-x86_64