CRAN Package Check Results for Package gower

Last updated on 2018-08-19 04:46:55 CEST.

Flavor Version Tinstall Tcheck Ttotal Status Flags
r-devel-linux-x86_64-debian-clang 0.1.2 1.86 22.32 24.18 OK
r-devel-linux-x86_64-debian-gcc 0.1.2 1.49 17.97 19.46 OK
r-devel-linux-x86_64-fedora-clang 0.1.2 28.12 OK
r-devel-linux-x86_64-fedora-gcc 0.1.2 26.19 OK
r-devel-windows-ix86+x86_64 0.1.2 11.00 65.00 76.00 OK
r-patched-linux-x86_64 0.1.2 1.58 20.05 21.63 OK
r-patched-solaris-x86 0.1.2 44.30 OK
r-release-linux-x86_64 0.1.2 1.92 19.45 21.37 OK
r-release-windows-ix86+x86_64 0.1.2 11.00 60.00 71.00 OK
r-release-osx-x86_64 0.1.2 WARN
r-oldrel-windows-ix86+x86_64 0.1.2 8.00 54.00 62.00 OK
r-oldrel-osx-x86_64 0.1.2 OK

Check Details

Version: 0.1.2
Check: re-building of vignette outputs
Result: WARN
    Error in re-building vignettes:
     ...
    Warning in engine$weave(file, quiet = quiet, encoding = enc) :
     Pandoc (>= 1.12.3) and/or pandoc-citeproc not available. Falling back to R Markdown v1.
    Error: processing vignette 'intro.Rmd' failed with diagnostics:
    shared object 'stringi.so' not found
    Execution halted
Flavor: r-release-osx-x86_64