CRAN Package Check Results for Package gower

Last updated on 2018-05-23 12:48:20 CEST.

Flavor Version Tinstall Tcheck Ttotal Status Flags
r-devel-linux-x86_64-debian-clang 0.1.2 1.68 22.04 23.72 OK
r-devel-linux-x86_64-debian-gcc 0.1.2 1.29 16.96 18.25 OK
r-devel-linux-x86_64-fedora-clang 0.1.2 27.37 OK
r-devel-linux-x86_64-fedora-gcc 0.1.2 25.58 OK
r-devel-windows-ix86+x86_64 0.1.2 12.00 54.00 66.00 OK
r-patched-linux-x86_64 0.1.2 1.92 19.19 21.11 OK
r-patched-solaris-x86 0.1.2 43.30 OK
r-release-linux-x86_64 0.1.2 1.78 19.98 21.76 OK
r-release-windows-ix86+x86_64 0.1.2 10.00 56.00 66.00 OK
r-release-osx-x86_64 0.1.2 WARN
r-oldrel-windows-ix86+x86_64 0.1.2 11.00 51.00 62.00 OK
r-oldrel-osx-x86_64 0.1.2 OK

Check Details

Version: 0.1.2
Check: re-building of vignette outputs
Result: WARN
    Error in re-building vignettes:
     ...
    Warning in engine$weave(file, quiet = quiet, encoding = enc) :
     Pandoc (>= 1.12.3) and/or pandoc-citeproc not available. Falling back to R Markdown v1.
    Error: processing vignette 'intro.Rmd' failed with diagnostics:
    shared object 'stringi.so' not found
    Execution halted
Flavor: r-release-osx-x86_64