CRAN Package Check Results for Package gpDDE

Last updated on 2020-01-27 02:47:16 CET.

Flavor Version Tinstall Tcheck Ttotal Status Flags
r-devel-linux-x86_64-debian-clang 0.8.2 15.16 97.32 112.48 NOTE
r-devel-linux-x86_64-debian-gcc 0.8.2 13.17 74.85 88.02 NOTE
r-devel-linux-x86_64-fedora-clang 0.8.2 133.11 NOTE
r-devel-linux-x86_64-fedora-gcc 0.8.2 131.54 NOTE
r-devel-windows-ix86+x86_64 0.8.2 37.00 143.00 180.00 NOTE
r-devel-windows-ix86+x86_64-gcc8 0.8.2 44.00 109.00 153.00 NOTE
r-patched-linux-x86_64 0.8.2 13.70 85.62 99.32 NOTE
r-patched-solaris-x86 0.8.2 173.90 NOTE
r-release-linux-x86_64 0.8.2 13.26 85.18 98.44 NOTE
r-release-windows-ix86+x86_64 0.8.2 22.00 97.00 119.00 NOTE
r-release-osx-x86_64 0.8.2 NOTE
r-oldrel-windows-ix86+x86_64 0.8.2 16.00 89.00 105.00 NOTE
r-oldrel-osx-x86_64 0.8.2 OK

Check Details

Version: 0.8.2
Check: dependencies in R code
Result: NOTE
    Missing or unexported object: 'TSA::tsdiag.Arima'
Flavors: r-devel-linux-x86_64-debian-clang, r-devel-linux-x86_64-debian-gcc, r-devel-linux-x86_64-fedora-clang, r-devel-linux-x86_64-fedora-gcc, r-devel-windows-ix86+x86_64, r-devel-windows-ix86+x86_64-gcc8, r-patched-linux-x86_64, r-patched-solaris-x86, r-release-linux-x86_64, r-release-windows-ix86+x86_64, r-release-osx-x86_64, r-oldrel-windows-ix86+x86_64