CRAN Package Check Results for Package gpDDE

Last updated on 2019-09-16 00:47:42 CEST.

Flavor Version Tinstall Tcheck Ttotal Status Flags
r-devel-linux-x86_64-debian-clang 0.8.2 13.22 87.24 100.46 NOTE
r-devel-linux-x86_64-debian-gcc 0.8.2 11.92 68.54 80.46 NOTE
r-devel-linux-x86_64-fedora-clang 0.8.2 120.65 NOTE
r-devel-linux-x86_64-fedora-gcc 0.8.2 120.22 NOTE
r-devel-windows-ix86+x86_64 0.8.2 37.00 133.00 170.00 NOTE
r-patched-linux-x86_64 0.8.2 13.32 86.50 99.82 NOTE
r-patched-solaris-x86 0.8.2 177.50 NOTE
r-release-linux-x86_64 0.8.2 14.16 86.30 100.46 NOTE
r-release-windows-ix86+x86_64 0.8.2 26.00 162.00 188.00 NOTE
r-release-osx-x86_64 0.8.2 NOTE
r-oldrel-windows-ix86+x86_64 0.8.2 20.00 90.00 110.00 NOTE
r-oldrel-osx-x86_64 0.8.2 OK

Check Details

Version: 0.8.2
Check: dependencies in R code
Result: NOTE
    Missing or unexported object: 'TSA::tsdiag.Arima'
Flavors: r-devel-linux-x86_64-debian-clang, r-devel-linux-x86_64-debian-gcc, r-devel-linux-x86_64-fedora-clang, r-devel-linux-x86_64-fedora-gcc, r-devel-windows-ix86+x86_64, r-patched-linux-x86_64, r-patched-solaris-x86, r-release-linux-x86_64, r-release-windows-ix86+x86_64, r-release-osx-x86_64, r-oldrel-windows-ix86+x86_64