Last updated on 2022-05-19 08:52:07 CEST.
Flavor | Version | Tinstall | Tcheck | Ttotal | Status | Flags |
---|---|---|---|---|---|---|
r-devel-linux-x86_64-debian-clang | 0.3.5 | 4.98 | 60.29 | 65.27 | OK | |
r-devel-linux-x86_64-debian-gcc | 0.3.5 | 4.34 | 44.94 | 49.28 | OK | |
r-devel-linux-x86_64-fedora-clang | 0.3.5 | 78.37 | NOTE | |||
r-devel-linux-x86_64-fedora-gcc | 0.3.5 | 74.49 | NOTE | |||
r-devel-windows-x86_64 | 0.3.5 | 28.00 | 91.00 | 119.00 | OK | |
r-patched-linux-x86_64 | 0.3.5 | 5.07 | 56.39 | 61.46 | OK | |
r-release-linux-x86_64 | 0.3.5 | 4.66 | 57.36 | 62.02 | OK | |
r-release-macos-arm64 | 0.3.5 | 26.00 | NOTE | |||
r-release-macos-x86_64 | 0.3.5 | 45.00 | NOTE | |||
r-release-windows-x86_64 | 0.3.5 | 25.00 | 91.00 | 116.00 | OK | |
r-oldrel-macos-arm64 | 0.3.5 | 27.00 | NOTE | |||
r-oldrel-macos-x86_64 | 0.3.5 | 41.00 | NOTE | |||
r-oldrel-windows-ix86+x86_64 | 0.3.5 | 11.00 | 73.00 | 84.00 | OK |
Version: 0.3.5
Check: dependencies in R code
Result: NOTE
Namespaces in Imports field not imported from:
‘dplyr’ ‘utils’
All declared Imports should be used.
Flavors: r-devel-linux-x86_64-fedora-clang, r-devel-linux-x86_64-fedora-gcc, r-release-macos-arm64, r-release-macos-x86_64, r-oldrel-macos-arm64, r-oldrel-macos-x86_64