Last updated on 2023-12-06 07:50:16 CET.
Flavor | Version | Tinstall | Tcheck | Ttotal | Status | Flags |
---|---|---|---|---|---|---|
r-devel-linux-x86_64-debian-clang | 1.2.7 | 937.89 | 112.86 | 1050.75 | OK | |
r-devel-linux-x86_64-debian-gcc | 1.2.7 | 696.61 | 113.63 | 810.24 | OK | |
r-devel-linux-x86_64-fedora-clang | 1.2.7 | 1529.40 | NOTE | |||
r-devel-linux-x86_64-fedora-gcc | 1.2.7 | 1650.98 | OK | |||
r-devel-windows-x86_64 | 1.2.7 | 633.00 | 216.00 | 849.00 | NOTE | |
r-patched-linux-x86_64 | 1.2.6 | 799.49 | 138.36 | 937.85 | OK | |
r-release-linux-x86_64 | 1.2.7 | 815.03 | 140.98 | 956.01 | OK | |
r-release-macos-arm64 | 1.2.7 | 369.00 | NOTE | |||
r-release-macos-x86_64 | 1.2.7 | 530.00 | NOTE | |||
r-release-windows-x86_64 | 1.2.7 | 815.00 | 249.00 | 1064.00 | NOTE | |
r-oldrel-macos-arm64 | 1.2.7 | 358.00 | NOTE | |||
r-oldrel-macos-x86_64 | 1.2.5 | 511.00 | NOTE | |||
r-oldrel-windows-x86_64 | 1.2.7 | 475.00 | 220.00 | 695.00 | NOTE |
Version: 1.2.7
Check: installed package size
Result: NOTE
installed size is 10.4Mb
sub-directories of 1Mb or more:
libs 9.5Mb
Flavors: r-devel-linux-x86_64-fedora-clang, r-devel-windows-x86_64, r-release-macos-arm64, r-release-macos-x86_64, r-release-windows-x86_64, r-oldrel-macos-arm64, r-oldrel-windows-x86_64
Version: 1.2.5
Check: installed package size
Result: NOTE
installed size is 160.8Mb
sub-directories of 1Mb or more:
libs 160.0Mb
Flavor: r-oldrel-macos-x86_64