CRAN Package Check Results for Package gpg

Last updated on 2018-05-26 17:50:22 CEST.

Flavor Version Tinstall Tcheck Ttotal Status Flags
r-devel-linux-x86_64-debian-clang 0.5 3.09 24.36 27.45 OK
r-devel-linux-x86_64-debian-gcc 0.5 2.22 19.44 21.66 OK
r-devel-linux-x86_64-fedora-clang 0.5 31.68 ERROR
r-devel-linux-x86_64-fedora-gcc 0.5 30.37 ERROR
r-devel-windows-ix86+x86_64 0.5 20.00 142.00 162.00 OK
r-patched-linux-x86_64 0.5 2.85 22.70 25.55 OK
r-release-linux-x86_64 0.5 2.71 22.87 25.58 OK
r-release-windows-ix86+x86_64 0.5 29.00 152.00 181.00 OK
r-release-osx-x86_64 0.5 OK
r-oldrel-windows-ix86+x86_64 0.5 23.00 127.00 150.00 OK
r-oldrel-osx-x86_64 0.5 OK

Check Details

Version: 0.5
Check: examples
Result: ERROR
    Running examples in ‘gpg-Ex.R’ failed
    The error most likely occurred in:
    
    > ### Name: gpg_sign
    > ### Title: PGP Signatures
    > ### Aliases: gpg_sign gpg_verify gpg gpg_sign
    >
    > ### ** Examples
    >
    > # This requires you have the Debian master key in your keyring
    > msg <- tempfile()
    > sig <- tempfile()
    > download.file("http://http.us.debian.org/debian/dists/jessie/Release", msg)
    trying URL 'http://http.us.debian.org/debian/dists/jessie/Release'
    Content type 'unknown' length 148406 bytes (144 KB)
    ==================================================
    downloaded 144 KB
    
    > download.file("http://http.us.debian.org/debian/dists/jessie/Release.gpg", sig)
    trying URL 'http://http.us.debian.org/debian/dists/jessie/Release.gpg'
    Content type 'unknown' length 2434 bytes
    ==================================================
    downloaded 2434 bytes
    
    > gpg_verify(sig, msg, error = FALSE)
    Error: GnuPG detached verification error: General error
    Execution halted
Flavor: r-devel-linux-x86_64-fedora-clang

Version: 0.5
Check: examples
Result: ERROR
    Running examples in ‘gpg-Ex.R’ failed
    The error most likely occurred in:
    
    > ### Name: gpg_sign
    > ### Title: PGP Signatures
    > ### Aliases: gpg_sign gpg_verify gpg gpg_sign
    >
    > ### ** Examples
    >
    > # This requires you have the Debian master key in your keyring
    > msg <- tempfile()
    > sig <- tempfile()
    > download.file("http://http.us.debian.org/debian/dists/jessie/Release", msg)
    trying URL 'http://http.us.debian.org/debian/dists/jessie/Release'
    Content type 'application/octet-stream' length 148406 bytes (144 KB)
    ==================================================
    downloaded 144 KB
    
    > download.file("http://http.us.debian.org/debian/dists/jessie/Release.gpg", sig)
    trying URL 'http://http.us.debian.org/debian/dists/jessie/Release.gpg'
    Content type 'application/octet-stream' length 2434 bytes
    ==================================================
    downloaded 2434 bytes
    
    > gpg_verify(sig, msg, error = FALSE)
    Error: GnuPG detached verification error: General error
    Execution halted
Flavor: r-devel-linux-x86_64-fedora-gcc