CRAN Package Check Results for Package gphmm

Last updated on 2018-05-28 01:46:36 CEST.

Flavor Version Tinstall Tcheck Ttotal Status Flags
r-devel-linux-x86_64-debian-clang 0.99.0 21.16 262.49 283.65 OK
r-devel-linux-x86_64-debian-gcc 0.99.0 19.74 216.24 235.98 WARN
r-devel-linux-x86_64-fedora-clang 0.99.0 370.01 OK
r-devel-linux-x86_64-fedora-gcc 0.99.0 366.97 WARN
r-devel-windows-ix86+x86_64 0.99.0 48.00 344.00 392.00 WARN
r-patched-linux-x86_64 0.99.0 21.42 239.76 261.18 WARN
r-patched-solaris-x86 0.99.0 429.50 OK
r-release-linux-x86_64 0.99.0 20.09 251.88 271.97 WARN
r-release-windows-ix86+x86_64 0.99.0 54.00 269.00 323.00 WARN
r-release-osx-x86_64 0.99.0 OK
r-oldrel-windows-ix86+x86_64 0.99.0 48.00 279.00 327.00 OK
r-oldrel-osx-x86_64 0.99.0 OK

Check Details

Version: 0.99.0
Check: whether package can be installed
Result: WARN
    Found the following significant warnings:
     calculategphmm.cpp:217:13: warning: suggest parentheses around comparison in operand of ‘&’ [-Wparentheses]
Flavors: r-devel-linux-x86_64-debian-gcc, r-devel-linux-x86_64-fedora-gcc, r-devel-windows-ix86+x86_64, r-patched-linux-x86_64, r-release-linux-x86_64, r-release-windows-ix86+x86_64