CRAN Package Check Results for Package gphmm

Last updated on 2018-02-25 05:47:26 CET.

Flavor Version Tinstall Tcheck Ttotal Status Flags
r-devel-linux-x86_64-debian-clang 0.99.0 19.06 243.62 262.68 OK
r-devel-linux-x86_64-debian-gcc 0.99.0 14.41 188.00 202.41 OK
r-devel-windows-ix86+x86_64 0.99.0 51.00 345.00 396.00 OK
r-patched-linux-x86_64 0.99.0 17.69 239.46 257.15 OK
r-patched-solaris-x86 0.99.0 397.80 OK
r-release-linux-x86_64 0.99.0 18.84 243.12 261.96 OK
r-release-windows-ix86+x86_64 0.99.0 54.00 363.00 417.00 OK
r-release-osx-x86_64 0.99.0 ERROR
r-oldrel-windows-ix86+x86_64 0.99.0 41.00 292.00 333.00 OK
r-oldrel-osx-x86_64 0.99.0 OK

Check Details

Version: 0.99.0
Check: package dependencies
Result: ERROR
    Package required but not available: ‘Biostrings’
    
    See section ‘The DESCRIPTION file’ in the ‘Writing R Extensions’
    manual.
Flavor: r-release-osx-x86_64