CRAN Package Check Results for Package gppm

Last updated on 2021-05-08 11:50:26 CEST.

Flavor Version Tinstall Tcheck Ttotal Status Flags
r-devel-linux-x86_64-debian-clang 0.2.0 9.43 283.95 293.38 OK
r-devel-linux-x86_64-debian-gcc 0.2.0 7.23 201.39 208.62 OK
r-devel-linux-x86_64-fedora-clang 0.2.0 333.27 OK
r-devel-linux-x86_64-fedora-gcc 0.2.0 338.82 OK
r-devel-windows-ix86+x86_64 0.2.0 36.00 206.00 242.00 ERROR
r-devel-windows-x86_64-gcc10-UCRT 0.2.0 ERROR
r-patched-linux-x86_64 0.2.0 10.77 258.91 269.68 OK
r-patched-solaris-x86 0.2.0 310.80 OK
r-release-linux-x86_64 0.2.0 8.22 255.69 263.91 OK
r-release-macos-x86_64 0.2.0 OK
r-release-windows-ix86+x86_64 0.2.0 21.00 164.00 185.00 ERROR
r-oldrel-macos-x86_64 0.2.0 OK
r-oldrel-windows-ix86+x86_64 0.2.0 23.00 196.00 219.00 ERROR

Check Details

Version: 0.2.0
Check: tests
Result: ERROR
     Running 'testthat.R' [88s]
    Running the tests in 'tests/testthat.R' failed.
    Complete output:
     > Sys.setenv("R_TESTS" = "")
     > library(testthat)
     > library(gppm)
     Loading required package: Rcpp
     >
     > test_check("gppm")
     make cmd is
     make -f "D:/RCompile/recent/R/etc/x64/Makeconf" -f "D:/RCompile/recent/R/etc/x64/Makevars.site" -f "D:/RCompile/recent/R/share/make/winshlib.mk" CXX='$(CXX14) $(CXX14STD)' CXXFLAGS='$(CXX14FLAGS)' CXXPICFLAGS='$(CXX14PICFLAGS)' SHLIB_LDFLAGS='$(SHLIB_CXX14LDFLAGS)' SHLIB_LD='$(SHLIB_CXX14LD)' SHLIB="file7e04215f6b2d.dll" WIN=64 TCLBIN=64 OBJECTS="file7e04215f6b2d.o"
    
     make would use
     make[1]: Entering directory '/d/temp/RtmpKOoPyC'
     if test "zfile7e04215f6b2d.o" != "z"; then \
     if test -e "file7e04215f6b2d-win.def"; then \
     echo d:/Compiler/rtools40/mingw64/bin/g++ -shared -s -static-libgcc -o file7e04215f6b2d.dll file7e04215f6b2d-win.def file7e04215f6b2d.o -L"d:/Compiler/gcc-4.9.3/local330/lib/x64" -L"d:/Compiler/gcc-4.9.3/local330/lib" -L"D:/RCompile/recent/R/bin/x64" -lR ; \
     d:/Compiler/rtools40/mingw64/bin/g++ -shared -s -static-libgcc -o file7e04215f6b2d.dll file7e04215f6b2d-win.def file7e04215f6b2d.o -L"d:/Compiler/gcc-4.9.3/local330/lib/x64" -L"d:/Compiler/gcc-4.9.3/local330/lib" -L"D:/RCompile/recent/R/bin/x64" -lR ; \
     else \
     echo EXPORTS > tmp.def; \
     d:/Compiler/rtools40/mingw64/bin/nm file7e04215f6b2d.o | sed -n 's/^.* [BCDRT] / /p' | sed -e '/[.]refptr[.]/d' -e '/[.]weak[.]/d' | sed 's/[^ ][^ ]*/"&"/g' >> tmp.def; \
     echo d:/Compiler/rtools40/mingw64/bin/g++ -shared -s -static-libgcc -o file7e04215f6b2d.dll tmp.def file7e04215f6b2d.o -L"d:/Compiler/gcc-4.9.3/local330/lib/x64" -L"d:/Compiler/gcc-4.9.3/local330/lib" -L"D:/RCompile/recent/R/bin/x64" -lR ; \
     d:/Compiler/rtools40/mingw64/bin/g++ -shared -s -static-libgcc -o file7e04215f6b2d.dll tmp.def file7e04215f6b2d.o -L"d:/Compiler/gcc-4.9.3/local330/lib/x64" -L"d:/Compiler/gcc-4.9.3/local330/lib" -L"D:/RCompile/recent/R/bin/x64" -lR ; \
     rm -f tmp.def; \
     fi \
     fi
     make[1]: Leaving directory '/d/temp/RtmpKOoPyC'
     Error in compileCode(f, code, language = language, verbose = verbose) :
     D:/Compiler/rtools40/mingw64/bin/../lib/gcc/x86_64-w64-mingw32/8.3.0/../../../../x86_64-w64-mingw32/bin/ld.exe: file7e04215f6b2d.o:file7e04215f6b2d.cpp:(.text$_ZN3tbb8internal26task_scheduler_observer_v3D1Ev[_ZN3tbb8internal26task_scheduler_observer_v3D1Ev]+0x14): undefined reference to `tbb::internal::task_scheduler_observer_v3::observe(bool)'D:/Compiler/rtools40/mingw64/bin/../lib/gcc/x86_64-w64-mingw32/8.3.0/../../../../x86_64-w64-mingw32/bin/ld.exe: file7e04215f6b2d.o:file7e04215f6b2d.cpp:(.text$_ZN3tbb8internal26task_scheduler_observer_v3D0Ev[_ZN3tbb8internal26task_scheduler_observer_v3D0Ev]+0x1c): undefined reference to `tbb::internal::task_scheduler_observer_v3::observe(bool)'D:/Compiler/rtools40/mingw64/bin/../lib/gcc/x86_64-w64-mingw32/8.3.0/../../../../x86_64-w64-mingw32/bin/ld.exe: file7e04215f6b2d.o:file7e04215f6b2d.cpp:(.text$_ZN3tbb10interface623task_scheduler_observerD0Ev[_ZN3tbb10interface623task_scheduler_observerD0Ev]+0x1c): undefined reference to `tbb::inter
     Calls: test_check ... <Anonymous> -> <Anonymous> -> force -> cxxfunction -> compileCode
     Error in sink(type = "output") : invalid connection
     Calls: test_check ... withVisible -> <Anonymous> -> cxxfunctionplus -> sink
     Execution halted
Flavor: r-devel-windows-ix86+x86_64

Version: 0.2.0
Check: tests
Result: ERROR
     Running 'testthat.R'
    Running the tests in 'tests/testthat.R' failed.
    Last 13 lines of output:
     g++ -shared -s -static-libgcc -o filebeb45b2f2b6c.dll filebeb45b2f2b6c-win.def filebeb45b2f2b6c.o -L"/c/msys64/home/tomas/ucrt3/svn/ucrt3/r_packages/x86_64-w64-mingw32.static.posix/lib/x64" -L"/c/msys64/home/tomas/ucrt3/svn/ucrt3/r_packages/x86_64-w64-mingw32.static.posix/lib" -L"C:/msys64/home/tomas/ucrt3/svn/ucrt3/R_PACK~1/rinst/bin/x64" -lR ; \
     else \
     echo EXPORTS > tmp.def; \
     nm filebeb45b2f2b6c.o | sed -n 's/^.* [BCDRT] / /p' | sed -e '/[.]refptr[.]/d' -e '/[.]weak[.]/d' | sed 's/[^ ][^ ]*/"&"/g' >> tmp.def; \
     echo g++ -shared -s -static-libgcc -o filebeb45b2f2b6c.dll tmp.def filebeb45b2f2b6c.o -L"/c/msys64/home/tomas/ucrt3/svn/ucrt3/r_packages/x86_64-w64-mingw32.static.posix/lib/x64" -L"/c/msys64/home/tomas/ucrt3/svn/ucrt3/r_packages/x86_64-w64-mingw32.static.posix/lib" -L"C:/msys64/home/tomas/ucrt3/svn/ucrt3/R_PACK~1/rinst/bin/x64" -lR ; \
     g++ -shared -s -static-libgcc -o filebeb45b2f2b6c.dll tmp.def filebeb45b2f2b6c.o -L"/c/msys64/home/tomas/ucrt3/svn/ucrt3/r_packages/x86_64-w64-mingw32.static.posix/lib/x64" -L"/c/msys64/home/tomas/ucrt3/svn/ucrt3/r_packages/x86_64-w64-mingw32.static.posix/lib" -L"C:/msys64/home/tomas/ucrt3/svn/ucrt3/R_PACK~1/rinst/bin/x64" -lR ; \
     rm -f tmp.def; \
     fi \
     fi
     Error in compileCode(f, code, language = language, verbose = verbose) :
     ld: filebeb45b2f2b6c.o:filebeb45b2f2b6c.cpp:(.text$_ZN3tbb8internal26task_scheduler_observer_v3D1Ev[_ZN3tbb8internal26task_scheduler_observer_v3D1Ev]+0x18): undefined reference to `tbb::internal::task_scheduler_observer_v3::observe(bool)'ld: filebeb45b2f2b6c.o:filebeb45b2f2b6c.cpp:(.text.startup+0x84ee): undefined reference to `tbb::internal::task_scheduler_observer_v3::observe(bool)'ld: filebeb45b2f2b6c.o:filebeb45b2f2b6c.cpp:(.text.startup+0x8d1a): undefined reference to `tbb::internal::task_scheduler_observer_v3::observe(bool)'ld: filebeb45b2f2b6c.o:filebeb45b2f2b6c.cpp:(.text.startup+0x8d40): undefined reference to `tbb::internal::task_scheduler_observer_v3::observe(bool)'ld: filebeb45b2f2b6c.o:filebeb45b2f2b6c.cpp:(.text$_ZN3tbb8internal26task_scheduler_observer_v3D0Ev[_ZN3tbb8internal26task_scheduler_observer_v3D0Ev]+0x1d): undefined reference to `tbb::internal::task_scheduler_observer_v3::observe(bool)'ld: filebeb45b2f2b6c.o:filebeb45b2f2b6c.cpp:(.text$_ZN3tbb10interfac
     Calls: test_check ... <Anonymous> -> <Anonymous> -> force -> cxxfunction -> compileCode
     Error in sink(type = "output") : invalid connection
     Calls: test_check ... withVisible -> <Anonymous> -> cxxfunctionplus -> sink
     Execution halted
Flavor: r-devel-windows-x86_64-gcc10-UCRT

Version: 0.2.0
Check: tests
Result: ERROR
     Running 'testthat.R' [67s]
    Running the tests in 'tests/testthat.R' failed.
    Complete output:
     > Sys.setenv("R_TESTS" = "")
     > library(testthat)
     > library(gppm)
     Loading required package: Rcpp
     >
     > test_check("gppm")
     make cmd is
     make -f "D:/RCompile/recent/R-40~1.5/etc/x64/Makeconf" -f "D:/RCompile/recent/R-40~1.5/etc/x64/Makevars.site" -f "D:/RCompile/recent/R-40~1.5/share/make/winshlib.mk" CXX='$(CXX14) $(CXX14STD)' CXXFLAGS='$(CXX14FLAGS)' CXXPICFLAGS='$(CXX14PICFLAGS)' SHLIB_LDFLAGS='$(SHLIB_CXX14LDFLAGS)' SHLIB_LD='$(SHLIB_CXX14LD)' SHLIB="file544c58505d83.dll" WIN=64 TCLBIN=64 OBJECTS="file544c58505d83.o"
    
     make would use
     make[1]: Entering directory '/d/temp/Rtmp25SjAM'
     if test "zfile544c58505d83.o" != "z"; then \
     if test -e "file544c58505d83-win.def"; then \
     echo d:/Compiler/rtools40/mingw64/bin/g++ -shared -s -static-libgcc -o file544c58505d83.dll file544c58505d83-win.def file544c58505d83.o -L"d:/Compiler/gcc-4.9.3/local330/lib/x64" -L"d:/Compiler/gcc-4.9.3/local330/lib" -L"D:/RCompile/recent/R-40~1.5/bin/x64" -lR ; \
     d:/Compiler/rtools40/mingw64/bin/g++ -shared -s -static-libgcc -o file544c58505d83.dll file544c58505d83-win.def file544c58505d83.o -L"d:/Compiler/gcc-4.9.3/local330/lib/x64" -L"d:/Compiler/gcc-4.9.3/local330/lib" -L"D:/RCompile/recent/R-40~1.5/bin/x64" -lR ; \
     else \
     echo EXPORTS > tmp.def; \
     d:/Compiler/rtools40/mingw64/bin/nm file544c58505d83.o | sed -n 's/^.* [BCDRT] / /p' | sed -e '/[.]refptr[.]/d' -e '/[.]weak[.]/d' | sed 's/[^ ][^ ]*/"&"/g' >> tmp.def; \
     echo d:/Compiler/rtools40/mingw64/bin/g++ -shared -s -static-libgcc -o file544c58505d83.dll tmp.def file544c58505d83.o -L"d:/Compiler/gcc-4.9.3/local330/lib/x64" -L"d:/Compiler/gcc-4.9.3/local330/lib" -L"D:/RCompile/recent/R-40~1.5/bin/x64" -lR ; \
     d:/Compiler/rtools40/mingw64/bin/g++ -shared -s -static-libgcc -o file544c58505d83.dll tmp.def file544c58505d83.o -L"d:/Compiler/gcc-4.9.3/local330/lib/x64" -L"d:/Compiler/gcc-4.9.3/local330/lib" -L"D:/RCompile/recent/R-40~1.5/bin/x64" -lR ; \
     rm -f tmp.def; \
     fi \
     fi
     make[1]: Leaving directory '/d/temp/Rtmp25SjAM'
     Error in compileCode(f, code, language = language, verbose = verbose) :
     D:/Compiler/rtools40/mingw64/bin/../lib/gcc/x86_64-w64-mingw32/8.3.0/../../../../x86_64-w64-mingw32/bin/ld.exe: file544c58505d83.o:file544c58505d83.cpp:(.text$_ZN3tbb8internal26task_scheduler_observer_v3D1Ev[_ZN3tbb8internal26task_scheduler_observer_v3D1Ev]+0x14): undefined reference to `tbb::internal::task_scheduler_observer_v3::observe(bool)'D:/Compiler/rtools40/mingw64/bin/../lib/gcc/x86_64-w64-mingw32/8.3.0/../../../../x86_64-w64-mingw32/bin/ld.exe: file544c58505d83.o:file544c58505d83.cpp:(.text$_ZN3tbb8internal26task_scheduler_observer_v3D0Ev[_ZN3tbb8internal26task_scheduler_observer_v3D0Ev]+0x1c): undefined reference to `tbb::internal::task_scheduler_observer_v3::observe(bool)'D:/Compiler/rtools40/mingw64/bin/../lib/gcc/x86_64-w64-mingw32/8.3.0/../../../../x86_64-w64-mingw32/bin/ld.exe: file544c58505d83.o:file544c58505d83.cpp:(.text$_ZN3tbb10interface623task_scheduler_observerD0Ev[_ZN3tbb10interface623task_scheduler_observerD0Ev]+0x1c): undefined reference to `tbb::inte
     Calls: test_check ... <Anonymous> -> <Anonymous> -> force -> cxxfunction -> compileCode
     Error in sink(type = "output") : invalid connection
     Calls: test_check ... eval -> eval -> <Anonymous> -> cxxfunctionplus -> sink
     Execution halted
Flavor: r-release-windows-ix86+x86_64

Version: 0.2.0
Check: tests
Result: ERROR
     Running 'testthat.R' [85s]
    Running the tests in 'tests/testthat.R' failed.
    Complete output:
     > Sys.setenv("R_TESTS" = "")
     > library(testthat)
     > library(gppm)
     Loading required package: Rcpp
     >
     > test_check("gppm")
     make cmd is
     make -f "D:/RCompile/recent/R-36~1.3/etc/x64/Makeconf" -f "D:/RCompile/recent/R-36~1.3/etc/x64/Makevars.site" -f "D:/RCompile/recent/R-36~1.3/share/make/winshlib.mk" CXX='$(CXX11) $(CXX11STD)' CXXFLAGS='$(CXX11FLAGS)' CXXPICFLAGS='$(CXX11PICFLAGS)' SHLIB_LDFLAGS='$(SHLIB_CXX11LDFLAGS)' SHLIB_LD='$(SHLIB_CXX11LD)' SHLIB="file12bd848314d66.dll" WIN=64 TCLBIN=64 OBJECTS="file12bd848314d66.o"
    
     make would use
     make[1]: Entering directory `/cygdrive/d/temp/Rtmpmwouww'
     if test "zfile12bd848314d66.o" != "z"; then \
     if test -e "file12bd848314d66-win.def"; then \
     echo d:/Compiler/gcc-4.9.3/mingw_64/bin/g++ -m64 -shared -s -static-libgcc -o file12bd848314d66.dll file12bd848314d66-win.def file12bd848314d66.o -L"d:/Compiler/gcc-4.9.3/local330/lib/x64" -L"d:/Compiler/gcc-4.9.3/local330/lib" -L"D:/RCompile/recent/R-36~1.3/bin/x64" -lR ; \
     d:/Compiler/gcc-4.9.3/mingw_64/bin/g++ -m64 -shared -s -static-libgcc -o file12bd848314d66.dll file12bd848314d66-win.def file12bd848314d66.o -L"d:/Compiler/gcc-4.9.3/local330/lib/x64" -L"d:/Compiler/gcc-4.9.3/local330/lib" -L"D:/RCompile/recent/R-36~1.3/bin/x64" -lR ; \
     else \
     echo EXPORTS > tmp.def; \
     d:/Compiler/gcc-4.9.3/mingw_64/bin/nm file12bd848314d66.o | sed -n 's/^.* [BCDRT] / /p' | sed -e '/[.]refptr[.]/d' -e '/[.]weak[.]/d' | sed 's/[^ ][^ ]*/"&"/g' >> tmp.def; \
     echo d:/Compiler/gcc-4.9.3/mingw_64/bin/g++ -m64 -shared -s -static-libgcc -o file12bd848314d66.dll tmp.def file12bd848314d66.o -L"d:/Compiler/gcc-4.9.3/local330/lib/x64" -L"d:/Compiler/gcc-4.9.3/local330/lib" -L"D:/RCompile/recent/R-36~1.3/bin/x64" -lR ; \
     d:/Compiler/gcc-4.9.3/mingw_64/bin/g++ -m64 -shared -s -static-libgcc -o file12bd848314d66.dll tmp.def file12bd848314d66.o -L"d:/Compiler/gcc-4.9.3/local330/lib/x64" -L"d:/Compiler/gcc-4.9.3/local330/lib" -L"D:/RCompile/recent/R-36~1.3/bin/x64" -lR ; \
     rm -f tmp.def; \
     fi \
     fi
     make[1]: Leaving directory `/cygdrive/d/temp/Rtmpmwouww'
     Error in compileCode(f, code, language = language, verbose = verbose) :
     file12bd848314d66.o:file12bd848314d66.cpp:(.text$_ZN3tbb8internal26task_scheduler_observer_v3D1Ev[_ZN3tbb8internal26task_scheduler_observer_v3D1Ev]+0x14): undefined reference to `tbb::internal::task_scheduler_observer_v3::observe(bool)'file12bd848314d66.o:file12bd848314d66.cpp:(.text$_ZN3tbb8internal26task_scheduler_observer_v3D0Ev[_ZN3tbb8internal26task_scheduler_observer_v3D0Ev]+0x1c): undefined reference to `tbb::internal::task_scheduler_observer_v3::observe(bool)'file12bd848314d66.o:file12bd848314d66.cpp:(.text$_ZN3tbb10interface623task_scheduler_observerD1Ev[_ZN3tbb10interface623task_scheduler_observerD1Ev]+0x1c): undefined reference to `tbb::internal::task_scheduler_observer_v3::observe(bool)'file12bd848314d66.o:file12bd848314d66.cpp:(.text$_ZN3tbb10interface623task_scheduler_observerD1Ev[_ZN3tbb10interface623task_scheduler_observerD1Ev]+0x3e): undefined reference to `tbb::internal::task_scheduler_observer_v3::observe(bool)'file12bd848314d66.o:file12bd848314d66.cpp:(.te
     Calls: test_check ... <Anonymous> -> <Anonymous> -> force -> cxxfunction -> compileCode
     Error in sink(type = "output") : invalid connection
     Calls: test_check ... eval -> eval -> <Anonymous> -> cxxfunctionplus -> sink
     Execution halted
Flavor: r-oldrel-windows-ix86+x86_64