CRAN Package Check Results for Package gprofiler2

Last updated on 2020-02-27 17:50:57 CET.

Flavor Version Tinstall Tcheck Ttotal Status Flags
r-devel-linux-x86_64-debian-clang 0.1.8 8.25 69.91 78.16 OK
r-devel-linux-x86_64-debian-gcc 0.1.8 6.30 56.79 63.09 OK
r-devel-linux-x86_64-fedora-clang 0.1.8 89.33 OK
r-devel-linux-x86_64-fedora-gcc 0.1.8 87.05 OK
r-devel-windows-ix86+x86_64 0.1.8 18.00 104.00 122.00 OK
r-devel-windows-ix86+x86_64-gcc8 0.1.8 18.00 109.00 127.00 OK
r-patched-linux-x86_64 0.1.8 6.48 62.35 68.83 OK
r-patched-solaris-x86 0.1.8 103.70 WARN
r-release-linux-x86_64 0.1.8 6.40 62.60 69.00 OK
r-release-windows-ix86+x86_64 0.1.8 15.00 100.00 115.00 OK
r-release-osx-x86_64 0.1.8 WARN
r-oldrel-windows-ix86+x86_64 0.1.8 10.00 106.00 116.00 OK
r-oldrel-osx-x86_64 0.1.8 WARN

Check Details

Version: 0.1.8
Check: re-building of vignette outputs
Result: WARN
    Error(s) in re-building vignettes:
     ...
    --- re-building ‘gprofiler2.Rmd’ using rmarkdown
    Warning in engine$weave(file, quiet = quiet, encoding = enc) :
     Pandoc (>= 1.12.3) and/or pandoc-citeproc not available. Falling back to R Markdown v1.
    Quitting from lines 239-240 (gprofiler2.Rmd)
    Error: processing vignette 'gprofiler2.Rmd' failed with diagnostics:
    there is no package called 'webshot'
    --- failed re-building ‘gprofiler2.Rmd’
    
    SUMMARY: processing the following file failed:
     ‘gprofiler2.Rmd’
    
    Error: Vignette re-building failed.
    Execution halted
Flavor: r-patched-solaris-x86

Version: 0.1.8
Check: re-building of vignette outputs
Result: WARN
    Error(s) in re-building vignettes:
     ...
    --- re-building ‘gprofiler2.Rmd’ using rmarkdown
    Warning in engine$weave(file, quiet = quiet, encoding = enc) :
     Pandoc (>= 1.12.3) and/or pandoc-citeproc not available. Falling back to R Markdown v1.
    Quitting from lines 239-240 (gprofiler2.Rmd)
    Error: processing vignette 'gprofiler2.Rmd' failed with diagnostics:
    cannot open the connection
    --- failed re-building ‘gprofiler2.Rmd’
    
    SUMMARY: processing the following file failed:
     ‘gprofiler2.Rmd’
    
    Error: Vignette re-building failed.
    Execution halted
Flavor: r-release-osx-x86_64

Version: 0.1.8
Check: re-building of vignette outputs
Result: WARN
    Error in re-building vignettes:
     ...
    Warning in engine$weave(file, quiet = quiet, encoding = enc) :
     Pandoc (>= 1.12.3) and/or pandoc-citeproc not available. Falling back to R Markdown v1.
    Quitting from lines 239-240 (gprofiler2.Rmd)
    Error: processing vignette 'gprofiler2.Rmd' failed with diagnostics:
    cannot open the connection
    Execution halted
Flavor: r-oldrel-osx-x86_64