CRAN Package Check Results for Package gpuR

Last updated on 2018-05-27 12:47:58 CEST.

Flavor Version Tinstall Tcheck Ttotal Status Flags
r-devel-linux-x86_64-debian-clang 2.0.0 791.78 47.76 839.54 OK --no-tests
r-devel-linux-x86_64-debian-gcc 2.0.0 642.11 40.46 682.57 OK --no-tests
r-patched-linux-x86_64 2.0.0 736.12 43.68 779.80 OK --no-tests
r-release-linux-x86_64 2.0.0 751.28 43.69 794.97 OK --no-tests
r-release-windows-ix86+x86_64 2.0.0 1360.00 5.00 1365.00 ERROR
r-release-osx-x86_64 2.0.0 FAIL
r-oldrel-osx-x86_64 2.0.0 ERROR

Check Details

Version: 2.0.0
Check: whether package can be installed
Result: ERROR
    Installation failed.
Flavor: r-release-windows-ix86+x86_64

Version: 2.0.0
Check: installed package size
Result: NOTE
     installed size is 44.3Mb
     sub-directories of 1Mb or more:
     libs 41.7Mb
Flavors: r-release-osx-x86_64, r-oldrel-osx-x86_64

Version: 2.0.0
Check: index information
Result: FAIL
    
Flavor: r-release-osx-x86_64

Version: 2.0.0
Check: tests
Result: ERROR
     Running ‘testthat.R’ [64s/72s]
    Running the tests in ‘tests/testthat.R’ failed.
    Last 13 lines of output:
     ══ testthat results ═══════════════════════════════════════════════════════════
     OK: 3134 SKIPPED: 327 FAILED: 19
     1. Error: CPU vclMatrix integer scalar initializers (@test_cpu_vclMatrix_classes.R#148)
     2. Failure: CPU vclMatrix Double Precision Matrix Element-Wise Logs (@test_cpu_vclMatrtix_math.R#159)
     3. Error: Non-Shared memory between vclMatrix & vclVector (@test_shared_memory.R#53)
     4. Error: Switching GPUs vclMatrix Double Precision Matrix Multiplication (@test_switch_gpu_vclMatrix_algebra.R#480)
     5. Error: Switching GPUs vclMatrix Double Precision Matrix Subtraction (@test_switch_gpu_vclMatrix_algebra.R#507)
     6. Error: Switching GPUs vclMatrix Double Precision Scalar Matrix Subtraction (@test_switch_gpu_vclMatrix_algebra.R#535)
     7. Error: Switching GPUs vclMatrix Double Precision Unary Scalar Matrix Subtraction (@test_switch_gpu_vclMatrix_algebra.R#567)
     8. Error: Switching GPUs vclMatrix Double Precision Matrix Addition (@test_switch_gpu_vclMatrix_algebra.R#593)
     9. Error: Switching GPUs vclMatrix Double Precision Scalar Matrix Addition (@test_switch_gpu_vclMatrix_algebra.R#621)
     1. ...
    
     Error: testthat unit tests failed
     Execution halted
Flavor: r-oldrel-osx-x86_64