CRAN Package Check Results for Package gpuR

Last updated on 2018-02-24 04:48:34 CET.

Flavor Version Tinstall Tcheck Ttotal Status Flags
r-devel-linux-x86_64-debian-clang 2.0.0 770.99 41.49 812.48 OK --no-tests
r-devel-linux-x86_64-debian-gcc 2.0.0 628.02 36.56 664.58 OK --no-tests
r-devel-windows-ix86+x86_64 2.0.0 1360.00 5.00 1365.00 ERROR
r-patched-linux-x86_64 2.0.0 726.00 41.73 767.73 OK --no-tests
r-release-linux-x86_64 2.0.0 745.67 42.26 787.93 OK --no-tests
r-release-osx-x86_64 2.0.0 ERROR
r-oldrel-windows-ix86+x86_64 1.1.2 1.00 4.00 5.00 ERROR
r-oldrel-osx-x86_64 2.0.0 ERROR

Check Details

Version: 2.0.0
Check: whether package can be installed
Result: ERROR
    Installation failed.
Flavor: r-devel-windows-ix86+x86_64

Version: 2.0.0
Check: installed package size
Result: NOTE
     installed size is 41.6Mb
     sub-directories of 1Mb or more:
     libs 39.4Mb
Flavors: r-release-osx-x86_64, r-oldrel-osx-x86_64

Version: 2.0.0
Check: tests
Result: ERROR
     Running ‘testthat.R’ [53s/61s]
    Running the tests in ‘tests/testthat.R’ failed.
    Last 13 lines of output:
     ^
     file1650d6110bf83.cpp:70:14: warning: unused variable 'B_size2' [-Wunused-variable]
     unsigned int B_size2 = vcl_B->size2();
     ^
     file1650d6110bf83.cpp:74:14: warning: unused variable 'C_size2' [-Wunused-variable]
     unsigned int C_size2 = vcl_C->size2();
     ^
     24 warnings generated.
     ══ testthat results ═══════════════════════════════════════════════════════════
     OK: 2125 SKIPPED: 595 FAILED: 2
     1. Error: CPU vclMatrix integer scalar initializers (@test_cpu_vclMatrix_classes.R#148)
     2. Failure: CPU vclMatrix Double Precision Matrix Element-Wise Logs (@test_cpu_vclMatrtix_math.R#159)
    
     Error: testthat unit tests failed
     Execution halted
Flavor: r-release-osx-x86_64

Version: 1.1.2
Check: whether package can be installed
Result: ERROR
    Installation failed.
Flavor: r-oldrel-windows-ix86+x86_64

Version: 2.0.0
Check: tests
Result: ERROR
    Running the tests in ‘tests/testthat.R’ failed.
    Last 13 lines of output:
     1. Error: CPU vclMatrix integer scalar initializers (@test_cpu_vclMatrix_classes.R#148)
     2. Failure: gpuVector Single Precision Element-Wise Logs (@test_gpuVector_math.R#140)
     3. Error: Non-Shared memory between vclMatrix & vclVector (@test_shared_memory.R#53)
     4. Error: Switching GPUs vclMatrix Double Precision Matrix Multiplication (@test_switch_gpu_vclMatrix_algebra.R#480)
     5. Error: Switching GPUs vclMatrix Double Precision Matrix Subtraction (@test_switch_gpu_vclMatrix_algebra.R#507)
     6. Error: Switching GPUs vclMatrix Double Precision Scalar Matrix Subtraction (@test_switch_gpu_vclMatrix_algebra.R#535)
     7. Error: Switching GPUs vclMatrix Double Precision Unary Scalar Matrix Subtraction (@test_switch_gpu_vclMatrix_algebra.R#567)
     8. Error: Switching GPUs vclMatrix Double Precision Matrix Addition (@test_switch_gpu_vclMatrix_algebra.R#593)
     9. Error: Switching GPUs vclMatrix Double Precision Scalar Matrix Addition (@test_switch_gpu_vclMatrix_algebra.R#621)
     1. ...
    
     Error: testthat unit tests failed
     Execution halted
Flavor: r-oldrel-osx-x86_64