CRAN Package Check Results for Package gpuR

Last updated on 2018-08-16 12:50:13 CEST.

Flavor Version Tinstall Tcheck Ttotal Status Flags
r-devel-linux-x86_64-debian-clang 2.0.0 789.86 48.54 838.40 OK --no-tests
r-devel-linux-x86_64-debian-gcc 2.0.0 737.87 41.91 779.78 OK --no-tests
r-patched-linux-x86_64 2.0.0 828.10 43.72 871.82 OK --no-tests
r-release-linux-x86_64 2.0.0 847.18 43.77 890.95 OK --no-tests
r-release-windows-ix86+x86_64 2.0.0 1360.00 5.00 1365.00 ERROR
r-release-osx-x86_64 2.0.0 FAIL
r-oldrel-osx-x86_64 2.0.0 FAIL

Check Details

Version: 2.0.0
Check: whether package can be installed
Result: ERROR
    Installation failed.
Flavor: r-release-windows-ix86+x86_64

Version: 2.0.0
Check: installed package size
Result: NOTE
     installed size is 44.3Mb
     sub-directories of 1Mb or more:
     libs 41.7Mb
Flavor: r-release-osx-x86_64

Version: 2.0.0
Check: index information
Result: FAIL
    
Flavor: r-release-osx-x86_64

Version: 2.0.0
Check: whether package can be installed
Result: FAIL
    
Flavor: r-oldrel-osx-x86_64