CRAN Package Check Results for Package gramEvol

Last updated on 2024-06-24 17:57:57 CEST.

Flavor Version Tinstall Tcheck Ttotal Status Flags
r-devel-linux-x86_64-debian-clang 2.1-4 3.72 67.28 71.00 OK
r-devel-linux-x86_64-debian-gcc 2.1-4 3.02 49.11 52.13 OK
r-devel-linux-x86_64-fedora-clang 2.1-4 89.22 OK
r-devel-linux-x86_64-fedora-gcc 2.1-4 97.46 OK
r-devel-windows-x86_64 2.1-4 4.00 94.00 98.00 OK
r-patched-linux-x86_64 2.1-4 4.90 63.54 68.44 OK
r-release-linux-x86_64 2.1-4 4.43 64.38 68.81 OK
r-release-macos-arm64 2.1-4 34.00 OK
r-release-macos-x86_64 2.1-4 51.00 WARN
r-release-windows-x86_64 2.1-4 4.00 95.00 99.00 OK
r-oldrel-macos-arm64 2.1-4 33.00 OK
r-oldrel-macos-x86_64 2.1-4 53.00 OK
r-oldrel-windows-x86_64 2.1-4 5.00 89.00 94.00 OK

Check Details

Version: 2.1-4
Check: re-building of vignette outputs
Result: WARN Error(s) in re-building vignettes: ... --- re-building ‘ge-intro.Rnw’ using knitr Error: processing vignette 'ge-intro.Rnw' failed with diagnostics: Running 'texi2dvi' on 'ge-intro.tex' failed. LaTeX errors: ! Undefined control sequence. l.385 \hlkwd{library}\hldef {(}\hlsng{"gramEvol"}\hldef{)} ? ! Emergency stop. ! Emergency stop. l.385 End of file on the terminal! ! ==> Fatal error occurred, no output PDF file produced! --- failed re-building ‘ge-intro.Rnw’ SUMMARY: processing the following file failed: ‘ge-intro.Rnw’ Error: Vignette re-building failed. Execution halted Flavor: r-release-macos-x86_64