CRAN Package Check Results for Package graphTweets

Last updated on 2018-08-19 02:47:48 CEST.

Flavor Version Tinstall Tcheck Ttotal Status Flags
r-devel-linux-x86_64-debian-clang 0.4.3 2.75 34.67 37.42 OK
r-devel-linux-x86_64-debian-gcc 0.4.3 2.20 27.23 29.43 OK
r-devel-linux-x86_64-fedora-clang 0.4.3 43.53 NOTE
r-devel-linux-x86_64-fedora-gcc 0.4.3 41.71 NOTE
r-devel-windows-ix86+x86_64 0.4.3 8.00 76.00 84.00 OK
r-patched-linux-x86_64 0.4.3 1.71 29.67 31.38 OK
r-patched-solaris-x86 0.4.3 63.10 NOTE
r-release-linux-x86_64 0.4.3 1.82 29.95 31.77 OK
r-release-windows-ix86+x86_64 0.4.3 8.00 94.00 102.00 OK
r-release-osx-x86_64 0.4.3 NOTE
r-oldrel-windows-ix86+x86_64 0.4.3 5.00 46.00 51.00 OK
r-oldrel-osx-x86_64 0.4.3 NOTE

Check Details

Version: 0.4.3
Check: dependencies in R code
Result: NOTE
    Namespace in Imports field not imported from: ‘utils’
     All declared Imports should be used.
Flavors: r-devel-linux-x86_64-fedora-clang, r-devel-linux-x86_64-fedora-gcc, r-patched-solaris-x86, r-release-osx-x86_64, r-oldrel-osx-x86_64