CRAN Package Check Results for Package graphTweets

Last updated on 2018-11-18 12:46:23 CET.

Flavor Version Tinstall Tcheck Ttotal Status Flags
r-devel-linux-x86_64-debian-clang 0.5.0 2.64 31.52 34.16 OK
r-devel-linux-x86_64-debian-gcc 0.5.0 2.15 25.96 28.11 OK
r-devel-linux-x86_64-fedora-clang 0.5.0 40.39 NOTE
r-devel-linux-x86_64-fedora-gcc 0.5.0 37.97 NOTE
r-devel-windows-ix86+x86_64 0.5.0 9.00 47.00 56.00 OK
r-patched-linux-x86_64 0.5.0 2.39 29.95 32.34 OK
r-patched-solaris-x86 0.5.0 64.90 NOTE
r-release-linux-x86_64 0.5.0 2.52 30.27 32.79 OK
r-release-windows-ix86+x86_64 0.5.0 10.00 75.00 85.00 OK
r-release-osx-x86_64 0.5.0 NOTE
r-oldrel-windows-ix86+x86_64 0.5.0 6.00 49.00 55.00 OK
r-oldrel-osx-x86_64 0.5.0 NOTE

Check Details

Version: 0.5.0
Check: dependencies in R code
Result: NOTE
    Namespace in Imports field not imported from: ‘utils’
     All declared Imports should be used.
Flavors: r-devel-linux-x86_64-fedora-clang, r-devel-linux-x86_64-fedora-gcc, r-patched-solaris-x86, r-release-osx-x86_64, r-oldrel-osx-x86_64