CRAN Package Check Results for Package grapherator

Last updated on 2018-05-25 20:46:45 CEST.

Flavor Version Tinstall Tcheck Ttotal Status Flags
r-devel-linux-x86_64-debian-clang 1.0.0 7.14 90.12 97.26 OK
r-devel-linux-x86_64-debian-gcc 1.0.0 5.32 71.26 76.58 OK
r-devel-linux-x86_64-fedora-clang 1.0.0 117.72 NOTE
r-devel-linux-x86_64-fedora-gcc 1.0.0 115.19 NOTE
r-devel-windows-ix86+x86_64 1.0.0 14.00 100.00 114.00 OK
r-patched-linux-x86_64 1.0.0 4.56 78.48 83.04 OK
r-patched-solaris-x86 1.0.0 153.00 NOTE
r-release-linux-x86_64 1.0.0 4.88 78.52 83.40 OK
r-release-windows-ix86+x86_64 1.0.0 14.00 127.00 141.00 OK
r-release-osx-x86_64 1.0.0 NOTE
r-oldrel-windows-ix86+x86_64 1.0.0 19.00 96.00 115.00 OK
r-oldrel-osx-x86_64 1.0.0 NOTE

Check Details

Version: 1.0.0
Check: dependencies in R code
Result: NOTE
    Namespace in Imports field not imported from: ‘reshape2’
     All declared Imports should be used.
Flavors: r-devel-linux-x86_64-fedora-clang, r-devel-linux-x86_64-fedora-gcc, r-patched-solaris-x86, r-release-osx-x86_64, r-oldrel-osx-x86_64