CRAN Package Check Results for Package grapherator

Last updated on 2018-10-21 17:54:09 CEST.

Flavor Version Tinstall Tcheck Ttotal Status Flags
r-devel-linux-x86_64-debian-clang 1.0.0 6.92 99.38 106.30 OK
r-devel-linux-x86_64-debian-gcc 1.0.0 6.02 77.43 83.45 OK
r-devel-linux-x86_64-fedora-clang 1.0.0 126.84 NOTE
r-devel-linux-x86_64-fedora-gcc 1.0.0 123.52 NOTE
r-devel-windows-ix86+x86_64 1.0.0 22.00 153.00 175.00 OK
r-patched-linux-x86_64 1.0.0 5.43 82.36 87.79 OK
r-patched-solaris-x86 1.0.0 161.80 NOTE
r-release-linux-x86_64 1.0.0 5.79 83.15 88.94 OK
r-release-windows-ix86+x86_64 1.0.0 19.00 147.00 166.00 OK
r-release-osx-x86_64 1.0.0 NOTE
r-oldrel-windows-ix86+x86_64 1.0.0 10.00 138.00 148.00 OK
r-oldrel-osx-x86_64 1.0.0 NOTE

Check Details

Version: 1.0.0
Check: dependencies in R code
Result: NOTE
    Namespace in Imports field not imported from: ‘reshape2’
     All declared Imports should be used.
Flavors: r-devel-linux-x86_64-fedora-clang, r-devel-linux-x86_64-fedora-gcc, r-patched-solaris-x86, r-release-osx-x86_64, r-oldrel-osx-x86_64