CRAN Package Check Results for Package grapherator

Last updated on 2018-08-18 10:50:31 CEST.

Flavor Version Tinstall Tcheck Ttotal Status Flags
r-devel-linux-x86_64-debian-clang 1.0.0 6.83 97.97 104.80 OK
r-devel-linux-x86_64-debian-gcc 1.0.0 6.23 77.94 84.17 OK
r-devel-linux-x86_64-fedora-clang 1.0.0 122.08 NOTE
r-devel-linux-x86_64-fedora-gcc 1.0.0 118.38 NOTE
r-devel-windows-ix86+x86_64 1.0.0 20.00 152.00 172.00 OK
r-patched-linux-x86_64 1.0.0 5.06 83.61 88.67 OK
r-patched-solaris-x86 1.0.0 162.30 NOTE
r-release-linux-x86_64 1.0.0 5.21 83.43 88.64 OK
r-release-windows-ix86+x86_64 1.0.0 19.00 146.00 165.00 OK
r-release-osx-x86_64 1.0.0 NOTE
r-oldrel-windows-ix86+x86_64 1.0.0 15.00 106.00 121.00 OK
r-oldrel-osx-x86_64 1.0.0 NOTE

Check Details

Version: 1.0.0
Check: dependencies in R code
Result: NOTE
    Namespace in Imports field not imported from: ‘reshape2’
     All declared Imports should be used.
Flavors: r-devel-linux-x86_64-fedora-clang, r-devel-linux-x86_64-fedora-gcc, r-patched-solaris-x86, r-release-osx-x86_64, r-oldrel-osx-x86_64