CRAN Package Check Results for Package grapherator

Last updated on 2019-01-22 00:46:27 CET.

Flavor Version Tinstall Tcheck Ttotal Status Flags
r-devel-linux-x86_64-debian-clang 1.0.0 5.25 97.46 102.71 OK
r-devel-linux-x86_64-debian-gcc 1.0.0 5.19 74.40 79.59 OK
r-devel-linux-x86_64-fedora-clang 1.0.0 120.82 NOTE
r-devel-linux-x86_64-fedora-gcc 1.0.0 112.47 NOTE
r-devel-windows-ix86+x86_64 1.0.0 17.00 148.00 165.00 OK
r-patched-linux-x86_64 1.0.0 6.36 85.29 91.65 OK
r-patched-solaris-x86 1.0.0 163.20 NOTE
r-release-linux-x86_64 1.0.0 5.81 83.55 89.36 OK
r-release-windows-ix86+x86_64 1.0.0 15.00 127.00 142.00 OK
r-release-osx-x86_64 1.0.0 NOTE
r-oldrel-windows-ix86+x86_64 1.0.0 15.00 140.00 155.00 OK
r-oldrel-osx-x86_64 1.0.0 NOTE

Check Details

Version: 1.0.0
Check: dependencies in R code
Result: NOTE
    Namespace in Imports field not imported from: ‘reshape2’
     All declared Imports should be used.
Flavors: r-devel-linux-x86_64-fedora-clang, r-devel-linux-x86_64-fedora-gcc, r-patched-solaris-x86, r-release-osx-x86_64, r-oldrel-osx-x86_64