CRAN Package Check Results for Package graphicalVAR

Last updated on 2018-10-16 09:48:40 CEST.

Flavor Version Tinstall Tcheck Ttotal Status Flags
r-devel-linux-x86_64-debian-clang 0.2.2 34.92 121.81 156.73 NOTE
r-devel-linux-x86_64-debian-gcc 0.2.2 31.31 93.99 125.30 NOTE
r-devel-linux-x86_64-fedora-clang 0.2.2 191.48 NOTE
r-devel-linux-x86_64-fedora-gcc 0.2.2 182.26 NOTE
r-devel-windows-ix86+x86_64 0.2.2 104.00 282.00 386.00 OK
r-patched-linux-x86_64 0.2.2 34.07 97.32 131.39 OK
r-patched-solaris-x86 0.2.2 227.70 OK
r-release-linux-x86_64 0.2.2 33.89 97.65 131.54 OK
r-release-windows-ix86+x86_64 0.2.2 100.00 233.00 333.00 OK
r-release-osx-x86_64 0.2.2 OK
r-oldrel-windows-ix86+x86_64 0.2.2 106.00 177.00 283.00 OK
r-oldrel-osx-x86_64 0.2.2 OK

Check Details

Version: 0.2.2
Check: use of SHLIB_OPENMP_*FLAGS in Makefiles
Result: NOTE
     src/Makevars: SHLIB_OPENMP_CXXFLAGS is included in PKG_CXXFLAGS but not in PKG_LIBS
     src/Makevars: SHLIB_OPENMP_CFLAGS is included in PKG_LIBS but not in PKG_CFLAGS
     src/Makevars.win: SHLIB_OPENMP_CXXFLAGS is included in PKG_CXXFLAGS but not in PKG_LIBS
     src/Makevars.win: SHLIB_OPENMP_CFLAGS is included in PKG_LIBS but not in PKG_CFLAGS
    Use of these macros is discussed in sect 1.2.1.1 of ‘Writing R
    Extensions’. The macros for different languages may differ so the
    matching macro must be used in PKG_CXXFLAGS (etc) and match that used
    in PKG_LIBS (except for F77: see the manual).
Flavors: r-devel-linux-x86_64-debian-clang, r-devel-linux-x86_64-debian-gcc, r-devel-linux-x86_64-fedora-clang, r-devel-linux-x86_64-fedora-gcc