CRAN Package Check Results for Package graphicalVAR

Last updated on 2018-05-26 14:46:31 CEST.

Flavor Version Tinstall Tcheck Ttotal Status Flags
r-devel-linux-x86_64-debian-clang 0.2.1 30.84 115.51 146.35 OK
r-devel-linux-x86_64-debian-gcc 0.2.1 27.42 90.99 118.41 WARN
r-devel-linux-x86_64-fedora-clang 0.2.1 183.40 OK
r-devel-linux-x86_64-fedora-gcc 0.2.1 179.17 WARN
r-devel-windows-ix86+x86_64 0.2.1 67.00 162.00 229.00 WARN
r-patched-linux-x86_64 0.2.1 38.15 95.19 133.34 WARN
r-patched-solaris-x86 0.2.1 223.90 OK
r-release-linux-x86_64 0.2.1 32.08 95.31 127.39 WARN
r-release-windows-ix86+x86_64 0.2.1 89.00 248.00 337.00 WARN
r-release-osx-x86_64 0.2.1 OK
r-oldrel-windows-ix86+x86_64 0.2.1 84.00 139.00 223.00 OK
r-oldrel-osx-x86_64 0.2.1 OK

Check Details

Version: 0.2.1
Check: whether package can be installed
Result: WARN
    Found the following significant warnings:
     Rothmana.cpp:123:15: warning: suggest parentheses around comparison in operand of ‘&’ [-Wparentheses]
Flavors: r-devel-linux-x86_64-debian-gcc, r-devel-linux-x86_64-fedora-gcc, r-devel-windows-ix86+x86_64, r-patched-linux-x86_64, r-release-linux-x86_64, r-release-windows-ix86+x86_64