CRAN Package Check Results for Package graphicalVAR

Last updated on 2018-08-17 13:46:27 CEST.

Flavor Version Tinstall Tcheck Ttotal Status Flags
r-devel-linux-x86_64-debian-clang 0.2.2 31.75 120.23 151.98 OK
r-devel-linux-x86_64-debian-gcc 0.2.2 28.15 93.74 121.89 OK
r-devel-linux-x86_64-fedora-clang 0.2.2 187.19 NOTE
r-devel-linux-x86_64-fedora-gcc 0.2.2 182.87 NOTE
r-devel-windows-ix86+x86_64 0.2.2 100.00 261.00 361.00 OK
r-patched-linux-x86_64 0.2.2 40.05 97.02 137.07 OK
r-patched-solaris-x86 0.2.2 232.00 OK
r-release-linux-x86_64 0.2.2 34.25 98.38 132.63 OK
r-release-windows-ix86+x86_64 0.2.2 102.00 247.00 349.00 OK
r-release-osx-x86_64 0.2.2 OK
r-oldrel-windows-ix86+x86_64 0.2.2 85.00 215.00 300.00 OK
r-oldrel-osx-x86_64 0.2.2 OK

Check Details

Version: 0.2.2
Check: use of SHLIB_OPENMP_*FLAGS in Makefiles
Result: NOTE
     src/Makevars: SHLIB_OPENMP_CXXFLAGS is included in PKG_CXXFLAGS but not in PKG_LIBS
     src/Makevars: SHLIB_OPENMP_CFLAGS is included in PKG_LIBS but not in PKG_CFLAGS
     src/Makevars.win: SHLIB_OPENMP_CXXFLAGS is included in PKG_CXXFLAGS but not in PKG_LIBS
     src/Makevars.win: SHLIB_OPENMP_CFLAGS is included in PKG_LIBS but not in PKG_CFLAGS
    Use of these macros is discussed in sect 1.2.1.1 of ‘Writing R
    Extensions’. The macros for different languages may differ so the
    matching macro must be used in PKG_CXXFLAGS (etc) and match that used
    in PKG_LIBS (except for F77: see the manual).
Flavors: r-devel-linux-x86_64-fedora-clang, r-devel-linux-x86_64-fedora-gcc