CRAN Package Check Results for Package graphicsQC

Last updated on 2019-04-20 12:50:57 CEST.

Flavor Version Tinstall Tcheck Ttotal Status Flags
r-devel-linux-x86_64-debian-clang 1.0-8 3.23 44.66 47.89 NOTE
r-devel-linux-x86_64-debian-gcc 1.0-8 3.81 39.26 43.07 NOTE
r-devel-linux-x86_64-fedora-clang 1.0-8 78.31 OK
r-devel-linux-x86_64-fedora-gcc 1.0-8 68.36 OK
r-devel-windows-ix86+x86_64 1.0-8 6.00 74.00 80.00 NOTE
r-patched-linux-x86_64 1.0-8 3.63 44.67 48.30 NOTE
r-patched-solaris-x86 1.0-8 69.40 NOTE
r-release-linux-x86_64 1.0-8 3.01 42.97 45.98 NOTE
r-release-windows-ix86+x86_64 1.0-8 6.00 70.00 76.00 NOTE
r-release-osx-x86_64 1.0-8 NOTE
r-oldrel-windows-ix86+x86_64 1.0-8 6.00 71.00 77.00 NOTE
r-oldrel-osx-x86_64 1.0-8 NOTE

Check Details

Version: 1.0-8
Check: package dependencies
Result: NOTE
    Package suggested but not available for checking: 'Sxslt'
Flavors: r-devel-linux-x86_64-debian-clang, r-devel-linux-x86_64-debian-gcc, r-devel-windows-ix86+x86_64, r-patched-linux-x86_64, r-patched-solaris-x86, r-release-linux-x86_64, r-release-windows-ix86+x86_64, r-release-osx-x86_64, r-oldrel-windows-ix86+x86_64, r-oldrel-osx-x86_64