CRAN Package Check Results for Package graphicsQC

Last updated on 2019-02-20 21:53:38 CET.

Flavor Version Tinstall Tcheck Ttotal Status Flags
r-devel-linux-x86_64-debian-clang 1.0-8 3.14 45.45 48.59 NOTE
r-devel-linux-x86_64-debian-gcc 1.0-8 2.61 35.54 38.15 NOTE
r-devel-linux-x86_64-fedora-clang 1.0-8 78.82 OK
r-devel-linux-x86_64-fedora-gcc 1.0-8 66.91 OK
r-devel-windows-ix86+x86_64 1.0-8 7.00 69.00 76.00 NOTE
r-patched-linux-x86_64 1.0-8 NOTE
r-patched-solaris-x86 1.0-8 66.60 NOTE
r-release-linux-x86_64 1.0-8 NOTE
r-release-windows-ix86+x86_64 1.0-8 7.00 74.00 81.00 NOTE
r-release-osx-x86_64 1.0-8 NOTE
r-oldrel-windows-ix86+x86_64 1.0-8 7.00 91.00 98.00 NOTE
r-oldrel-osx-x86_64 1.0-8 NOTE

Check Details

Version: 1.0-8
Check: package dependencies
Result: NOTE
    Package suggested but not available for checking: ‘Sxslt’
Flavors: r-devel-linux-x86_64-debian-clang, r-devel-linux-x86_64-debian-gcc, r-devel-windows-ix86+x86_64, r-patched-linux-x86_64, r-patched-solaris-x86, r-release-linux-x86_64, r-release-windows-ix86+x86_64, r-release-osx-x86_64, r-oldrel-windows-ix86+x86_64, r-oldrel-osx-x86_64