CRAN Package Check Results for Package graphicsQC

Last updated on 2019-08-24 11:46:48 CEST.

Flavor Version Tinstall Tcheck Ttotal Status Flags
r-devel-linux-x86_64-debian-clang 1.0-8 3.71 45.05 48.76 NOTE
r-devel-linux-x86_64-debian-gcc 1.0-8 3.37 35.90 39.27 NOTE
r-devel-linux-x86_64-fedora-clang 1.0-8 77.87 OK
r-devel-linux-x86_64-fedora-gcc 1.0-8 70.64 OK
r-devel-windows-ix86+x86_64 1.0-8 12.00 71.00 83.00 NOTE
r-patched-linux-x86_64 1.0-8 3.97 44.59 48.56 NOTE
r-patched-solaris-x86 1.0-8 75.50 NOTE
r-release-linux-x86_64 1.0-8 3.39 44.69 48.08 NOTE
r-release-windows-ix86+x86_64 1.0-8 12.00 72.00 84.00 NOTE
r-release-osx-x86_64 1.0-8 NOTE
r-oldrel-windows-ix86+x86_64 1.0-8 6.00 70.00 76.00 NOTE
r-oldrel-osx-x86_64 1.0-8 NOTE

Check Details

Version: 1.0-8
Check: package dependencies
Result: NOTE
    Package suggested but not available for checking: 'Sxslt'
Flavors: r-devel-linux-x86_64-debian-clang, r-devel-linux-x86_64-debian-gcc, r-devel-windows-ix86+x86_64, r-patched-linux-x86_64, r-patched-solaris-x86, r-release-linux-x86_64, r-release-windows-ix86+x86_64, r-release-osx-x86_64, r-oldrel-windows-ix86+x86_64, r-oldrel-osx-x86_64