CRAN Package Check Results for Package graphkernels

Last updated on 2018-05-25 04:50:21 CEST.

Flavor Version Tinstall Tcheck Ttotal Status Flags
r-devel-linux-x86_64-debian-clang 1.5 39.76 71.48 111.24 OK
r-devel-linux-x86_64-debian-gcc 1.5 34.59 63.89 98.48 OK
r-devel-linux-x86_64-fedora-clang 1.5 156.96 NOTE
r-devel-linux-x86_64-fedora-gcc 1.5 152.93 NOTE
r-devel-windows-ix86+x86_64 1.5 68.00 207.00 275.00 OK
r-patched-linux-x86_64 1.5 37.87 79.66 117.53 OK
r-patched-solaris-x86 1.5 175.60 OK
r-release-linux-x86_64 1.5 42.94 80.76 123.70 OK
r-release-windows-ix86+x86_64 1.5 99.00 146.00 245.00 OK
r-release-osx-x86_64 1.5 NOTE
r-oldrel-windows-ix86+x86_64 1.5 97.00 152.00 249.00 OK
r-oldrel-osx-x86_64 1.4 NOTE

Check Details

Version: 1.5
Check: installed package size
Result: NOTE
     installed size is 11.2Mb
     sub-directories of 1Mb or more:
     libs 11.0Mb
Flavors: r-devel-linux-x86_64-fedora-clang, r-devel-linux-x86_64-fedora-gcc, r-release-osx-x86_64

Version: 1.4
Check: installed package size
Result: NOTE
     installed size is 11.1Mb
     sub-directories of 1Mb or more:
     libs 10.9Mb
Flavor: r-oldrel-osx-x86_64