CRAN Package Check Results for Package graphkernels

Last updated on 2019-01-22 02:48:49 CET.

Flavor Version Tinstall Tcheck Ttotal Status Flags
r-devel-linux-x86_64-debian-clang 1.6 35.43 71.34 106.77 OK
r-devel-linux-x86_64-debian-gcc 1.6 41.50 56.66 98.16 OK
r-devel-linux-x86_64-fedora-clang 1.6 149.05 NOTE
r-devel-linux-x86_64-fedora-gcc 1.6 145.62 OK
r-devel-windows-ix86+x86_64 1.6 94.00 183.00 277.00 OK
r-patched-linux-x86_64 1.6 47.87 70.96 118.83 OK
r-patched-solaris-x86 1.6 160.70 OK
r-release-linux-x86_64 1.6 45.92 69.71 115.63 OK
r-release-windows-ix86+x86_64 1.6 95.00 178.00 273.00 OK
r-release-osx-x86_64 1.6 NOTE
r-oldrel-windows-ix86+x86_64 1.6 101.00 133.00 234.00 OK
r-oldrel-osx-x86_64 1.6 NOTE

Check Details

Version: 1.6
Check: installed package size
Result: NOTE
     installed size is 11.7Mb
     sub-directories of 1Mb or more:
     libs 11.5Mb
Flavors: r-devel-linux-x86_64-fedora-clang, r-release-osx-x86_64, r-oldrel-osx-x86_64