CRAN Package Check Results for Package graphkernels

Last updated on 2018-08-18 10:50:31 CEST.

Flavor Version Tinstall Tcheck Ttotal Status Flags
r-devel-linux-x86_64-debian-clang 1.6 38.69 70.65 109.34 OK
r-devel-linux-x86_64-debian-gcc 1.6 39.16 58.48 97.64 OK
r-devel-linux-x86_64-fedora-clang 1.6 141.63 NOTE
r-devel-linux-x86_64-fedora-gcc 1.6 143.72 OK
r-devel-windows-ix86+x86_64 1.6 98.00 191.00 289.00 OK
r-patched-linux-x86_64 1.6 49.03 70.01 119.04 OK
r-patched-solaris-x86 1.6 160.50 OK
r-release-linux-x86_64 1.6 48.27 70.15 118.42 OK
r-release-windows-ix86+x86_64 1.6 102.00 180.00 282.00 OK
r-release-osx-x86_64 1.6 NOTE
r-oldrel-windows-ix86+x86_64 1.6 81.00 128.00 209.00 OK
r-oldrel-osx-x86_64 1.6 NOTE

Check Details

Version: 1.6
Check: installed package size
Result: NOTE
     installed size is 11.4Mb
     sub-directories of 1Mb or more:
     libs 11.2Mb
Flavors: r-devel-linux-x86_64-fedora-clang, r-release-osx-x86_64, r-oldrel-osx-x86_64