CRAN Package Check Results for Package graphkernels

Last updated on 2018-10-21 17:54:09 CEST.

Flavor Version Tinstall Tcheck Ttotal Status Flags
r-devel-linux-x86_64-debian-clang 1.6 43.10 69.85 112.95 OK
r-devel-linux-x86_64-debian-gcc 1.6 39.02 57.80 96.82 OK
r-devel-linux-x86_64-fedora-clang 1.6 148.18 NOTE
r-devel-linux-x86_64-fedora-gcc 1.6 148.22 OK
r-devel-windows-ix86+x86_64 1.6 98.00 185.00 283.00 OK
r-patched-linux-x86_64 1.6 48.43 70.66 119.09 OK
r-patched-solaris-x86 1.6 156.70 OK
r-release-linux-x86_64 1.6 43.58 70.76 114.34 OK
r-release-windows-ix86+x86_64 1.6 95.00 180.00 275.00 OK
r-release-osx-x86_64 1.6 NOTE
r-oldrel-windows-ix86+x86_64 1.6 78.00 170.00 248.00 OK
r-oldrel-osx-x86_64 1.6 NOTE

Check Details

Version: 1.6
Check: installed package size
Result: NOTE
     installed size is 11.7Mb
     sub-directories of 1Mb or more:
     libs 11.5Mb
Flavors: r-devel-linux-x86_64-fedora-clang, r-release-osx-x86_64, r-oldrel-osx-x86_64