CRAN Package Check Results for Package graphkernels

Last updated on 2018-02-23 04:48:18 CET.

Flavor Version Tinstall Tcheck Ttotal Status Flags
r-devel-linux-x86_64-debian-clang 1.4 39.81 64.73 104.54 OK
r-devel-linux-x86_64-debian-gcc 1.4 35.57 58.25 93.82 OK
r-devel-linux-x86_64-fedora-clang 1.4 146.61 NOTE
r-devel-linux-x86_64-fedora-gcc 1.4 145.98 NOTE
r-devel-windows-ix86+x86_64 1.4 100.00 156.00 256.00 OK
r-patched-linux-x86_64 1.4 40.79 72.88 113.67 OK
r-patched-solaris-x86 1.4 158.50 OK
r-release-linux-x86_64 1.4 40.31 72.85 113.16 OK
r-release-windows-ix86+x86_64 1.4 97.00 182.00 279.00 OK
r-release-osx-x86_64 1.4 NOTE
r-oldrel-windows-ix86+x86_64 1.4 76.00 177.00 253.00 OK
r-oldrel-osx-x86_64 1.4 NOTE

Check Details

Version: 1.4
Check: installed package size
Result: NOTE
     installed size is 11.2Mb
     sub-directories of 1Mb or more:
     libs 11.0Mb
Flavors: r-devel-linux-x86_64-fedora-clang, r-devel-linux-x86_64-fedora-gcc, r-release-osx-x86_64, r-oldrel-osx-x86_64