CRAN Package Check Results for Package graphlayouts

Last updated on 2022-09-25 01:51:45 CEST.

Flavor Version Tinstall Tcheck Ttotal Status Flags
r-devel-linux-x86_64-debian-clang 0.8.1 73.49 48.45 121.94 OK
r-devel-linux-x86_64-debian-gcc 0.8.1 65.00 38.18 103.18 OK
r-devel-linux-x86_64-fedora-clang 0.8.1 189.38 OK
r-devel-linux-x86_64-fedora-gcc 0.8.1 182.68 OK
r-devel-windows-x86_64 0.8.1 75.00 104.00 179.00 OK
r-patched-linux-x86_64 0.8.1 63.43 47.15 110.58 OK
r-release-linux-x86_64 0.8.1 63.30 47.00 110.30 OK
r-release-macos-arm64 0.8.1 48.00 NOTE
r-release-macos-x86_64 0.8.1 65.00 NOTE
r-release-windows-x86_64 0.8.1 242.00 95.00 337.00 OK
r-oldrel-macos-arm64 0.8.1 47.00 NOTE
r-oldrel-macos-x86_64 0.8.1 68.00 NOTE
r-oldrel-windows-ix86+x86_64 0.8.1 185.00 111.00 296.00 OK

Check Details

Version: 0.8.1
Check: installed package size
Result: NOTE
     installed size is 5.8Mb
     sub-directories of 1Mb or more:
     help 2.4Mb
     libs 3.2Mb
Flavors: r-release-macos-arm64, r-release-macos-x86_64, r-oldrel-macos-arm64, r-oldrel-macos-x86_64