CRAN Package Check Results for Package graphlayouts

Last updated on 2024-02-21 14:48:31 CET.

Flavor Version Tinstall Tcheck Ttotal Status Flags
r-devel-linux-x86_64-debian-clang 1.1.0 OK
r-devel-linux-x86_64-debian-gcc 1.1.0 76.28 60.14 136.42 OK
r-devel-linux-x86_64-fedora-clang 1.1.0 253.01 NOTE
r-devel-linux-x86_64-fedora-gcc 1.1.0 258.90 NOTE
r-devel-windows-x86_64 1.1.0 72.00 124.00 196.00 NOTE
r-patched-linux-x86_64 1.1.0 100.11 77.52 177.63 OK
r-release-linux-x86_64 1.1.0 89.60 78.22 167.82 OK
r-release-macos-arm64 1.1.0 70.00 NOTE
r-release-macos-x86_64 1.1.0 131.00 NOTE
r-release-windows-x86_64 1.1.0 90.00 156.00 246.00 NOTE
r-oldrel-macos-arm64 1.1.0 61.00 NOTE
r-oldrel-windows-x86_64 1.1.0 83.00 148.00 231.00 NOTE

Check Details

Version: 1.1.0
Check: data for non-ASCII characters
Result: NOTE Note: found 22 marked UTF-8 strings Flavors: r-devel-linux-x86_64-fedora-clang, r-devel-linux-x86_64-fedora-gcc

Version: 1.1.0
Check: installed package size
Result: NOTE installed size is 5.4Mb sub-directories of 1Mb or more: doc 1.9Mb help 2.0Mb libs 1.2Mb Flavors: r-devel-windows-x86_64, r-release-macos-arm64, r-release-macos-x86_64, r-release-windows-x86_64, r-oldrel-macos-arm64, r-oldrel-windows-x86_64