CRAN Package Check Results for Package graphql

Last updated on 2024-04-15 12:54:50 CEST.

Flavor Version Tinstall Tcheck Ttotal Status Flags
r-devel-linux-x86_64-debian-clang 1.5.1 47.99 29.03 77.02 NOTE
r-devel-linux-x86_64-debian-gcc 1.5.1 40.57 22.73 63.30 NOTE
r-devel-linux-x86_64-fedora-clang 1.5.1 113.40 NOTE
r-devel-linux-x86_64-fedora-gcc 1.5.1 108.31 NOTE
r-prerel-macos-arm64 1.5.1 28.00 NOTE
r-prerel-windows-x86_64 1.5.1 37.00 66.00 103.00 NOTE
r-patched-linux-x86_64 1.5.1 49.70 27.94 77.64 NOTE
r-release-linux-x86_64 1.5.1 48.71 28.00 76.71 NOTE
r-release-macos-arm64 1.5.1 30.00 NOTE
r-release-macos-x86_64 1.5.1 49.00 NOTE
r-release-windows-x86_64 1.5.1 36.00 72.00 108.00 NOTE
r-oldrel-macos-arm64 1.5.1 30.00 OK
r-oldrel-windows-x86_64 1.5.1 48.00 70.00 118.00 OK

Check Details

Version: 1.5.1
Check: C++ specification
Result: NOTE Specified C++11: please drop specification unless essential Flavors: r-devel-linux-x86_64-debian-clang, r-devel-linux-x86_64-debian-gcc, r-devel-linux-x86_64-fedora-clang, r-devel-linux-x86_64-fedora-gcc, r-prerel-macos-arm64, r-prerel-windows-x86_64, r-patched-linux-x86_64, r-release-linux-x86_64, r-release-macos-arm64, r-release-macos-x86_64, r-release-windows-x86_64