CRAN Package Check Results for Package graphx

Last updated on 2022-12-08 22:59:50 CET.

Flavor Version Tinstall Tcheck Ttotal Status Flags
r-devel-linux-x86_64-debian-clang 1.0 35.48 277.54 313.02 OK
r-devel-linux-x86_64-debian-gcc 1.0 22.97 210.51 233.48 OK
r-devel-linux-x86_64-fedora-clang 1.0 415.54 NOTE
r-devel-linux-x86_64-fedora-gcc 1.0 387.73 NOTE
r-devel-windows-x86_64 1.0 35.00 288.00 323.00 OK
r-patched-linux-x86_64 1.0 27.13 268.12 295.25 OK
r-release-linux-x86_64 1.0 29.33 277.35 306.68 OK
r-release-macos-arm64 1.0 71.00 NOTE
r-release-macos-x86_64 1.0 105.00 NOTE
r-release-windows-x86_64 1.0 41.00 284.00 325.00 OK
r-oldrel-macos-arm64 1.0 65.00 NOTE
r-oldrel-macos-x86_64 1.0 97.00 NOTE
r-oldrel-windows-ix86+x86_64 1.0 65.00 277.00 342.00 OK

Check Details

Version: 1.0
Check: dependencies in R code
Result: NOTE
    Namespaces in Imports field not imported from:
     ‘MASS’ ‘cubature’ ‘magicaxis’
     All declared Imports should be used.
Flavors: r-devel-linux-x86_64-fedora-clang, r-devel-linux-x86_64-fedora-gcc, r-release-macos-arm64, r-release-macos-x86_64, r-oldrel-macos-arm64, r-oldrel-macos-x86_64