CRAN Package Check Results for Package graticule

Last updated on 2018-10-19 11:48:10 CEST.

Flavor Version Tinstall Tcheck Ttotal Status Flags
r-devel-linux-x86_64-debian-clang 0.1.2 5.31 84.75 90.06 OK
r-devel-linux-x86_64-debian-gcc 0.1.2 4.13 68.57 72.70 OK
r-devel-linux-x86_64-fedora-clang 0.1.2 107.83 OK
r-devel-linux-x86_64-fedora-gcc 0.1.2 107.90 OK
r-devel-windows-ix86+x86_64 0.1.2 12.00 123.00 135.00 OK
r-patched-linux-x86_64 0.1.2 4.41 71.03 75.44 OK
r-patched-solaris-x86 0.1.2 138.40 OK
r-release-linux-x86_64 0.1.2 4.56 71.06 75.62 OK
r-release-windows-ix86+x86_64 0.1.2 7.00 75.00 82.00 OK
r-release-osx-x86_64 0.1.2 OK
r-oldrel-windows-ix86+x86_64 0.1.2 9.00 104.00 113.00 OK
r-oldrel-osx-x86_64 0.1.2 ERROR

Check Details

Version: 0.1.2
Check: package dependencies
Result: NOTE
    Packages suggested but not available for checking: ‘devtools’ ‘rgdal’
Flavor: r-oldrel-osx-x86_64

Version: 0.1.2
Check: examples
Result: ERROR
    Running examples in ‘graticule-Ex.R’ failed
    The error most likely occurred in:
    
    > ### Name: graticule_labels
    > ### Title: Create graticule labels.
    > ### Aliases: graticule_labels
    >
    > ### ** Examples
    >
    > xx <- c(100, 120, 160, 180)
    > yy <- c(-80,-70,-60, -50,-45, -30)
    > prj <- "+proj=lcc +lon_0=150 +lat_0=-80 +lat_1=-85 +lat_2=-75 +ellps=WGS84"
    > plot(graticule(lons = xx, lats = yy, proj = prj))
    Error in sp::spTransform(l, sp::CRS(proj)) :
     package rgdal is required for spTransform methods
    Calls: plot -> graticule -> <Anonymous> -> <Anonymous>
    Execution halted
Flavor: r-oldrel-osx-x86_64

Version: 0.1.2
Check: re-building of vignette outputs
Result: WARN
    Error in re-building vignettes:
     ...
    Warning in engine$weave(file, quiet = quiet, encoding = enc) :
     Pandoc (>= 1.12.3) and/or pandoc-citeproc not available. Falling back to R Markdown v1.
    Quitting from lines 38-75 (graticule.Rmd)
    Error: processing vignette 'graticule.Rmd' failed with diagnostics:
    there is no package called 'rgdal'
    Execution halted
Flavor: r-oldrel-osx-x86_64