CRAN Package Check Results for Package grattan

Last updated on 2018-08-22 08:48:52 CEST.

Flavor Version Tinstall Tcheck Ttotal Status Flags
r-devel-linux-x86_64-debian-clang 1.6.0.0 73.39 219.75 293.14 NOTE
r-devel-linux-x86_64-debian-gcc 1.6.0.0 52.63 162.00 214.63 NOTE
r-devel-linux-x86_64-fedora-clang 1.6.0.0 357.27 NOTE
r-devel-linux-x86_64-fedora-gcc 1.6.0.0 340.86 NOTE
r-devel-windows-ix86+x86_64 1.6.0.0 119.00 257.00 376.00 NOTE
r-patched-linux-x86_64 1.6.0.0 74.88 188.85 263.73 NOTE
r-patched-solaris-x86 1.6.0.0 484.50 NOTE
r-release-linux-x86_64 1.6.0.0 68.39 194.03 262.42 NOTE
r-release-windows-ix86+x86_64 1.6.0.0 169.00 337.00 506.00 NOTE
r-release-osx-x86_64 1.6.0.0 NOTE
r-oldrel-windows-ix86+x86_64 1.6.0.0 118.00 401.00 519.00 OK
r-oldrel-osx-x86_64 1.6.0.0 NOTE

Check Details

Version: 1.6.0.0
Check: package dependencies
Result: NOTE
    Package suggested but not available for checking: ‘taxstats’
Flavors: r-devel-linux-x86_64-debian-clang, r-devel-linux-x86_64-debian-gcc, r-devel-linux-x86_64-fedora-clang, r-devel-linux-x86_64-fedora-gcc, r-devel-windows-ix86+x86_64, r-patched-linux-x86_64, r-patched-solaris-x86, r-release-linux-x86_64, r-release-windows-ix86+x86_64, r-release-osx-x86_64, r-oldrel-osx-x86_64