CRAN Package Check Results for Package grattan

Last updated on 2019-02-19 22:51:30 CET.

Flavor Version Tinstall Tcheck Ttotal Status Flags
r-devel-linux-x86_64-debian-clang 1.7.0.0 88.32 312.00 400.32 NOTE
r-devel-linux-x86_64-debian-gcc 1.7.0.0 59.47 434.29 493.76 NOTE
r-devel-linux-x86_64-fedora-clang 1.7.0.0 439.20 NOTE
r-devel-linux-x86_64-fedora-gcc 1.7.0.0 430.10 NOTE
r-devel-windows-ix86+x86_64 1.7.0.0 215.00 402.00 617.00 NOTE
r-patched-linux-x86_64 1.7.0.0 76.43 382.11 458.54 NOTE
r-patched-solaris-x86 1.7.0.0 514.80 NOTE
r-release-linux-x86_64 1.7.0.0 74.02 358.18 432.20 NOTE
r-release-windows-ix86+x86_64 1.7.0.0 160.00 370.00 530.00 NOTE
r-release-osx-x86_64 1.7.0.0 NOTE
r-oldrel-windows-ix86+x86_64 1.7.0.0 156.00 377.00 533.00 NOTE
r-oldrel-osx-x86_64 1.7.0.0 NOTE

Check Details

Version: 1.7.0.0
Check: package dependencies
Result: NOTE
    Packages suggested but not available for checking:
     'taxstats', 'taxstats1516'
Flavors: r-devel-linux-x86_64-debian-clang, r-devel-linux-x86_64-debian-gcc, r-devel-linux-x86_64-fedora-clang, r-devel-linux-x86_64-fedora-gcc, r-devel-windows-ix86+x86_64

Version: 1.7.0.0
Check: package dependencies
Result: NOTE
    Packages suggested but not available for checking:
     ‘taxstats’ ‘taxstats1516’
Flavors: r-patched-linux-x86_64, r-patched-solaris-x86, r-release-linux-x86_64, r-release-windows-ix86+x86_64, r-release-osx-x86_64, r-oldrel-osx-x86_64

Version: 1.7.0.0
Check: package dependencies
Result: NOTE
    Package suggested but not available for checking: 'taxstats1516'
Flavor: r-oldrel-windows-ix86+x86_64