CRAN Package Check Results for Package grattan

Last updated on 2018-05-23 18:52:38 CEST.

Flavor Version Tinstall Tcheck Ttotal Status Flags
r-devel-linux-x86_64-debian-clang 1.5.3.7 65.09 210.84 275.93 NOTE
r-devel-linux-x86_64-debian-gcc 1.5.3.7 0.43 1.49 1.92 ERROR
r-devel-linux-x86_64-fedora-clang 1.5.3.7 352.54 NOTE
r-devel-linux-x86_64-fedora-gcc 1.5.3.7 328.64 NOTE
r-devel-windows-ix86+x86_64 1.5.3.7 122.00 365.00 487.00 NOTE
r-patched-linux-x86_64 1.5.3.7 66.68 192.17 258.85 NOTE
r-patched-solaris-x86 1.5.3.7 480.90 NOTE
r-release-linux-x86_64 1.5.3.7 70.39 188.38 258.77 NOTE
r-release-windows-ix86+x86_64 1.5.3.7 166.00 363.00 529.00 NOTE
r-release-osx-x86_64 1.5.3.7 NOTE
r-oldrel-windows-ix86+x86_64 1.5.3.7 166.00 405.00 571.00 OK
r-oldrel-osx-x86_64 1.5.3.7 NOTE

Check Details

Version: 1.5.3.7
Check: package dependencies
Result: NOTE
    Package suggested but not available for checking: ‘taxstats’
Flavors: r-devel-linux-x86_64-debian-clang, r-devel-linux-x86_64-fedora-clang, r-devel-linux-x86_64-fedora-gcc, r-devel-windows-ix86+x86_64, r-patched-linux-x86_64, r-patched-solaris-x86, r-release-linux-x86_64, r-release-windows-ix86+x86_64, r-release-osx-x86_64, r-oldrel-osx-x86_64

Version: 1.5.3.7
Check: package dependencies
Result: ERROR
    Package required but not available: ‘forecast’
    
    Packages suggested but not available for checking:
     ‘dplyr’ ‘dtplyr’ ‘ggplot2’ ‘ggrepel’ ‘taxstats’ ‘viridis’
    
    See section ‘The DESCRIPTION file’ in the ‘Writing R Extensions’
    manual.
Flavor: r-devel-linux-x86_64-debian-gcc