CRAN Package Check Results for Package grattan

Last updated on 2018-11-14 18:47:52 CET.

Flavor Version Tinstall Tcheck Ttotal Status Flags
r-devel-linux-x86_64-debian-clang 1.7.0.0 89.68 242.12 331.80 NOTE
r-devel-linux-x86_64-debian-gcc 1.7.0.0 66.48 185.03 251.51 NOTE
r-devel-linux-x86_64-fedora-clang 1.7.0.0 407.22 NOTE
r-devel-linux-x86_64-fedora-gcc 1.7.0.0 379.07 NOTE
r-devel-windows-ix86+x86_64 1.7.0.0 142.00 270.00 412.00 NOTE
r-patched-linux-x86_64 1.7.0.0 89.90 218.06 307.96 NOTE
r-patched-solaris-x86 1.7.0.0 512.70 NOTE
r-release-linux-x86_64 1.7.0.0 91.12 213.37 304.49 NOTE
r-release-windows-ix86+x86_64 1.7.0.0 209.00 345.00 554.00 NOTE
r-release-osx-x86_64 1.7.0.0 NOTE
r-oldrel-windows-ix86+x86_64 1.7.0.0 195.00 444.00 639.00 NOTE
r-oldrel-osx-x86_64 1.7.0.0 NOTE

Check Details

Version: 1.7.0.0
Check: package dependencies
Result: NOTE
    Packages suggested but not available for checking:
     'taxstats', 'taxstats1516'
Flavors: r-devel-linux-x86_64-debian-clang, r-devel-linux-x86_64-debian-gcc, r-devel-linux-x86_64-fedora-clang, r-devel-linux-x86_64-fedora-gcc, r-devel-windows-ix86+x86_64

Version: 1.7.0.0
Check: package dependencies
Result: NOTE
    Packages suggested but not available for checking:
     ‘taxstats’ ‘taxstats1516’
Flavors: r-patched-linux-x86_64, r-patched-solaris-x86, r-release-linux-x86_64, r-release-windows-ix86+x86_64, r-release-osx-x86_64, r-oldrel-osx-x86_64

Version: 1.7.0.0
Check: package dependencies
Result: NOTE
    Package suggested but not available for checking: 'taxstats1516'
Flavor: r-oldrel-windows-ix86+x86_64