CRAN Package Check Results for Package grattan

Last updated on 2018-02-18 22:47:36 CET.

Flavor Version Tinstall Tcheck Ttotal Status Flags
r-devel-linux-x86_64-debian-clang 1.5.3.1 72.21 214.71 286.92 NOTE
r-devel-linux-x86_64-debian-gcc 1.5.3.5 54.53 159.63 214.16 NOTE
r-devel-linux-x86_64-fedora-clang 1.5.3.5 278.88 NOTE
r-devel-linux-x86_64-fedora-gcc 1.5.3.5 326.09 NOTE
r-devel-windows-ix86+x86_64 1.5.3.1 156.00 134.00 290.00 WARN
r-patched-linux-x86_64 1.5.3.1 69.26 225.74 295.00 NOTE
r-patched-solaris-x86 1.5.3.5 407.70 NOTE
r-release-linux-x86_64 1.5.3.1 66.81 227.60 294.41 NOTE
r-release-windows-ix86+x86_64 1.5.3.1 215.00 411.00 626.00 ERROR
r-release-osx-x86_64 1.5.3.5 NOTE
r-oldrel-windows-ix86+x86_64 1.5.3.1 145.00 357.00 502.00 ERROR
r-oldrel-osx-x86_64 1.5.2.5 NOTE

Additional issues

clang-UBSAN gcc-UBSAN

Check Details

Version: 1.5.3.1
Check: package dependencies
Result: NOTE
    Package suggested but not available for checking: ‘taxstats’
Flavors: r-devel-linux-x86_64-debian-clang, r-devel-windows-ix86+x86_64, r-patched-linux-x86_64, r-release-linux-x86_64

Version: 1.5.3.1
Check: for GNU extensions in Makefiles
Result: NOTE
    GNU make is a SystemRequirements.
Flavors: r-devel-linux-x86_64-debian-clang, r-devel-windows-ix86+x86_64, r-patched-linux-x86_64, r-release-linux-x86_64, r-release-windows-ix86+x86_64, r-oldrel-windows-ix86+x86_64

Version: 1.5.3.5
Check: package dependencies
Result: NOTE
    Package suggested but not available for checking: ‘taxstats’
Flavors: r-devel-linux-x86_64-debian-gcc, r-devel-linux-x86_64-fedora-clang, r-devel-linux-x86_64-fedora-gcc, r-patched-solaris-x86, r-release-osx-x86_64

Version: 1.5.3.5
Check: for GNU extensions in Makefiles
Result: NOTE
    GNU make is a SystemRequirements.
Flavors: r-devel-linux-x86_64-debian-gcc, r-devel-linux-x86_64-fedora-clang, r-devel-linux-x86_64-fedora-gcc, r-patched-solaris-x86, r-release-osx-x86_64

Version: 1.5.3.1
Check: re-building of vignette outputs
Result: WARN
    Error in re-building vignettes:
     ...
    Quitting from lines 29-47 (bracket-creep.Rmd)
    Error: processing vignette 'bracket-creep.Rmd' failed with diagnostics:
    there is no package called 'taxstats'
    Execution halted
Flavor: r-devel-windows-ix86+x86_64

Version: 1.5.3.1
Check: running tests for arch ‘i386’
Result: ERROR
     Running 'testthat.R' [96s]
    Running the tests in 'tests/testthat.R' failed.
    Last 13 lines of output:
     object 'sample_file_1415_synth' not found
     1: copy(sample_file_1415_synth) %>% .[, `:=`(old_tax, income_tax(Taxable_Income, "2014-15",
     .dots.ATO = .))] %>% unique(by = "Ind") at testthat/test_model_income_tax.R:545
     2: eval(lhs, parent, parent)
     3: eval(lhs, parent, parent)
     4: copy(sample_file_1415_synth)
    
     == testthat results ===========================================================
     OK: 307 SKIPPED: 14 FAILED: 3
     1. Error: Projections match collections (@test_incomeTaxCollections.R#41)
     2. Error: SAPTO modelled (@test_model_income_tax.R#378)
     3. Error: Elasticity 0 vs 1 (@test_model_income_tax.R#545)
    
     Error: testthat unit tests failed
     Execution halted
Flavor: r-release-windows-ix86+x86_64

Version: 1.5.3.1
Check: running tests for arch ‘x64’
Result: ERROR
     Running 'testthat.R' [105s]
    Running the tests in 'tests/testthat.R' failed.
    Last 13 lines of output:
     object 'sample_file_1415_synth' not found
     1: copy(sample_file_1415_synth) %>% .[, `:=`(old_tax, income_tax(Taxable_Income, "2014-15",
     .dots.ATO = .))] %>% unique(by = "Ind") at testthat/test_model_income_tax.R:545
     2: eval(lhs, parent, parent)
     3: eval(lhs, parent, parent)
     4: copy(sample_file_1415_synth)
    
     == testthat results ===========================================================
     OK: 307 SKIPPED: 14 FAILED: 3
     1. Error: Projections match collections (@test_incomeTaxCollections.R#41)
     2. Error: SAPTO modelled (@test_model_income_tax.R#378)
     3. Error: Elasticity 0 vs 1 (@test_model_income_tax.R#545)
    
     Error: testthat unit tests failed
     Execution halted
Flavor: r-release-windows-ix86+x86_64

Version: 1.5.3.1
Check: running tests for arch ‘i386’
Result: ERROR
     Running 'testthat.R' [80s]
    Running the tests in 'tests/testthat.R' failed.
    Last 13 lines of output:
     object 'sample_file_1415_synth' not found
     1: copy(sample_file_1415_synth) %>% .[, `:=`(old_tax, income_tax(Taxable_Income, "2014-15",
     .dots.ATO = .))] %>% unique(by = "Ind") at testthat/test_model_income_tax.R:545
     2: eval(lhs, parent, parent)
     3: eval(expr, envir, enclos)
     4: copy(sample_file_1415_synth)
    
     == testthat results ===========================================================
     OK: 307 SKIPPED: 14 FAILED: 3
     1. Error: Projections match collections (@test_incomeTaxCollections.R#41)
     2. Error: SAPTO modelled (@test_model_income_tax.R#378)
     3. Error: Elasticity 0 vs 1 (@test_model_income_tax.R#545)
    
     Error: testthat unit tests failed
     Execution halted
Flavor: r-oldrel-windows-ix86+x86_64

Version: 1.5.3.1
Check: running tests for arch ‘x64’
Result: ERROR
     Running 'testthat.R' [93s]
    Running the tests in 'tests/testthat.R' failed.
    Last 13 lines of output:
     object 'sample_file_1415_synth' not found
     1: copy(sample_file_1415_synth) %>% .[, `:=`(old_tax, income_tax(Taxable_Income, "2014-15",
     .dots.ATO = .))] %>% unique(by = "Ind") at testthat/test_model_income_tax.R:545
     2: eval(lhs, parent, parent)
     3: eval(expr, envir, enclos)
     4: copy(sample_file_1415_synth)
    
     == testthat results ===========================================================
     OK: 307 SKIPPED: 14 FAILED: 3
     1. Error: Projections match collections (@test_incomeTaxCollections.R#41)
     2. Error: SAPTO modelled (@test_model_income_tax.R#378)
     3. Error: Elasticity 0 vs 1 (@test_model_income_tax.R#545)
    
     Error: testthat unit tests failed
     Execution halted
Flavor: r-oldrel-windows-ix86+x86_64

Version: 1.5.2.5
Check: package dependencies
Result: NOTE
    Package suggested but not available for checking: ‘taxstats’
Flavor: r-oldrel-osx-x86_64

Version: 1.5.2.5
Check: for GNU extensions in Makefiles
Result: NOTE
    GNU make is a SystemRequirements.
Flavor: r-oldrel-osx-x86_64