CRAN Package Check Results for Package greta

Last updated on 2018-02-24 00:47:39 CET.

Flavor Version Tinstall Tcheck Ttotal Status Flags
r-devel-linux-x86_64-debian-clang 0.2.3 23.15 53.57 76.72 OK
r-devel-linux-x86_64-debian-gcc 0.2.3 16.06 51.45 67.51 OK
r-devel-linux-x86_64-fedora-clang 0.2.3 96.70 NOTE
r-devel-linux-x86_64-fedora-gcc 0.2.3 97.63 NOTE
r-devel-windows-ix86+x86_64 0.2.3 37.00 136.00 173.00 NOTE
r-patched-linux-x86_64 0.2.3 3.36 60.45 63.81 OK
r-patched-solaris-x86 0.2.3 335.50 NOTE
r-release-linux-x86_64 0.2.3 3.02 59.95 62.97 OK
r-release-windows-ix86+x86_64 0.2.3 14.00 122.00 136.00 OK
r-release-osx-x86_64 0.2.3 OK
r-oldrel-windows-ix86+x86_64 0.2.3 10.00 81.00 91.00 OK
r-oldrel-osx-x86_64 0.2.0 OK

Check Details

Version: 0.2.3
Check: installed package size
Result: NOTE
     installed size is 5.5Mb
     sub-directories of 1Mb or more:
     doc 4.3Mb
Flavors: r-devel-linux-x86_64-fedora-clang, r-devel-linux-x86_64-fedora-gcc, r-devel-windows-ix86+x86_64, r-patched-solaris-x86