CRAN Package Check Results for Package greta

Last updated on 2018-05-24 11:49:38 CEST.

Flavor Version Tinstall Tcheck Ttotal Status Flags
r-devel-linux-x86_64-debian-clang 0.2.3 20.44 85.58 106.02 OK
r-devel-linux-x86_64-debian-gcc 0.2.3 16.71 83.11 99.82 OK
r-devel-linux-x86_64-fedora-clang 0.2.3 149.25 NOTE
r-devel-linux-x86_64-fedora-gcc 0.2.3 146.52 NOTE
r-devel-windows-ix86+x86_64 0.2.3 33.00 130.00 163.00 NOTE
r-patched-linux-x86_64 0.2.3 19.50 82.17 101.67 OK
r-patched-solaris-x86 0.2.3 477.80 NOTE
r-release-linux-x86_64 0.2.3 22.72 81.92 104.64 OK
r-release-windows-ix86+x86_64 0.2.3 44.00 144.00 188.00 NOTE
r-release-osx-x86_64 0.2.3 NOTE
r-oldrel-windows-ix86+x86_64 0.2.3 26.00 130.00 156.00 OK
r-oldrel-osx-x86_64 0.2.3 OK

Check Details

Version: 0.2.3
Check: installed package size
Result: NOTE
     installed size is 5.5Mb
     sub-directories of 1Mb or more:
     doc 4.3Mb
Flavors: r-devel-linux-x86_64-fedora-clang, r-devel-linux-x86_64-fedora-gcc, r-devel-windows-ix86+x86_64, r-patched-solaris-x86, r-release-windows-ix86+x86_64, r-release-osx-x86_64