CRAN Package Check Results for Package greta

Last updated on 2018-08-20 15:51:40 CEST.

Flavor Version Tinstall Tcheck Ttotal Status Flags
r-devel-linux-x86_64-debian-clang 0.2.3 20.78 96.66 117.44 OK
r-devel-linux-x86_64-debian-gcc 0.2.3 18.92 86.53 105.45 OK
r-devel-linux-x86_64-fedora-clang 0.2.3 226.77 NOTE
r-devel-linux-x86_64-fedora-gcc 0.2.3 226.15 OK
r-devel-windows-ix86+x86_64 0.2.3 43.00 165.00 208.00 NOTE
r-patched-linux-x86_64 0.2.3 21.20 84.66 105.86 OK
r-patched-solaris-x86 0.2.3 498.60 NOTE
r-release-linux-x86_64 0.2.3 17.94 85.19 103.13 OK
r-release-windows-ix86+x86_64 0.2.3 44.00 197.00 241.00 NOTE
r-release-osx-x86_64 0.2.3 NOTE
r-oldrel-windows-ix86+x86_64 0.2.3 15.00 160.00 175.00 OK
r-oldrel-osx-x86_64 0.2.3 OK

Check Details

Version: 0.2.3
Check: installed package size
Result: NOTE
     installed size is 5.5Mb
     sub-directories of 1Mb or more:
     doc 4.3Mb
Flavors: r-devel-linux-x86_64-fedora-clang, r-devel-windows-ix86+x86_64, r-patched-solaris-x86, r-release-windows-ix86+x86_64, r-release-osx-x86_64