Last updated on 2022-05-24 08:53:28 CEST.
Flavor | Version | Tinstall | Tcheck | Ttotal | Status | Flags |
---|---|---|---|---|---|---|
r-devel-linux-x86_64-debian-clang | 2.1.0 | 355.00 | 103.87 | 458.87 | NOTE | |
r-devel-linux-x86_64-debian-gcc | 2.1.0 | 262.59 | 84.82 | 347.41 | NOTE | |
r-devel-linux-x86_64-fedora-clang | 2.1.0 | 655.88 | NOTE | |||
r-devel-linux-x86_64-fedora-gcc | 2.1.0 | 555.13 | NOTE | |||
r-devel-windows-x86_64 | 2.1.0 | 388.00 | 159.00 | 547.00 | NOTE | |
r-patched-linux-x86_64 | 2.1.0 | 274.48 | 106.00 | 380.48 | NOTE | |
r-release-linux-x86_64 | 2.1.0 | NOTE | ||||
r-release-macos-arm64 | 2.1.0 | 134.00 | NOTE | |||
r-release-macos-x86_64 | 2.1.0 | 175.00 | NOTE | |||
r-release-windows-x86_64 | 2.1.0 | 396.00 | 163.00 | 559.00 | NOTE | |
r-oldrel-macos-arm64 | 2.1.0 | 132.00 | NOTE | |||
r-oldrel-macos-x86_64 | 2.1.0 | 174.00 | NOTE | |||
r-oldrel-windows-ix86+x86_64 | 2.1.0 | 807.00 | 184.00 | 991.00 | NOTE |
Version: 2.1.0
Check: for GNU extensions in Makefiles
Result: NOTE
GNU make is a SystemRequirements.
Flavors: r-devel-linux-x86_64-debian-clang, r-devel-linux-x86_64-debian-gcc, r-devel-linux-x86_64-fedora-clang, r-devel-linux-x86_64-fedora-gcc, r-devel-windows-x86_64, r-patched-linux-x86_64, r-release-linux-x86_64, r-release-macos-arm64, r-release-macos-x86_64, r-release-windows-x86_64, r-oldrel-macos-arm64, r-oldrel-macos-x86_64, r-oldrel-windows-ix86+x86_64
Version: 2.1.0
Check: installed package size
Result: NOTE
installed size is 26.5Mb
sub-directories of 1Mb or more:
libs 26.0Mb
Flavors: r-devel-linux-x86_64-fedora-clang, r-release-macos-arm64, r-release-macos-x86_64, r-oldrel-macos-arm64, r-oldrel-macos-x86_64