CRAN Package Check Results for Package gridBase

Last updated on 2018-05-24 04:49:38 CEST.

Flavor Version Tinstall Tcheck Ttotal Status Flags
r-devel-linux-x86_64-debian-clang 0.4-7 0.98 19.90 20.88 NOTE
r-devel-linux-x86_64-debian-gcc 0.4-7 0.65 17.59 18.24 NOTE
r-devel-linux-x86_64-fedora-clang 0.4-7 28.19 NOTE
r-devel-linux-x86_64-fedora-gcc 0.4-7 27.73 NOTE
r-devel-windows-ix86+x86_64 0.4-7 3.00 47.00 50.00 NOTE
r-patched-linux-x86_64 0.4-7 0.82 20.79 21.61 NOTE
r-patched-solaris-x86 0.4-7 43.40 NOTE
r-release-linux-x86_64 0.4-7 1.04 20.79 21.83 NOTE
r-release-windows-ix86+x86_64 0.4-7 5.00 64.00 69.00 NOTE
r-release-osx-x86_64 0.4-7 NOTE
r-oldrel-windows-ix86+x86_64 0.4-7 4.00 50.00 54.00 NOTE
r-oldrel-osx-x86_64 0.4-7 NOTE

Check Details

Version: 0.4-7
Check: DESCRIPTION meta-information
Result: NOTE
    Malformed Description field: should contain one or more complete sentences.
Flavors: r-devel-linux-x86_64-debian-clang, r-devel-linux-x86_64-debian-gcc, r-devel-linux-x86_64-fedora-clang, r-devel-linux-x86_64-fedora-gcc, r-devel-windows-ix86+x86_64, r-patched-linux-x86_64, r-patched-solaris-x86, r-release-linux-x86_64, r-release-windows-ix86+x86_64, r-release-osx-x86_64, r-oldrel-windows-ix86+x86_64, r-oldrel-osx-x86_64