CRAN Package Check Results for Package gridBase

Last updated on 2018-08-16 22:50:32 CEST.

Flavor Version Tinstall Tcheck Ttotal Status Flags
r-devel-linux-x86_64-debian-clang 0.4-7 0.95 22.31 23.26 NOTE
r-devel-linux-x86_64-debian-gcc 0.4-7 0.78 18.39 19.17 NOTE
r-devel-linux-x86_64-fedora-clang 0.4-7 28.87 NOTE
r-devel-linux-x86_64-fedora-gcc 0.4-7 26.99 NOTE
r-devel-windows-ix86+x86_64 0.4-7 2.00 46.00 48.00 NOTE
r-patched-linux-x86_64 0.4-7 0.78 20.97 21.75 NOTE
r-patched-solaris-x86 0.4-7 42.30 NOTE
r-release-linux-x86_64 0.4-7 0.86 21.24 22.10 NOTE
r-release-windows-ix86+x86_64 0.4-7 4.00 45.00 49.00 NOTE
r-release-osx-x86_64 0.4-7 NOTE
r-oldrel-windows-ix86+x86_64 0.4-7 5.00 39.00 44.00 NOTE
r-oldrel-osx-x86_64 0.4-7 NOTE

Check Details

Version: 0.4-7
Check: DESCRIPTION meta-information
Result: NOTE
    Malformed Description field: should contain one or more complete sentences.
Flavors: r-devel-linux-x86_64-debian-clang, r-devel-linux-x86_64-debian-gcc, r-devel-linux-x86_64-fedora-clang, r-devel-linux-x86_64-fedora-gcc, r-devel-windows-ix86+x86_64, r-patched-linux-x86_64, r-patched-solaris-x86, r-release-linux-x86_64, r-release-windows-ix86+x86_64, r-release-osx-x86_64, r-oldrel-windows-ix86+x86_64, r-oldrel-osx-x86_64