CRAN Package Check Results for Package gridBase

Last updated on 2018-10-19 22:49:41 CEST.

Flavor Version Tinstall Tcheck Ttotal Status Flags
r-devel-linux-x86_64-debian-clang 0.4-7 0.84 22.74 23.58 NOTE
r-devel-linux-x86_64-debian-gcc 0.4-7 0.85 18.36 19.21 NOTE
r-devel-linux-x86_64-fedora-clang 0.4-7 30.03 NOTE
r-devel-linux-x86_64-fedora-gcc 0.4-7 28.26 NOTE
r-devel-windows-ix86+x86_64 0.4-7 3.00 48.00 51.00 NOTE
r-patched-linux-x86_64 0.4-7 0.94 21.02 21.96 NOTE
r-patched-solaris-x86 0.4-7 42.00 NOTE
r-release-linux-x86_64 0.4-7 0.68 21.24 21.92 NOTE
r-release-windows-ix86+x86_64 0.4-7 3.00 50.00 53.00 NOTE
r-release-osx-x86_64 0.4-7 NOTE
r-oldrel-windows-ix86+x86_64 0.4-7 2.00 49.00 51.00 NOTE
r-oldrel-osx-x86_64 0.4-7 NOTE

Check Details

Version: 0.4-7
Check: DESCRIPTION meta-information
Result: NOTE
    Malformed Description field: should contain one or more complete sentences.
Flavors: r-devel-linux-x86_64-debian-clang, r-devel-linux-x86_64-debian-gcc, r-devel-linux-x86_64-fedora-clang, r-devel-linux-x86_64-fedora-gcc, r-devel-windows-ix86+x86_64, r-patched-linux-x86_64, r-patched-solaris-x86, r-release-linux-x86_64, r-release-windows-ix86+x86_64, r-release-osx-x86_64, r-oldrel-windows-ix86+x86_64, r-oldrel-osx-x86_64