CRAN Package Check Results for Package gridExtra

Last updated on 2018-08-22 04:49:07 CEST.

Flavor Version Tinstall Tcheck Ttotal Status Flags
r-devel-linux-x86_64-debian-clang 2.3 1.64 35.97 37.61 OK
r-devel-linux-x86_64-debian-gcc 2.3 1.21 28.64 29.85 OK
r-devel-linux-x86_64-fedora-clang 2.3 46.18 OK
r-devel-linux-x86_64-fedora-gcc 2.3 43.59 OK
r-devel-windows-ix86+x86_64 2.3 4.00 48.00 52.00 OK
r-patched-linux-x86_64 2.3 1.55 34.27 35.82 OK
r-patched-solaris-x86 2.3 63.50 OK
r-release-linux-x86_64 2.3 1.37 33.74 35.11 OK
r-release-windows-ix86+x86_64 2.3 5.00 52.00 57.00 OK
r-release-osx-x86_64 2.3 OK
r-oldrel-windows-ix86+x86_64 2.3 3.00 82.00 85.00 OK
r-oldrel-osx-x86_64 2.3 NOTE

Check Details

Version: 2.3
Check: package dependencies
Result: NOTE
    Package suggested but not available for checking: ‘egg’
Flavor: r-oldrel-osx-x86_64