CRAN Package Check Results for Package gridExtra

Last updated on 2019-02-19 22:51:30 CET.

Flavor Version Tinstall Tcheck Ttotal Status Flags
r-devel-linux-x86_64-debian-clang 2.3 1.88 39.91 41.79 OK
r-devel-linux-x86_64-debian-gcc 2.3 1.22 30.54 31.76 OK
r-devel-linux-x86_64-fedora-clang 2.3 51.50 OK
r-devel-linux-x86_64-fedora-gcc 2.3 47.43 OK
r-devel-windows-ix86+x86_64 2.3 4.00 84.00 88.00 OK
r-patched-linux-x86_64 2.3 1.09 34.19 35.28 OK
r-patched-solaris-x86 2.3 63.30 OK
r-release-linux-x86_64 2.3 1.31 34.35 35.66 OK
r-release-windows-ix86+x86_64 2.3 5.00 75.00 80.00 OK
r-release-osx-x86_64 2.3 OK
r-oldrel-windows-ix86+x86_64 2.3 4.00 71.00 75.00 OK
r-oldrel-osx-x86_64 2.3 NOTE

Check Details

Version: 2.3
Check: package dependencies
Result: NOTE
    Package suggested but not available for checking: ‘egg’
Flavor: r-oldrel-osx-x86_64