CRAN Package Check Results for Package gridExtra

Last updated on 2018-05-22 11:47:30 CEST.

Flavor Version Tinstall Tcheck Ttotal Status Flags
r-devel-linux-x86_64-debian-clang 2.3 1.49 31.10 32.59 OK
r-devel-linux-x86_64-debian-gcc 2.3 1.09 26.97 28.06 OK
r-devel-linux-x86_64-fedora-clang 2.3 45.17 OK
r-devel-linux-x86_64-fedora-gcc 2.3 43.20 OK
r-devel-windows-ix86+x86_64 2.3 7.00 45.00 52.00 OK
r-patched-linux-x86_64 2.3 1.47 33.37 34.84 OK
r-patched-solaris-x86 2.3 62.70 OK
r-release-linux-x86_64 2.3 1.58 33.07 34.65 OK
r-release-windows-ix86+x86_64 2.3 6.00 63.00 69.00 OK
r-release-osx-x86_64 2.3 OK
r-oldrel-windows-ix86+x86_64 2.3 5.00 67.00 72.00 OK
r-oldrel-osx-x86_64 2.3 NOTE

Check Details

Version: 2.3
Check: package dependencies
Result: NOTE
    Package suggested but not available for checking: ‘egg’
Flavor: r-oldrel-osx-x86_64