CRAN Package Check Results for Package gridExtra

Last updated on 2018-11-14 18:47:52 CET.

Flavor Version Tinstall Tcheck Ttotal Status Flags
r-devel-linux-x86_64-debian-clang 2.3 1.61 36.58 38.19 OK
r-devel-linux-x86_64-debian-gcc 2.3 1.04 29.22 30.26 OK
r-devel-linux-x86_64-fedora-clang 2.3 45.55 OK
r-devel-linux-x86_64-fedora-gcc 2.3 45.42 OK
r-devel-windows-ix86+x86_64 2.3 3.00 51.00 54.00 OK
r-patched-linux-x86_64 2.3 1.41 34.13 35.54 OK
r-patched-solaris-x86 2.3 64.00 OK
r-release-linux-x86_64 2.3 1.26 34.19 35.45 OK
r-release-windows-ix86+x86_64 2.3 7.00 52.00 59.00 OK
r-release-osx-x86_64 2.3 OK
r-oldrel-windows-ix86+x86_64 2.3 6.00 64.00 70.00 OK
r-oldrel-osx-x86_64 2.3 NOTE

Check Details

Version: 2.3
Check: package dependencies
Result: NOTE
    Package suggested but not available for checking: ‘egg’
Flavor: r-oldrel-osx-x86_64