CRAN Package Check Results for Package gridExtra

Last updated on 2018-02-24 11:51:07 CET.

Flavor Version Tinstall Tcheck Ttotal Status Flags
r-devel-linux-x86_64-debian-clang 2.3 1.23 34.16 35.39 OK
r-devel-linux-x86_64-debian-gcc 2.3 1.04 27.09 28.13 OK
r-devel-linux-x86_64-fedora-clang 2.3 42.56 OK
r-devel-linux-x86_64-fedora-gcc 2.3 42.08 OK
r-devel-windows-ix86+x86_64 2.3 8.00 70.00 78.00 OK
r-patched-linux-x86_64 2.3 0.92 45.91 46.83 OK
r-patched-solaris-x86 2.3 60.10 OK
r-release-linux-x86_64 2.3 1.08 47.65 48.73 OK
r-release-windows-ix86+x86_64 2.3 4.00 77.00 81.00 OK
r-release-osx-x86_64 2.3 NOTE
r-oldrel-windows-ix86+x86_64 2.3 4.00 51.00 55.00 OK
r-oldrel-osx-x86_64 2.3 NOTE

Check Details

Version: 2.3
Check: package dependencies
Result: NOTE
    Package suggested but not available for checking: ‘egg’
Flavors: r-release-osx-x86_64, r-oldrel-osx-x86_64