CRAN Package Check Results for Package gridGraphics

Last updated on 2017-11-24 23:53:26 CET.

Flavor Version Tinstall Tcheck Ttotal Status Flags
r-devel-linux-x86_64-debian-clang 0.2 1.26 76.01 77.27 OK
r-devel-linux-x86_64-debian-gcc 0.2 0.87 71.20 72.07 OK
r-devel-linux-x86_64-fedora-clang 0.2 56.84 OK
r-devel-linux-x86_64-fedora-gcc 0.2 56.29 OK
r-devel-windows-ix86+x86_64 0.2 4.00 82.00 86.00 OK
r-patched-linux-x86_64 0.2 1.09 78.71 79.80 OK
r-patched-solaris-x86 0.2 78.10 OK
r-release-linux-x86_64 0.2 1.16 76.50 77.66 OK
r-release-windows-ix86+x86_64 0.2 4.00 86.00 90.00 OK
r-release-osx-x86_64 0.2 ERROR
r-oldrel-windows-ix86+x86_64 0.2 4.00 85.00 89.00 OK
r-oldrel-osx-x86_64 0.2 OK

Check Details

Version: 0.2
Check: whether package can be installed
Result: ERROR
    Installation failed.
Flavor: r-release-osx-x86_64