CRAN Package Check Results for Package gridsample

Last updated on 2018-05-23 07:50:07 CEST.

Flavor Version Tinstall Tcheck Ttotal Status Flags
r-devel-linux-x86_64-debian-clang 0.2.0 10.18 130.86 141.04 OK
r-devel-linux-x86_64-debian-gcc 0.2.0 8.31 104.40 112.71 OK
r-devel-linux-x86_64-fedora-clang 0.2.0 170.99 NOTE
r-devel-linux-x86_64-fedora-gcc 0.2.0 168.32 NOTE
r-devel-windows-ix86+x86_64 0.2.0 18.00 193.00 211.00 OK
r-patched-linux-x86_64 0.2.0 7.92 107.76 115.68 OK
r-patched-solaris-x86 0.2.0 238.00 NOTE
r-release-linux-x86_64 0.2.0 7.21 107.88 115.09 OK
r-release-windows-ix86+x86_64 0.2.0 21.00 188.00 209.00 OK
r-release-osx-x86_64 0.2.0 NOTE
r-oldrel-windows-ix86+x86_64 0.2.0 23.00 147.00 170.00 OK
r-oldrel-osx-x86_64 0.2.0 NOTE

Check Details

Version: 0.2.0
Check: dependencies in R code
Result: NOTE
    Namespace in Imports field not imported from: ‘deldir’
     All declared Imports should be used.
Flavors: r-devel-linux-x86_64-fedora-clang, r-devel-linux-x86_64-fedora-gcc, r-patched-solaris-x86, r-release-osx-x86_64, r-oldrel-osx-x86_64