CRAN Package Check Results for Package gridsampler

Last updated on 2018-02-17 23:47:47 CET.

Flavor Version Tinstall Tcheck Ttotal Status Flags
r-devel-linux-x86_64-debian-clang 0.6 2.10 70.72 72.82 OK
r-devel-linux-x86_64-debian-gcc 0.6 1.93 50.23 52.16 OK
r-devel-linux-x86_64-fedora-clang 0.6 82.07 NOTE
r-devel-linux-x86_64-fedora-gcc 0.6 79.25 NOTE
r-devel-windows-ix86+x86_64 0.6 5.00 77.00 82.00 OK
r-patched-linux-x86_64 0.6 2.01 74.75 76.76 OK
r-patched-solaris-x86 0.6 115.80 NOTE
r-release-linux-x86_64 0.6 2.09 75.38 77.47 OK
r-release-windows-ix86+x86_64 0.6 9.00 125.00 134.00 OK
r-release-osx-x86_64 0.6 NOTE
r-oldrel-windows-ix86+x86_64 0.6 5.00 105.00 110.00 OK
r-oldrel-osx-x86_64 0.6 NOTE

Check Details

Version: 0.6
Check: dependencies in R code
Result: NOTE
    Namespace in Imports field not imported from: ‘BiasedUrn’
     All declared Imports should be used.
Flavors: r-devel-linux-x86_64-fedora-clang, r-devel-linux-x86_64-fedora-gcc, r-patched-solaris-x86, r-release-osx-x86_64, r-oldrel-osx-x86_64