CRAN Package Check Results for Package gridsampler

Last updated on 2019-02-15 20:46:51 CET.

Flavor Version Tinstall Tcheck Ttotal Status Flags
r-devel-linux-x86_64-debian-clang 0.6 2.94 75.30 78.24 OK
r-devel-linux-x86_64-debian-gcc 0.6 2.48 56.27 58.75 OK
r-devel-linux-x86_64-fedora-clang 0.6 91.65 NOTE
r-devel-linux-x86_64-fedora-gcc 0.6 86.12 NOTE
r-devel-windows-ix86+x86_64 0.6 9.00 138.00 147.00 OK
r-patched-linux-x86_64 0.6 2.59 71.66 74.25 OK
r-patched-solaris-x86 0.6 140.00 NOTE
r-release-linux-x86_64 0.6 2.22 71.75 73.97 OK
r-release-windows-ix86+x86_64 0.6 7.00 127.00 134.00 OK
r-release-osx-x86_64 0.6 NOTE
r-oldrel-windows-ix86+x86_64 0.6 15.00 144.00 159.00 OK
r-oldrel-osx-x86_64 0.6 NOTE

Check Details

Version: 0.6
Check: dependencies in R code
Result: NOTE
    Namespace in Imports field not imported from: ‘BiasedUrn’
     All declared Imports should be used.
Flavors: r-devel-linux-x86_64-fedora-clang, r-devel-linux-x86_64-fedora-gcc, r-patched-solaris-x86, r-release-osx-x86_64, r-oldrel-osx-x86_64