CRAN Package Check Results for Package gridsampler

Last updated on 2018-11-14 05:49:29 CET.

Flavor Version Tinstall Tcheck Ttotal Status Flags
r-devel-linux-x86_64-debian-clang 0.6 2.86 78.41 81.27 OK
r-devel-linux-x86_64-debian-gcc 0.6 2.52 58.22 60.74 OK
r-devel-linux-x86_64-fedora-clang 0.6 92.97 NOTE
r-devel-linux-x86_64-fedora-gcc 0.6 94.43 NOTE
r-devel-windows-ix86+x86_64 0.6 8.00 134.00 142.00 OK
r-patched-linux-x86_64 0.6 2.65 72.39 75.04 OK
r-patched-solaris-x86 0.6 134.20 NOTE
r-release-linux-x86_64 0.6 2.59 72.89 75.48 OK
r-release-windows-ix86+x86_64 0.6 16.00 94.00 110.00 OK
r-release-osx-x86_64 0.6 NOTE
r-oldrel-windows-ix86+x86_64 0.6 11.00 107.00 118.00 OK
r-oldrel-osx-x86_64 0.6 NOTE

Check Details

Version: 0.6
Check: dependencies in R code
Result: NOTE
    Namespace in Imports field not imported from: ‘BiasedUrn’
     All declared Imports should be used.
Flavors: r-devel-linux-x86_64-fedora-clang, r-devel-linux-x86_64-fedora-gcc, r-patched-solaris-x86, r-release-osx-x86_64, r-oldrel-osx-x86_64