CRAN Package Check Results for Package gridsampler

Last updated on 2018-08-19 04:46:55 CEST.

Flavor Version Tinstall Tcheck Ttotal Status Flags
r-devel-linux-x86_64-debian-clang 0.6 2.83 76.03 78.86 OK
r-devel-linux-x86_64-debian-gcc 0.6 2.40 57.42 59.82 OK
r-devel-linux-x86_64-fedora-clang 0.6 93.29 NOTE
r-devel-linux-x86_64-fedora-gcc 0.6 90.38 NOTE
r-devel-windows-ix86+x86_64 0.6 12.00 120.00 132.00 OK
r-patched-linux-x86_64 0.6 2.02 71.69 73.71 OK
r-patched-solaris-x86 0.6 133.60 NOTE
r-release-linux-x86_64 0.6 2.57 71.80 74.37 OK
r-release-windows-ix86+x86_64 0.6 12.00 158.00 170.00 OK
r-release-osx-x86_64 0.6 NOTE
r-oldrel-windows-ix86+x86_64 0.6 11.00 102.00 113.00 OK
r-oldrel-osx-x86_64 0.6 NOTE

Check Details

Version: 0.6
Check: dependencies in R code
Result: NOTE
    Namespace in Imports field not imported from: ‘BiasedUrn’
     All declared Imports should be used.
Flavors: r-devel-linux-x86_64-fedora-clang, r-devel-linux-x86_64-fedora-gcc, r-patched-solaris-x86, r-release-osx-x86_64, r-oldrel-osx-x86_64