CRAN Package Check Results for Package gridsampler

Last updated on 2018-05-23 16:48:07 CEST.

Flavor Version Tinstall Tcheck Ttotal Status Flags
r-devel-linux-x86_64-debian-clang 0.6 2.90 70.53 73.43 OK
r-devel-linux-x86_64-debian-gcc 0.6 0.46 1.49 1.95 ERROR
r-devel-linux-x86_64-fedora-clang 0.6 85.68 NOTE
r-devel-linux-x86_64-fedora-gcc 0.6 86.43 NOTE
r-devel-windows-ix86+x86_64 0.6 8.00 117.00 125.00 OK
r-patched-linux-x86_64 0.6 2.23 67.39 69.62 OK
r-patched-solaris-x86 0.6 124.60 NOTE
r-release-linux-x86_64 0.6 2.55 66.39 68.94 OK
r-release-windows-ix86+x86_64 0.6 12.00 112.00 124.00 OK
r-release-osx-x86_64 0.6 NOTE
r-oldrel-windows-ix86+x86_64 0.6 14.00 102.00 116.00 OK
r-oldrel-osx-x86_64 0.6 NOTE

Check Details

Version: 0.6
Check: package dependencies
Result: ERROR
    Package required but not available: ‘ggplot2’
    
    See section ‘The DESCRIPTION file’ in the ‘Writing R Extensions’
    manual.
Flavor: r-devel-linux-x86_64-debian-gcc

Version: 0.6
Check: dependencies in R code
Result: NOTE
    Namespace in Imports field not imported from: ‘BiasedUrn’
     All declared Imports should be used.
Flavors: r-devel-linux-x86_64-fedora-clang, r-devel-linux-x86_64-fedora-gcc, r-patched-solaris-x86, r-release-osx-x86_64, r-oldrel-osx-x86_64