CRAN Package Check Results for Package gridtext

Last updated on 2024-06-21 11:56:26 CEST.

Flavor Version Tinstall Tcheck Ttotal Status Flags
r-devel-linux-x86_64-debian-clang 0.1.5 51.93 44.95 96.88 NOTE
r-devel-linux-x86_64-debian-gcc 0.1.5 34.34 33.64 67.98 NOTE
r-devel-linux-x86_64-fedora-clang 0.1.5 121.03 NOTE
r-devel-linux-x86_64-fedora-gcc 0.1.5 129.53 NOTE
r-devel-windows-x86_64 0.1.5 38.00 70.00 108.00 NOTE
r-patched-linux-x86_64 0.1.5 41.90 43.45 85.35 NOTE
r-release-linux-x86_64 0.1.5 40.45 42.00 82.45 NOTE
r-release-macos-arm64 0.1.5 33.00 NOTE
r-release-macos-x86_64 0.1.5 40.00 NOTE
r-release-windows-x86_64 0.1.5 39.00 67.00 106.00 NOTE
r-oldrel-macos-arm64 0.1.5 36.00 NOTE
r-oldrel-macos-x86_64 0.1.5 57.00 NOTE
r-oldrel-windows-x86_64 0.1.5 49.00 82.00 131.00 NOTE

Check Details

Version: 0.1.5
Check: C++ specification
Result: NOTE Specified C++11: please drop specification unless essential Flavors: r-devel-linux-x86_64-debian-clang, r-devel-linux-x86_64-debian-gcc, r-devel-linux-x86_64-fedora-clang, r-devel-linux-x86_64-fedora-gcc, r-devel-windows-x86_64, r-patched-linux-x86_64, r-release-linux-x86_64, r-release-macos-arm64, r-release-macos-x86_64, r-release-windows-x86_64, r-oldrel-macos-arm64, r-oldrel-macos-x86_64, r-oldrel-windows-x86_64