CRAN Package Check Results for Package grmsem

Last updated on 2021-05-08 09:51:10 CEST.

Flavor Version Tinstall Tcheck Ttotal Status Flags
r-devel-linux-x86_64-debian-clang 1.1.0 5.62 266.52 272.14 OK
r-devel-linux-x86_64-debian-gcc 1.1.0 4.15 221.99 226.14 OK
r-devel-linux-x86_64-fedora-clang 1.1.0 340.63 NOTE
r-devel-linux-x86_64-fedora-gcc 1.1.0 338.29 NOTE
r-devel-windows-ix86+x86_64 1.1.0 7.00 332.00 339.00 OK
r-devel-windows-x86_64-gcc10-UCRT 1.1.0 NOTE
r-patched-linux-x86_64 1.1.0 5.40 264.92 270.32 OK
r-patched-solaris-x86 1.1.0 540.80 NOTE
r-release-linux-x86_64 1.1.0 5.57 270.39 275.96 OK
r-release-macos-x86_64 1.1.0 NOTE
r-release-windows-ix86+x86_64 1.1.0 8.00 284.00 292.00 OK
r-oldrel-macos-x86_64 1.1.0 NOTE
r-oldrel-windows-ix86+x86_64 1.1.0 8.00 337.00 345.00 OK

Check Details

Version: 1.1.0
Check: dependencies in R code
Result: NOTE
    Namespace in Imports field not imported from: ‘msm’
     All declared Imports should be used.
Flavors: r-devel-linux-x86_64-fedora-clang, r-devel-linux-x86_64-fedora-gcc, r-devel-windows-x86_64-gcc10-UCRT, r-patched-solaris-x86, r-release-macos-x86_64, r-oldrel-macos-x86_64