CRAN Package Check Results for Package groupdata2

Last updated on 2018-08-17 00:49:47 CEST.

Flavor Version Tinstall Tcheck Ttotal Status Flags
r-devel-linux-x86_64-debian-clang 1.0.0 3.64 61.99 65.63 OK
r-devel-linux-x86_64-debian-gcc 1.0.0 3.09 49.15 52.24 OK
r-devel-linux-x86_64-fedora-clang 1.0.0 79.90 OK
r-devel-linux-x86_64-fedora-gcc 1.0.0 75.19 OK
r-devel-windows-ix86+x86_64 1.0.0 9.00 93.00 102.00 OK
r-patched-linux-x86_64 1.0.0 3.22 56.13 59.35 NOTE
r-patched-solaris-x86 1.0.0 101.10 OK
r-release-linux-x86_64 1.0.0 3.15 57.03 60.18 NOTE
r-release-windows-ix86+x86_64 1.0.0 9.00 108.00 117.00 OK
r-release-osx-x86_64 1.0.0 OK
r-oldrel-windows-ix86+x86_64 1.0.0 10.00 116.00 126.00 OK
r-oldrel-osx-x86_64 1.0.0 OK

Check Details

Version: 1.0.0
Check: DESCRIPTION meta-information
Result: NOTE
    Dependence on R version ‘3.3.1’ not with patchlevel 0
Flavors: r-patched-linux-x86_64, r-release-linux-x86_64