CRAN Package Check Results for Package groupdata2

Last updated on 2018-10-18 14:47:23 CEST.

Flavor Version Tinstall Tcheck Ttotal Status Flags
r-devel-linux-x86_64-debian-clang 1.0.0 3.59 63.90 67.49 OK
r-devel-linux-x86_64-debian-gcc 1.0.0 OK
r-devel-linux-x86_64-fedora-clang 1.0.0 79.29 OK
r-devel-linux-x86_64-fedora-gcc 1.0.0 77.23 OK
r-devel-windows-ix86+x86_64 1.0.0 9.00 106.00 115.00 OK
r-patched-linux-x86_64 1.0.0 2.32 56.84 59.16 NOTE
r-patched-solaris-x86 1.0.0 98.50 OK
r-release-linux-x86_64 1.0.0 3.32 56.25 59.57 NOTE
r-release-windows-ix86+x86_64 1.0.0 8.00 77.00 85.00 OK
r-release-osx-x86_64 1.0.0 OK
r-oldrel-windows-ix86+x86_64 1.0.0 6.00 121.00 127.00 OK
r-oldrel-osx-x86_64 1.0.0 OK

Check Details

Version: 1.0.0
Check: DESCRIPTION meta-information
Result: NOTE
    Dependence on R version ‘3.3.1’ not with patchlevel 0
Flavors: r-patched-linux-x86_64, r-release-linux-x86_64