CRAN Package Check Results for Package groupdata2

Last updated on 2019-01-24 09:49:37 CET.

Flavor Version Tinstall Tcheck Ttotal Status Flags
r-devel-linux-x86_64-debian-clang 1.0.0 3.56 67.73 71.29 OK
r-devel-linux-x86_64-debian-gcc 1.0.0 2.79 51.46 54.25 OK
r-devel-linux-x86_64-fedora-clang 1.0.0 82.99 OK
r-devel-linux-x86_64-fedora-gcc 1.0.0 77.64 OK
r-devel-windows-ix86+x86_64 1.0.0 8.00 125.00 133.00 OK
r-patched-linux-x86_64 1.0.0 3.16 56.72 59.88 NOTE
r-patched-solaris-x86 1.0.0 107.00 OK
r-release-linux-x86_64 1.0.0 2.74 57.65 60.39 NOTE
r-release-windows-ix86+x86_64 1.0.0 6.00 73.00 79.00 OK
r-release-osx-x86_64 1.0.0 OK
r-oldrel-windows-ix86+x86_64 1.0.0 10.00 89.00 99.00 OK
r-oldrel-osx-x86_64 1.0.0 OK

Check Details

Version: 1.0.0
Check: DESCRIPTION meta-information
Result: NOTE
    Dependence on R version ‘3.3.1’ not with patchlevel 0
Flavors: r-patched-linux-x86_64, r-release-linux-x86_64