CRAN Package Check Results for Package groupdata2

Last updated on 2018-05-27 16:50:06 CEST.

Flavor Version Tinstall Tcheck Ttotal Status Flags
r-devel-linux-x86_64-debian-clang 1.0.0 2.99 60.51 63.50 OK
r-devel-linux-x86_64-debian-gcc 1.0.0 2.08 46.80 48.88 OK
r-devel-linux-x86_64-fedora-clang 1.0.0 74.63 OK
r-devel-linux-x86_64-fedora-gcc 1.0.0 72.06 OK
r-devel-windows-ix86+x86_64 1.0.0 6.00 69.00 75.00 OK
r-patched-linux-x86_64 1.0.0 2.70 54.08 56.78 NOTE
r-patched-solaris-x86 1.0.0 95.70 OK
r-release-linux-x86_64 1.0.0 2.43 54.94 57.37 NOTE
r-release-windows-ix86+x86_64 1.0.0 7.00 96.00 103.00 OK
r-release-osx-x86_64 1.0.0 OK
r-oldrel-windows-ix86+x86_64 1.0.0 9.00 78.00 87.00 OK
r-oldrel-osx-x86_64 1.0.0 OK

Check Details

Version: 1.0.0
Check: DESCRIPTION meta-information
Result: NOTE
    Dependence on R version ‘3.3.1’ not with patchlevel 0
Flavors: r-patched-linux-x86_64, r-release-linux-x86_64