CRAN Package Check Results for Package groupedSurv

Last updated on 2021-04-14 07:48:27 CEST.

Flavor Version Tinstall Tcheck Ttotal Status Flags
r-devel-linux-x86_64-debian-clang 1.0.4.2 109.25 64.90 174.15 OK
r-devel-linux-x86_64-debian-gcc 1.0.4.2 68.26 49.76 118.02 OK
r-devel-linux-x86_64-fedora-clang 1.0.4.2 252.34 NOTE
r-devel-linux-x86_64-fedora-gcc 1.0.4.2 209.33 OK
r-devel-windows-ix86+x86_64 1.0.4.2 245.00 125.00 370.00 OK
r-devel-windows-x86_64-gcc10-UCRT 1.0.4.2 OK
r-patched-linux-x86_64 1.0.4.2 80.97 62.04 143.01 OK
r-patched-solaris-x86 1.0.4.2 204.90 OK
r-release-linux-x86_64 1.0.4.2 82.97 62.38 145.35 OK
r-release-macos-x86_64 1.0.4.2 NOTE
r-release-windows-ix86+x86_64 1.0.4.2 179.00 132.00 311.00 OK
r-oldrel-macos-x86_64 1.0.4.2 NOTE
r-oldrel-windows-ix86+x86_64 1.0.4.2 212.00 86.00 298.00 OK

Check Details

Version: 1.0.4.2
Check: installed package size
Result: NOTE
     installed size is 9.2Mb
     sub-directories of 1Mb or more:
     libs 8.8Mb
Flavors: r-devel-linux-x86_64-fedora-clang, r-release-macos-x86_64, r-oldrel-macos-x86_64