CRAN Package Check Results for Package grove

Last updated on 2024-03-02 13:50:22 CET.

Flavor Version Tinstall Tcheck Ttotal Status Flags
r-devel-linux-x86_64-debian-clang 1.1.1 74.94 36.95 111.89 OK
r-devel-linux-x86_64-debian-gcc 1.1.1 55.98 28.12 84.10 OK
r-devel-linux-x86_64-fedora-clang 1.1.1 156.82 NOTE
r-devel-linux-x86_64-fedora-gcc 1.1.1 156.55 NOTE
r-devel-windows-x86_64 1.1.1 55.00 74.00 129.00 OK
r-patched-linux-x86_64 1.1.1 66.27 36.39 102.66 OK
r-release-linux-x86_64 1.1.1 63.10 35.75 98.85 OK
r-release-macos-arm64 1.1.1 43.00 OK
r-release-macos-x86_64 1.1.1 72.00 OK
r-release-windows-x86_64 1.1.1 52.00 84.00 136.00 OK
r-oldrel-macos-arm64 1.1.1 42.00 OK
r-oldrel-windows-x86_64 1.1.1 65.00 129.00 194.00 OK

Check Details

Version: 1.1.1
Check: compiled code
Result: NOTE File ‘grove/libs/grove.so’: Found no calls to: ‘R_registerRoutines’, ‘R_useDynamicSymbols’ It is good practice to register native routines and to disable symbol search. See ‘Writing portable packages’ in the ‘Writing R Extensions’ manual. Flavors: r-devel-linux-x86_64-fedora-clang, r-devel-linux-x86_64-fedora-gcc