CRAN Package Check Results for Package growthPheno

Last updated on 2020-01-19 14:47:12 CET.

Flavor Version Tinstall Tcheck Ttotal Status Flags
r-devel-linux-x86_64-debian-clang 1.0-21 15.79 128.82 144.61 OK
r-devel-linux-x86_64-debian-gcc 1.0-21 13.21 98.51 111.72 OK
r-devel-linux-x86_64-fedora-clang 1.0-21 171.67 OK
r-devel-linux-x86_64-fedora-gcc 1.0-21 178.07 OK
r-devel-windows-ix86+x86_64 1.0-21 61.00 130.00 191.00 OK
r-devel-windows-ix86+x86_64-gcc8 1.0-15 36.00 222.00 258.00 OK
r-patched-linux-x86_64 1.0-21 13.68 111.09 124.77 OK
r-patched-solaris-x86 1.0-21 220.40 NOTE
r-release-linux-x86_64 1.0-21 13.55 112.90 126.45 OK
r-release-windows-ix86+x86_64 1.0-21 44.00 188.00 232.00 OK
r-release-osx-x86_64 1.0-21 OK
r-oldrel-windows-ix86+x86_64 1.0-21 30.00 159.00 189.00 OK
r-oldrel-osx-x86_64 1.0-21 OK

Check Details

Version: 1.0-21
Check: installed package size
Result: NOTE
     installed size is 5.0Mb
     sub-directories of 1Mb or more:
     doc 2.3Mb
     extdata 1.1Mb
Flavor: r-patched-solaris-x86