CRAN Package Check Results for Package growthPheno

Last updated on 2019-09-16 22:49:23 CEST.

Flavor Version Tinstall Tcheck Ttotal Status Flags
r-devel-linux-x86_64-debian-clang 1.0-15 16.18 127.70 143.88 OK
r-devel-linux-x86_64-debian-gcc 1.0-15 13.11 98.35 111.46 OK
r-devel-linux-x86_64-fedora-clang 1.0-15 170.13 OK
r-devel-linux-x86_64-fedora-gcc 1.0-15 171.14 OK
r-devel-windows-ix86+x86_64 1.0-15 36.00 6.00 42.00 ERROR
r-patched-linux-x86_64 1.0-15 13.52 123.87 137.39 OK
r-patched-solaris-x86 1.0-15 242.10 OK
r-release-linux-x86_64 1.0-15 16.28 124.89 141.17 OK
r-release-windows-ix86+x86_64 1.0-15 36.00 220.00 256.00 OK
r-release-osx-x86_64 1.0-15 OK
r-oldrel-windows-ix86+x86_64 1.0-15 32.00 130.00 162.00 OK
r-oldrel-osx-x86_64 1.0-15 OK

Check Details

Version: 1.0-15
Check: whether package can be installed
Result: ERROR
    Installation failed.
Flavor: r-devel-windows-ix86+x86_64