CRAN Package Check Results for Package growthcleanr

Last updated on 2024-03-02 19:50:19 CET.

Flavor Version Tinstall Tcheck Ttotal Status Flags
r-devel-linux-x86_64-debian-gcc 2.2.0 13.56 75.88 89.44 OK
r-devel-linux-x86_64-fedora-clang 2.2.0 158.32 NOTE
r-devel-linux-x86_64-fedora-gcc 2.2.0 141.31 OK
r-devel-windows-x86_64 2.2.0 15.00 91.00 106.00 NOTE
r-patched-linux-x86_64 2.2.0 12.00 99.13 111.13 OK
r-release-linux-x86_64 2.2.0 11.84 99.49 111.33 OK
r-release-macos-arm64 2.2.0 52.00 NOTE
r-release-macos-x86_64 2.2.0 95.00 NOTE
r-release-windows-x86_64 2.2.0 21.00 114.00 135.00 NOTE
r-oldrel-macos-arm64 2.2.0 47.00 NOTE
r-oldrel-windows-x86_64 2.2.0 24.00 130.00 154.00 NOTE

Check Details

Version: 2.2.0
Check: installed package size
Result: NOTE installed size is 6.0Mb sub-directories of 1Mb or more: extdata 5.1Mb Flavors: r-devel-linux-x86_64-fedora-clang, r-devel-windows-x86_64, r-release-macos-arm64, r-release-macos-x86_64, r-release-windows-x86_64, r-oldrel-macos-arm64, r-oldrel-windows-x86_64