CRAN Package Check Results for Package growthrates

Last updated on 2024-02-27 12:50:38 CET.

Flavor Version Tinstall Tcheck Ttotal Status Flags
r-devel-linux-x86_64-debian-clang 0.8.4 8.81 78.48 87.29 NOTE
r-devel-linux-x86_64-debian-gcc 0.8.4 4.95 59.02 63.97 NOTE
r-devel-linux-x86_64-fedora-clang 0.8.4 105.76 NOTE
r-devel-linux-x86_64-fedora-gcc 0.8.4 122.62 NOTE
r-devel-windows-x86_64 0.8.4 9.00 104.00 113.00 OK
r-patched-linux-x86_64 0.8.4 12.18 76.00 88.18 OK
r-release-linux-x86_64 0.8.4 7.95 75.17 83.12 OK
r-release-macos-arm64 0.8.4 49.00 OK
r-release-macos-x86_64 0.8.4 88.00 OK
r-release-windows-x86_64 0.8.4 12.00 127.00 139.00 OK
r-oldrel-macos-arm64 0.8.4 47.00 OK
r-oldrel-windows-x86_64 0.8.4 11.00 124.00 135.00 OK

Check Details

Version: 0.8.4
Check: Rd files
Result: NOTE checkRd: (-1) predict.Rd:30: Lost braces 30 | resp. code{'exponential'} or \code{'no_lag'} for \code{fit_easylinear}.} | ^ Flavors: r-devel-linux-x86_64-debian-clang, r-devel-linux-x86_64-debian-gcc, r-devel-linux-x86_64-fedora-clang, r-devel-linux-x86_64-fedora-gcc