CRAN Package Check Results for Package grpreg

Last updated on 2024-02-22 01:57:30 CET.

Flavor Version Tinstall Tcheck Ttotal Status Flags
r-devel-linux-x86_64-debian-clang 3.4.0 NOTE
r-devel-linux-x86_64-debian-gcc 3.4.0 13.07 71.69 84.76 NOTE
r-devel-linux-x86_64-fedora-clang 3.4.0 136.35 OK
r-devel-linux-x86_64-fedora-gcc 3.4.0 143.83 OK
r-devel-windows-x86_64 3.4.0 16.00 97.00 113.00 OK
r-patched-linux-x86_64 3.4.0 16.94 94.35 111.29 OK
r-release-linux-x86_64 3.4.0 16.14 93.18 109.32 OK
r-release-macos-arm64 3.4.0 52.00 OK
r-release-macos-x86_64 3.4.0 83.00 OK
r-release-windows-x86_64 3.4.0 21.00 113.00 134.00 OK
r-oldrel-macos-arm64 3.4.0 47.00 OK
r-oldrel-windows-x86_64 3.4.0 20.00 110.00 130.00 OK

Check Details

Version: 3.4.0
Check: Rd files
Result: NOTE checkRd: (-1) Birthwt.Rd:18: Lost braces in \itemize; meant \describe ? checkRd: (-1) Birthwt.Rd:19: Lost braces in \itemize; meant \describe ? checkRd: (-1) Birthwt.Rd:20: Lost braces in \itemize; meant \describe ? checkRd: (-1) Birthwt.Rd:21-22: Lost braces in \itemize; meant \describe ? checkRd: (-1) Birthwt.Rd:26-28: Lost braces in \itemize; meant \describe ? checkRd: (-1) Birthwt.Rd:29-31: Lost braces in \itemize; meant \describe ? checkRd: (-1) Birthwt.Rd:32-33: Lost braces in \itemize; meant \describe ? checkRd: (-1) Birthwt.Rd:34: Lost braces in \itemize; meant \describe ? checkRd: (-1) Birthwt.Rd:35-37: Lost braces in \itemize; meant \describe ? checkRd: (-1) Birthwt.Rd:38: Lost braces in \itemize; meant \describe ? checkRd: (-1) Birthwt.Rd:39: Lost braces in \itemize; meant \describe ? checkRd: (-1) Birthwt.Rd:40-43: Lost braces in \itemize; meant \describe ? checkRd: (-1) Lung.Rd:14-16: Lost braces in \itemize; meant \describe ? checkRd: (-1) Lung.Rd:17: Lost braces in \itemize; meant \describe ? checkRd: (-1) Lung.Rd:18-19: Lost braces in \itemize; meant \describe ? checkRd: (-1) Lung.Rd:23-24: Lost braces in \itemize; meant \describe ? checkRd: (-1) Lung.Rd:25-27: Lost braces in \itemize; meant \describe ? checkRd: (-1) Lung.Rd:28-30: Lost braces in \itemize; meant \describe ? checkRd: (-1) Lung.Rd:31-33: Lost braces in \itemize; meant \describe ? checkRd: (-1) Lung.Rd:34: Lost braces in \itemize; meant \describe ? checkRd: (-1) Lung.Rd:36-38: Lost braces in \itemize; meant \describe ? Flavors: r-devel-linux-x86_64-debian-clang, r-devel-linux-x86_64-debian-gcc