CRAN Package Check Results for Package grwat

Last updated on 2022-11-26 10:58:00 CET.

Flavor Version Tinstall Tcheck Ttotal Status Flags
r-devel-linux-x86_64-debian-clang 0.0.2 37.21 410.52 447.73 OK
r-devel-linux-x86_64-debian-gcc 0.0.2 28.38 291.74 320.12 OK
r-devel-linux-x86_64-fedora-clang 0.0.2 535.50 OK
r-devel-linux-x86_64-fedora-gcc 0.0.2 526.87 OK
r-devel-windows-x86_64 0.0.2 82.00 438.00 520.00 OK
r-patched-linux-x86_64 0.0.2 OK
r-release-linux-x86_64 0.0.2 30.89 366.93 397.82 OK
r-release-macos-arm64 0.0.2 163.00 NOTE
r-release-macos-x86_64 0.0.2 189.00 NOTE
r-release-windows-x86_64 0.0.2 105.00 461.00 566.00 OK
r-oldrel-macos-arm64 0.0.2 146.00 NOTE
r-oldrel-macos-x86_64 0.0.2 187.00 NOTE
r-oldrel-windows-ix86+x86_64 0.0.2 82.00 667.00 749.00 OK

Check Details

Version: 0.0.2
Check: installed package size
Result: NOTE
     installed size is 5.1Mb
     sub-directories of 1Mb or more:
     doc 1.6Mb
     libs 2.4Mb
Flavors: r-release-macos-arm64, r-release-macos-x86_64, r-oldrel-macos-arm64, r-oldrel-macos-x86_64