CRAN Package Check Results for Package gsDesign

Last updated on 2018-05-27 22:49:50 CEST.

Flavor Version Tinstall Tcheck Ttotal Status Flags
r-devel-linux-x86_64-debian-clang 3.0-1 11.11 94.23 105.34 NOTE
r-devel-linux-x86_64-debian-gcc 3.0-1 9.90 71.46 81.36 NOTE
r-devel-linux-x86_64-fedora-clang 3.0-1 128.41 NOTE
r-devel-linux-x86_64-fedora-gcc 3.0-1 125.41 NOTE
r-devel-windows-ix86+x86_64 3.0-1 25.00 128.00 153.00 NOTE
r-patched-linux-x86_64 3.0-1 11.85 89.80 101.65 NOTE
r-patched-solaris-x86 3.0-1 153.70 NOTE
r-release-linux-x86_64 3.0-1 10.45 91.11 101.56 NOTE
r-release-windows-ix86+x86_64 3.0-1 30.00 173.00 203.00 NOTE
r-release-osx-x86_64 3.0-1 NOTE
r-oldrel-windows-ix86+x86_64 3.0-1 30.00 139.00 169.00 NOTE
r-oldrel-osx-x86_64 3.0-1 NOTE

Check Details

Version: 3.0-1
Check: R code for possible problems
Result: NOTE
    plotgsCP: no visible global function definition for ‘opts’
    plotgsPower: no visible global function definition for ‘opts’
    qplotit: no visible global function definition for ‘opts’
    Undefined global functions or variables:
     opts
Flavors: r-devel-linux-x86_64-debian-clang, r-devel-linux-x86_64-debian-gcc, r-devel-linux-x86_64-fedora-clang, r-devel-linux-x86_64-fedora-gcc, r-devel-windows-ix86+x86_64, r-patched-linux-x86_64, r-patched-solaris-x86, r-release-linux-x86_64, r-release-windows-ix86+x86_64, r-release-osx-x86_64, r-oldrel-windows-ix86+x86_64, r-oldrel-osx-x86_64

Version: 3.0-1
Check: compiled code
Result: NOTE
    File ‘gsDesign/libs/gsDesign.so’:
     Found no calls to: ‘R_registerRoutines’, ‘R_useDynamicSymbols’
    
    It is good practice to register native routines and to disable symbol
    search.
    
    See ‘Writing portable packages’ in the ‘Writing R Extensions’ manual.
Flavors: r-devel-linux-x86_64-debian-clang, r-devel-linux-x86_64-debian-gcc, r-devel-linux-x86_64-fedora-clang, r-devel-linux-x86_64-fedora-gcc, r-patched-linux-x86_64, r-release-linux-x86_64