CRAN Package Check Results for Package gsDesign

Last updated on 2019-01-23 20:48:04 CET.

Flavor Version Tinstall Tcheck Ttotal Status Flags
r-devel-linux-x86_64-debian-clang 3.0-1 9.77 109.48 119.25 NOTE
r-devel-linux-x86_64-debian-gcc 3.0-1 10.07 79.36 89.43 NOTE
r-devel-linux-x86_64-fedora-clang 3.0-1 143.41 NOTE
r-devel-linux-x86_64-fedora-gcc 3.0-1 132.67 NOTE
r-devel-windows-ix86+x86_64 3.0-1 32.00 192.00 224.00 NOTE
r-patched-linux-x86_64 3.0-1 11.60 98.56 110.16 NOTE
r-patched-solaris-x86 3.0-1 174.40 NOTE
r-release-linux-x86_64 3.0-1 11.49 98.95 110.44 NOTE
r-release-windows-ix86+x86_64 3.0-1 25.00 203.00 228.00 NOTE
r-release-osx-x86_64 3.0-1 NOTE
r-oldrel-windows-ix86+x86_64 3.0-1 18.00 227.00 245.00 NOTE
r-oldrel-osx-x86_64 3.0-1 NOTE

Check Details

Version: 3.0-1
Check: R code for possible problems
Result: NOTE
    plotgsCP: no visible global function definition for ‘opts’
    plotgsPower: no visible global function definition for ‘opts’
    qplotit: no visible global function definition for ‘opts’
    Undefined global functions or variables:
     opts
Flavors: r-devel-linux-x86_64-debian-clang, r-devel-linux-x86_64-debian-gcc, r-devel-linux-x86_64-fedora-clang, r-devel-linux-x86_64-fedora-gcc, r-devel-windows-ix86+x86_64, r-patched-linux-x86_64, r-patched-solaris-x86, r-release-linux-x86_64, r-release-windows-ix86+x86_64, r-release-osx-x86_64, r-oldrel-windows-ix86+x86_64, r-oldrel-osx-x86_64

Version: 3.0-1
Check: compiled code
Result: NOTE
    File ‘gsDesign/libs/gsDesign.so’:
     Found no calls to: ‘R_registerRoutines’, ‘R_useDynamicSymbols’
    
    It is good practice to register native routines and to disable symbol
    search.
    
    See ‘Writing portable packages’ in the ‘Writing R Extensions’ manual.
Flavors: r-devel-linux-x86_64-fedora-clang, r-devel-linux-x86_64-fedora-gcc