CRAN Package Check Results for Package gsDesign

Last updated on 2018-08-17 07:47:33 CEST.

Flavor Version Tinstall Tcheck Ttotal Status Flags
r-devel-linux-x86_64-debian-clang 3.0-1 10.06 103.30 113.36 NOTE
r-devel-linux-x86_64-debian-gcc 3.0-1 8.06 79.07 87.13 NOTE
r-devel-linux-x86_64-fedora-clang 3.0-1 137.65 NOTE
r-devel-linux-x86_64-fedora-gcc 3.0-1 133.67 NOTE
r-devel-windows-ix86+x86_64 3.0-1 37.00 194.00 231.00 NOTE
r-patched-linux-x86_64 3.0-1 11.34 99.50 110.84 NOTE
r-patched-solaris-x86 3.0-1 161.40 NOTE
r-release-linux-x86_64 3.0-1 12.11 99.76 111.87 NOTE
r-release-windows-ix86+x86_64 3.0-1 36.00 187.00 223.00 NOTE
r-release-osx-x86_64 3.0-1 NOTE
r-oldrel-windows-ix86+x86_64 3.0-1 22.00 162.00 184.00 NOTE
r-oldrel-osx-x86_64 3.0-1 NOTE

Check Details

Version: 3.0-1
Check: R code for possible problems
Result: NOTE
    plotgsCP: no visible global function definition for ‘opts’
    plotgsPower: no visible global function definition for ‘opts’
    qplotit: no visible global function definition for ‘opts’
    Undefined global functions or variables:
     opts
Flavors: r-devel-linux-x86_64-debian-clang, r-devel-linux-x86_64-debian-gcc, r-devel-linux-x86_64-fedora-clang, r-devel-linux-x86_64-fedora-gcc, r-devel-windows-ix86+x86_64, r-patched-linux-x86_64, r-patched-solaris-x86, r-release-linux-x86_64, r-release-windows-ix86+x86_64, r-release-osx-x86_64, r-oldrel-windows-ix86+x86_64, r-oldrel-osx-x86_64

Version: 3.0-1
Check: compiled code
Result: NOTE
    File ‘gsDesign/libs/gsDesign.so’:
     Found no calls to: ‘R_registerRoutines’, ‘R_useDynamicSymbols’
    
    It is good practice to register native routines and to disable symbol
    search.
    
    See ‘Writing portable packages’ in the ‘Writing R Extensions’ manual.
Flavors: r-devel-linux-x86_64-debian-clang, r-devel-linux-x86_64-debian-gcc, r-devel-linux-x86_64-fedora-clang, r-devel-linux-x86_64-fedora-gcc, r-patched-linux-x86_64, r-release-linux-x86_64