CRAN Package Check Results for Package gsEasy

Last updated on 2018-02-22 12:49:01 CET.

Flavor Version Tinstall Tcheck Ttotal Status Flags
r-devel-linux-x86_64-debian-clang 1.1 8.25 23.82 32.07 NOTE
r-devel-linux-x86_64-debian-gcc 1.1 5.22 20.81 26.03 NOTE
r-devel-linux-x86_64-fedora-clang 1.1 41.59 NOTE
r-devel-linux-x86_64-fedora-gcc 1.1 38.88 NOTE
r-devel-windows-ix86+x86_64 1.1 25.00 55.00 80.00 OK
r-patched-linux-x86_64 1.1 5.95 27.99 33.94 NOTE
r-patched-solaris-x86 1.1 60.70 OK
r-release-linux-x86_64 1.1 8.04 27.85 35.89 NOTE
r-release-windows-ix86+x86_64 1.1 26.00 73.00 99.00 OK
r-release-osx-x86_64 1.1 OK
r-oldrel-windows-ix86+x86_64 1.1 18.00 55.00 73.00 OK
r-oldrel-osx-x86_64 1.1 OK

Check Details

Version: 1.1
Check: compiled code
Result: NOTE
    File ‘gsEasy/libs/gsEasy.so’:
     Found no calls to: ‘R_registerRoutines’, ‘R_useDynamicSymbols’
    
    It is good practice to register native routines and to disable symbol
    search.
    
    See ‘Writing portable packages’ in the ‘Writing R Extensions’ manual.
Flavors: r-devel-linux-x86_64-debian-clang, r-devel-linux-x86_64-debian-gcc, r-devel-linux-x86_64-fedora-clang, r-devel-linux-x86_64-fedora-gcc, r-patched-linux-x86_64, r-release-linux-x86_64