CRAN Package Check Results for Package gsisdecoder

Last updated on 2024-04-17 17:56:24 CEST.

Flavor Version Tinstall Tcheck Ttotal Status Flags
r-devel-linux-x86_64-debian-clang 0.0.1 19.11 29.42 48.53 NOTE
r-devel-linux-x86_64-debian-gcc 0.0.1 14.64 23.15 37.79 NOTE
r-devel-linux-x86_64-fedora-clang 0.0.1 67.95 NOTE
r-devel-linux-x86_64-fedora-gcc 0.0.1 63.44 NOTE
r-prerel-macos-arm64 0.0.1 21.00 NOTE
r-prerel-windows-x86_64 0.0.1 17.00 62.00 79.00 NOTE
r-patched-linux-x86_64 0.0.1 16.39 29.31 45.70 NOTE
r-release-linux-x86_64 0.0.1 17.29 28.35 45.64 NOTE
r-release-macos-arm64 0.0.1 24.00 NOTE
r-release-macos-x86_64 0.0.1 34.00 NOTE
r-release-windows-x86_64 0.0.1 16.00 65.00 81.00 NOTE
r-oldrel-macos-arm64 0.0.1 23.00 NOTE
r-oldrel-windows-x86_64 0.0.1 22.00 70.00 92.00 NOTE

Check Details

Version: 0.0.1
Check: LazyData
Result: NOTE 'LazyData' is specified without a 'data' directory Flavors: r-devel-linux-x86_64-debian-clang, r-devel-linux-x86_64-debian-gcc, r-devel-linux-x86_64-fedora-clang, r-devel-linux-x86_64-fedora-gcc, r-prerel-macos-arm64, r-prerel-windows-x86_64, r-patched-linux-x86_64, r-release-linux-x86_64, r-release-macos-arm64, r-release-macos-x86_64, r-release-windows-x86_64, r-oldrel-macos-arm64, r-oldrel-windows-x86_64

Version: 0.0.1
Check: Rd cross-references
Result: NOTE Undeclared package ‘nflfastR’ in Rd xrefs Flavor: r-devel-linux-x86_64-fedora-clang