CRAN Package Check Results for Package gsisdecoder

Last updated on 2022-05-27 06:51:24 CEST.

Flavor Version Tinstall Tcheck Ttotal Status Flags
r-devel-linux-x86_64-debian-clang 0.0.1 16.02 37.60 53.62 NOTE
r-devel-linux-x86_64-debian-gcc 0.0.1 12.68 29.62 42.30 NOTE
r-devel-linux-x86_64-fedora-clang 0.0.1 73.27 NOTE
r-devel-linux-x86_64-fedora-gcc 0.0.1 66.48 NOTE
r-devel-windows-x86_64 0.0.1 30.00 71.00 101.00 NOTE
r-patched-linux-x86_64 0.0.1 14.76 36.98 51.74 NOTE
r-release-linux-x86_64 0.0.1 16.69 36.35 53.04 NOTE
r-release-macos-arm64 0.0.1 21.00 NOTE
r-release-macos-x86_64 0.0.1 28.00 NOTE
r-release-windows-x86_64 0.0.1 27.00 74.00 101.00 NOTE
r-oldrel-macos-arm64 0.0.1 25.00 NOTE
r-oldrel-macos-x86_64 0.0.1 40.00 NOTE
r-oldrel-windows-ix86+x86_64 0.0.1 45.00 73.00 118.00 NOTE

Check Details

Version: 0.0.1
Check: LazyData
Result: NOTE
     'LazyData' is specified without a 'data' directory
Flavors: r-devel-linux-x86_64-debian-clang, r-devel-linux-x86_64-debian-gcc, r-devel-linux-x86_64-fedora-clang, r-devel-linux-x86_64-fedora-gcc, r-devel-windows-x86_64, r-patched-linux-x86_64, r-release-linux-x86_64, r-release-macos-arm64, r-release-macos-x86_64, r-release-windows-x86_64, r-oldrel-macos-arm64, r-oldrel-macos-x86_64, r-oldrel-windows-ix86+x86_64

Version: 0.0.1
Check: Rd cross-references
Result: NOTE
    Undeclared package ‘nflfastR’ in Rd xrefs
Flavor: r-devel-linux-x86_64-fedora-clang