CRAN Package Check Results for Package gsl

Last updated on 2020-07-05 14:48:17 CEST.

Flavor Version Tinstall Tcheck Ttotal Status Flags
r-devel-linux-x86_64-debian-clang 2.1-6 12.93 54.46 67.39 OK
r-devel-linux-x86_64-debian-gcc 2.1-6 10.38 41.61 51.99 OK
r-devel-linux-x86_64-fedora-clang 2.1-6 90.03 OK
r-devel-linux-x86_64-fedora-gcc 2.1-6 79.72 OK
r-devel-windows-ix86+x86_64 2.1-6 52.00 115.00 167.00 OK
r-patched-linux-x86_64 2.1-6 13.42 54.70 68.12 OK
r-patched-solaris-x86 2.1-6 99.80 OK
r-release-linux-x86_64 2.1-6 11.70 54.50 66.20 OK
r-release-osx-x86_64 2.1-6 OK
r-release-windows-ix86+x86_64 2.1-6 44.00 77.00 121.00 OK
r-oldrel-osx-x86_64 2.1-6 ERROR
r-oldrel-windows-ix86+x86_64 2.1-6 43.00 101.00 144.00 OK

Check Details

Version: 2.1-6
Check: whether package can be installed
Result: ERROR
    Installation failed.
Flavor: r-oldrel-osx-x86_64