CRAN Package Check Results for Package gsl

Last updated on 2019-08-23 13:46:54 CEST.

Flavor Version Tinstall Tcheck Ttotal Status Flags
r-devel-linux-x86_64-debian-clang 2.1-6 12.21 49.25 61.46 OK
r-devel-linux-x86_64-debian-gcc 2.1-6 OK
r-devel-linux-x86_64-fedora-clang 2.1-6 76.41 OK
r-devel-linux-x86_64-fedora-gcc 2.1-6 73.97 OK
r-devel-windows-ix86+x86_64 2.1-6 114.00 107.00 221.00 OK
r-patched-linux-x86_64 2.1-6 10.30 48.76 59.06 OK
r-patched-solaris-x86 2.1-6 120.90 OK
r-release-linux-x86_64 2.1-6 11.29 49.15 60.44 OK
r-release-windows-ix86+x86_64 2.1-6 43.00 101.00 144.00 OK
r-release-osx-x86_64 2.1-6 ERROR
r-oldrel-windows-ix86+x86_64 2.1-6 38.00 70.00 108.00 OK
r-oldrel-osx-x86_64 2.1-6 ERROR

Check Details

Version: 2.1-6
Check: whether package can be installed
Result: ERROR
    Installation failed.
Flavors: r-release-osx-x86_64, r-oldrel-osx-x86_64