CRAN Package Check Results for Package gsl

Last updated on 2019-12-14 16:46:34 CET.

Flavor Version Tinstall Tcheck Ttotal Status Flags
r-devel-linux-x86_64-debian-clang 2.1-6 14.06 52.98 67.04 OK
r-devel-linux-x86_64-debian-gcc 2.1-6 10.15 40.32 50.47 OK
r-devel-linux-x86_64-fedora-clang 2.1-6 82.29 OK
r-devel-linux-x86_64-fedora-gcc 2.1-6 83.94 OK
r-devel-windows-ix86+x86_64 2.1-6 47.00 106.00 153.00 OK
r-devel-windows-ix86+x86_64-gcc8 2.1-6 51.00 82.00 133.00 OK
r-patched-linux-x86_64 2.1-6 10.23 48.12 58.35 OK
r-patched-solaris-x86 2.1-6 91.50 OK
r-release-linux-x86_64 2.1-6 10.94 48.39 59.33 OK
r-release-windows-ix86+x86_64 2.1-6 43.00 101.00 144.00 OK
r-release-osx-x86_64 2.1-6 ERROR
r-oldrel-windows-ix86+x86_64 2.1-6 38.00 70.00 108.00 OK
r-oldrel-osx-x86_64 2.1-6 ERROR

Check Details

Version: 2.1-6
Check: whether package can be installed
Result: ERROR
    Installation failed.
Flavors: r-release-osx-x86_64, r-oldrel-osx-x86_64