CRAN Package Check Results for Package gsloid

Last updated on 2018-05-23 15:47:45 CEST.

Flavor Version Tinstall Tcheck Ttotal Status Flags
r-devel-linux-x86_64-debian-clang 0.1.0 0.74 22.26 23.00 OK
r-devel-linux-x86_64-debian-gcc 0.1.0 0.60 14.64 15.24 WARN
r-devel-linux-x86_64-fedora-clang 0.1.0 28.66 OK
r-devel-linux-x86_64-fedora-gcc 0.1.0 26.43 OK
r-devel-windows-ix86+x86_64 0.1.0 3.00 46.00 49.00 OK
r-patched-linux-x86_64 0.1.0 0.57 21.16 21.73 OK
r-patched-solaris-x86 0.1.0 45.70 OK
r-release-linux-x86_64 0.1.0 0.81 21.24 22.05 OK
r-release-windows-ix86+x86_64 0.1.0 3.00 52.00 55.00 OK
r-release-osx-x86_64 0.1.0 OK
r-oldrel-windows-ix86+x86_64 0.1.0 5.00 42.00 47.00 OK
r-oldrel-osx-x86_64 0.1.0 OK

Check Details

Version: 0.1.0
Check: package dependencies
Result: NOTE
    Package suggested but not available for checking: ‘ggplot2’
Flavor: r-devel-linux-x86_64-debian-gcc

Version: 0.1.0
Check: re-building of vignette outputs
Result: WARN
    Error in re-building vignettes:
     ...
    Quitting from lines 64-75 (Introduction.Rmd)
    Error: processing vignette ‘Introduction.Rmd’ failed with diagnostics:
    there is no package called 'ggplot2'
    Execution halted
Flavor: r-devel-linux-x86_64-debian-gcc