CRAN Package Check Results for Package gsubfn

Last updated on 2018-12-17 15:49:19 CET.

Flavor Version Tinstall Tcheck Ttotal Status Flags
r-devel-linux-x86_64-debian-clang 0.7 1.81 19.98 21.79 ERROR
r-devel-linux-x86_64-debian-gcc 0.7 1.38 14.27 15.65 ERROR
r-devel-linux-x86_64-fedora-clang 0.7 39.95 OK
r-devel-linux-x86_64-fedora-gcc 0.7 38.45 OK
r-devel-windows-ix86+x86_64 0.7 5.00 66.00 71.00 OK
r-patched-linux-x86_64 0.7 1.20 15.15 16.35 ERROR
r-patched-solaris-x86 0.7 56.30 OK
r-release-linux-x86_64 0.7 1.72 28.94 30.66 OK
r-release-windows-ix86+x86_64 0.7 3.00 48.00 51.00 OK
r-release-osx-x86_64 0.7 OK
r-oldrel-windows-ix86+x86_64 0.7 5.00 63.00 68.00 OK
r-oldrel-osx-x86_64 0.7 OK

Check Details

Version: 0.7
Check: examples
Result: ERROR
    Running examples in ‘gsubfn-Ex.R’ failed
    The error most likely occurred in:
    
    > base::assign(".ptime", proc.time(), pos = "CheckExEnv")
    > ### Name: list
    > ### Title: Multiple value assignment.
    > ### Aliases: list [<-.result
    > ### Keywords: misc
    >
    > ### ** Examples
    >
    > # swap a and b without explicitly creating a temporary
    > a <- 1; b <- 2
    > list[a,b] <- list(b,a)
    >
    > # get eigenvectors and eigenvalues
    > list[eval, evec] <- eigen(cbind(1,1:3,3:1))
    >
    > # get today's month, day, year
    > require(chron)
    Loading required package: chron
    Error: package or namespace load failed for ‘chron’ in dyn.load(file, DLLpath = DLLpath, ...):
     unable to load shared object '/home/hornik/tmp/R.check/r-devel-clang/Work/build/Packages/chron/libs/chron.so':
     /home/hornik/tmp/R.check/r-devel-clang/Work/build/Packages/chron/libs/chron.so: failed to map segment from shared object
    > list[Month, Day, Year] <- month.day.year(unclass(Sys.Date()))
    Error in month.day.year(unclass(Sys.Date())) :
     could not find function "month.day.year"
    Execution halted
Flavor: r-devel-linux-x86_64-debian-clang

Version: 0.7
Check: re-building of vignette outputs
Result: WARN
    Error in re-building vignettes:
     ...
    Loading required package: proto
    Loading required package: SparseM
    Error: package or namespace load failed for ‘SparseM’ in dyn.load(file, DLLpath = DLLpath, ...):
     unable to load shared object ‘/home/hornik/tmp/R.check/r-devel-clang/Work/build/Packages/SparseM/libs/SparseM.so’:
     /home/hornik/tmp/R.check/r-devel-clang/Work/build/Packages/SparseM/libs/SparseM.so: failed to map segment from shared object
    
    Error: processing vignette ‘gsubfn.Rnw’ failed with diagnostics:
     chunk 19 (label = gsubfn-fn-quantreg-load)
    Error : package ‘SparseM’ could not be loaded
    Execution halted
Flavor: r-devel-linux-x86_64-debian-clang

Version: 0.7
Check: examples
Result: ERROR
    Running examples in ‘gsubfn-Ex.R’ failed
    The error most likely occurred in:
    
    > base::assign(".ptime", proc.time(), pos = "CheckExEnv")
    > ### Name: list
    > ### Title: Multiple value assignment.
    > ### Aliases: list [<-.result
    > ### Keywords: misc
    >
    > ### ** Examples
    >
    > # swap a and b without explicitly creating a temporary
    > a <- 1; b <- 2
    > list[a,b] <- list(b,a)
    >
    > # get eigenvectors and eigenvalues
    > list[eval, evec] <- eigen(cbind(1,1:3,3:1))
    >
    > # get today's month, day, year
    > require(chron)
    Loading required package: chron
    Error: package or namespace load failed for ‘chron’ in dyn.load(file, DLLpath = DLLpath, ...):
     unable to load shared object '/home/hornik/tmp/R.check/r-devel-gcc/Work/build/Packages/chron/libs/chron.so':
     /home/hornik/tmp/R.check/r-devel-gcc/Work/build/Packages/chron/libs/chron.so: failed to map segment from shared object
    > list[Month, Day, Year] <- month.day.year(unclass(Sys.Date()))
    Error in month.day.year(unclass(Sys.Date())) :
     could not find function "month.day.year"
    Execution halted
Flavor: r-devel-linux-x86_64-debian-gcc

Version: 0.7
Check: re-building of vignette outputs
Result: WARN
    Error in re-building vignettes:
     ...
    Loading required package: proto
    Loading required package: SparseM
    Error: package or namespace load failed for ‘SparseM’ in dyn.load(file, DLLpath = DLLpath, ...):
     unable to load shared object ‘/home/hornik/tmp/R.check/r-devel-gcc/Work/build/Packages/SparseM/libs/SparseM.so’:
     /home/hornik/tmp/R.check/r-devel-gcc/Work/build/Packages/SparseM/libs/SparseM.so: failed to map segment from shared object
    
    Error: processing vignette ‘gsubfn.Rnw’ failed with diagnostics:
     chunk 19 (label = gsubfn-fn-quantreg-load)
    Error : package ‘SparseM’ could not be loaded
    Execution halted
Flavor: r-devel-linux-x86_64-debian-gcc

Version: 0.7
Check: examples
Result: ERROR
    Running examples in ‘gsubfn-Ex.R’ failed
    The error most likely occurred in:
    
    > base::assign(".ptime", proc.time(), pos = "CheckExEnv")
    > ### Name: list
    > ### Title: Multiple value assignment.
    > ### Aliases: list [<-.result
    > ### Keywords: misc
    >
    > ### ** Examples
    >
    > # swap a and b without explicitly creating a temporary
    > a <- 1; b <- 2
    > list[a,b] <- list(b,a)
    >
    > # get eigenvectors and eigenvalues
    > list[eval, evec] <- eigen(cbind(1,1:3,3:1))
    >
    > # get today's month, day, year
    > require(chron)
    Loading required package: chron
    Error: package or namespace load failed for ‘chron’ in dyn.load(file, DLLpath = DLLpath, ...):
     unable to load shared object '/home/hornik/tmp/R.check/r-patched-gcc/Work/build/Packages/chron/libs/chron.so':
     /home/hornik/tmp/R.check/r-patched-gcc/Work/build/Packages/chron/libs/chron.so: failed to map segment from shared object
    > list[Month, Day, Year] <- month.day.year(unclass(Sys.Date()))
    Error in month.day.year(unclass(Sys.Date())) :
     could not find function "month.day.year"
    Execution halted
Flavor: r-patched-linux-x86_64

Version: 0.7
Check: re-building of vignette outputs
Result: WARN
    Error in re-building vignettes:
     ...
    Loading required package: proto
    Loading required package: SparseM
    Error: package or namespace load failed for ‘SparseM’ in dyn.load(file, DLLpath = DLLpath, ...):
     unable to load shared object ‘/home/hornik/tmp/R.check/r-patched-gcc/Work/build/Packages/SparseM/libs/SparseM.so’:
     /home/hornik/tmp/R.check/r-patched-gcc/Work/build/Packages/SparseM/libs/SparseM.so: failed to map segment from shared object
    
    Error: processing vignette ‘gsubfn.Rnw’ failed with diagnostics:
     chunk 19 (label = gsubfn-fn-quantreg-load)
    Error : package ‘SparseM’ could not be loaded
    Execution halted
Flavor: r-patched-linux-x86_64