CRAN Package Check Results for Package gte

Last updated on 2024-03-02 14:48:24 CET.

Flavor Version Tinstall Tcheck Ttotal Status Flags
r-devel-linux-x86_64-debian-clang 1.2-3 6.53 66.02 72.55 NOTE
r-devel-linux-x86_64-debian-gcc 1.2-3 7.14 51.27 58.41 NOTE
r-devel-linux-x86_64-fedora-clang 1.2-3 90.18 NOTE
r-devel-linux-x86_64-fedora-gcc 1.2-3 95.48 NOTE
r-devel-windows-x86_64 1.2-3 9.00 68.00 77.00 OK
r-patched-linux-x86_64 1.2-3 6.29 64.65 70.94 OK
r-release-linux-x86_64 1.2-3 7.33 65.61 72.94 OK
r-release-macos-arm64 1.2-3 33.00 OK
r-release-macos-x86_64 1.2-3 54.00 OK
r-release-windows-x86_64 1.2-3 12.00 77.00 89.00 OK
r-oldrel-macos-arm64 1.2-3 35.00 OK
r-oldrel-windows-x86_64 1.2-3 12.00 88.00 100.00 OK

Check Details

Version: 1.2-3
Check: Rd files
Result: NOTE checkRd: (-1) gte.Rd:98: Lost braces; missing escapes or markup? 98 | \code{left} and {right} for illustrative purpose), one would need a third variable (\code{status}) taking the value 0 | ^ Flavors: r-devel-linux-x86_64-debian-clang, r-devel-linux-x86_64-debian-gcc, r-devel-linux-x86_64-fedora-clang, r-devel-linux-x86_64-fedora-gcc