Last updated on 2021-04-10 23:48:03 CEST.
Flavor | Version | Tinstall | Tcheck | Ttotal | Status | Flags |
---|---|---|---|---|---|---|
r-devel-linux-x86_64-debian-clang | 0.0.4 | 61.89 | 121.41 | 183.30 | OK | |
r-devel-linux-x86_64-debian-gcc | 0.0.4 | 42.54 | 79.67 | 122.21 | OK | |
r-devel-linux-x86_64-fedora-clang | 0.0.4 | 227.63 | NOTE | |||
r-devel-linux-x86_64-fedora-gcc | 0.0.4 | 194.77 | OK | |||
r-devel-windows-ix86+x86_64 | 0.0.4 | 102.00 | 133.00 | 235.00 | OK | |
r-devel-windows-x86_64-gcc10-UCRT | 0.0.4 | OK | ||||
r-patched-linux-x86_64 | 0.0.4 | 48.66 | 95.90 | 144.56 | OK | |
r-patched-solaris-x86 | 0.0.4 | 227.40 | OK | |||
r-release-linux-x86_64 | 0.0.4 | 60.13 | 95.54 | 155.67 | OK | |
r-release-macos-x86_64 | 0.0.4 | NOTE | ||||
r-release-windows-ix86+x86_64 | 0.0.4 | 103.00 | 176.00 | 279.00 | OK | |
r-oldrel-macos-x86_64 | 0.0.4 | NOTE | ||||
r-oldrel-windows-ix86+x86_64 | 0.0.4 | 122.00 | 172.00 | 294.00 | OK |
Version: 0.0.4
Check: installed package size
Result: NOTE
installed size is 6.0Mb
sub-directories of 1Mb or more:
doc 2.1Mb
libs 3.4Mb
Flavors: r-devel-linux-x86_64-fedora-clang, r-release-macos-x86_64, r-oldrel-macos-x86_64