CRAN Package Check Results for Package gtrendsR

Last updated on 2019-09-16 00:47:42 CEST.

Flavor Version Tinstall Tcheck Ttotal Status Flags
r-devel-linux-x86_64-debian-clang 1.4.4 5.05 37.41 42.46 OK
r-devel-linux-x86_64-debian-gcc 1.4.4 4.66 28.57 33.23 OK
r-devel-linux-x86_64-fedora-clang 1.4.4 50.71 OK
r-devel-linux-x86_64-fedora-gcc 1.4.4 49.47 OK
r-devel-windows-ix86+x86_64 1.4.4 27.00 49.00 76.00 OK
r-patched-linux-x86_64 1.4.4 5.07 36.46 41.53 OK
r-patched-solaris-x86 1.4.4 74.30 OK
r-release-linux-x86_64 1.4.4 4.89 36.19 41.08 OK
r-release-windows-ix86+x86_64 1.4.4 12.00 50.00 62.00 OK
r-release-osx-x86_64 1.4.4 OK
r-oldrel-windows-ix86+x86_64 1.4.4 13.00 47.00 60.00 WARN
r-oldrel-osx-x86_64 1.4.4 OK

Check Details

Version: 1.4.4
Check: whether package can be installed
Result: WARN
    Found the following significant warnings:
     Warning: S3 methods '[.fun_list', '[.grouped_df', 'all.equal.tbl_df', 'anti_join.data.frame', 'anti_join.tbl_df', 'arrange.data.frame', 'arrange.default', 'arrange.grouped_df', 'arrange.tbl_df', 'arrange_.data.frame', 'arrange_.tbl_df', 'as.data.frame.grouped_df', 'as.data.frame.rowwise_df', 'as.data.frame.tbl_cube', 'as.table.tbl_cube', 'as.tbl.data.frame', 'as.tbl.tbl', 'as.tbl_cube.array', 'as.tbl_cube.data.frame', 'as.tbl_cube.matrix', 'as.tbl_cube.table', 'as_tibble.grouped_df', 'as_tibble.tbl_cube', 'auto_copy.tbl_cube', 'auto_copy.tbl_df', 'cbind.grouped_df', 'collapse.data.frame', 'collect.data.frame', 'common_by.NULL', 'common_by.character', 'common_by.default', 'common_by.list', 'compute.data.frame', 'copy_to.DBIConnection', 'copy_to.src_local', 'default_missing.data.frame', 'default_missing.default', 'dim.tbl_cube', 'distinct.data.frame', 'distinct.default', 'distinct.grouped_df', 'distinct.tbl_df', 'distinct_.data.frame', 'distinct_.grouped_df', 'distinct_.tbl_df', 'do.NULL', 'do.da [... truncated]
Flavor: r-oldrel-windows-ix86+x86_64