CRAN Package Check Results for Package gtsummary

Last updated on 2020-01-19 14:47:12 CET.

Flavor Version Tinstall Tcheck Ttotal Status Flags
r-devel-linux-x86_64-debian-clang 1.2.4 10.49 212.63 223.12 NOTE
r-devel-linux-x86_64-debian-gcc 1.2.4 8.68 158.97 167.65 NOTE
r-devel-linux-x86_64-fedora-clang 1.2.4 251.06 NOTE
r-devel-linux-x86_64-fedora-gcc 1.2.4 267.55 NOTE
r-devel-windows-ix86+x86_64 1.2.4 34.00 306.00 340.00 NOTE
r-devel-windows-ix86+x86_64-gcc8 1.2.4 21.00 307.00 328.00 NOTE
r-patched-linux-x86_64 1.2.4 9.44 184.84 194.28 NOTE
r-patched-solaris-x86 1.2.4 283.40 NOTE
r-release-linux-x86_64 1.2.4 8.68 185.09 193.77 NOTE
r-release-windows-ix86+x86_64 1.2.4 32.00 278.00 310.00 NOTE
r-release-osx-x86_64 1.2.4 NOTE
r-oldrel-windows-ix86+x86_64 1.2.4 21.00 231.00 252.00 NOTE
r-oldrel-osx-x86_64 1.2.4 NOTE

Check Details

Version: 1.2.4
Check: package dependencies
Result: NOTE
    Package which this enhances but not available for checking: 'gt'
Flavors: r-devel-linux-x86_64-debian-clang, r-devel-linux-x86_64-debian-gcc, r-devel-linux-x86_64-fedora-clang, r-devel-linux-x86_64-fedora-gcc, r-devel-windows-ix86+x86_64, r-devel-windows-ix86+x86_64-gcc8, r-patched-linux-x86_64, r-patched-solaris-x86, r-release-linux-x86_64, r-release-windows-ix86+x86_64, r-release-osx-x86_64, r-oldrel-windows-ix86+x86_64, r-oldrel-osx-x86_64