CRAN Package Check Results for Package gtsummary

Last updated on 2019-09-15 05:46:15 CEST.

Flavor Version Tinstall Tcheck Ttotal Status Flags
r-devel-linux-x86_64-debian-clang 1.2.1 7.07 171.14 178.21 NOTE
r-devel-linux-x86_64-debian-gcc 1.2.1 6.88 128.74 135.62 NOTE
r-devel-linux-x86_64-fedora-clang 1.2.1 202.13 NOTE
r-devel-linux-x86_64-fedora-gcc 1.2.1 194.91 NOTE
r-devel-windows-ix86+x86_64 1.2.1 35.00 236.00 271.00 NOTE
r-patched-linux-x86_64 1.2.1 7.69 165.04 172.73 NOTE
r-patched-solaris-x86 1.2.1 245.80 NOTE
r-release-linux-x86_64 1.2.1 9.35 166.30 175.65 NOTE
r-release-windows-ix86+x86_64 1.2.1 11.00 184.00 195.00 NOTE
r-release-osx-x86_64 1.2.1 NOTE
r-oldrel-windows-ix86+x86_64 1.2.1 19.00 252.00 271.00 NOTE
r-oldrel-osx-x86_64 1.2.1 NOTE

Check Details

Version: 1.2.1
Check: package dependencies
Result: NOTE
    Package which this enhances but not available for checking: 'gt'
Flavors: r-devel-linux-x86_64-debian-clang, r-devel-linux-x86_64-debian-gcc, r-devel-linux-x86_64-fedora-clang, r-devel-linux-x86_64-fedora-gcc, r-devel-windows-ix86+x86_64, r-patched-linux-x86_64, r-patched-solaris-x86, r-release-linux-x86_64, r-release-windows-ix86+x86_64, r-release-osx-x86_64, r-oldrel-windows-ix86+x86_64, r-oldrel-osx-x86_64