CRAN Package Check Results for Package guaguas

Last updated on 2022-12-01 06:52:45 CET.

Flavor Version Tinstall Tcheck Ttotal Status Flags
r-devel-linux-x86_64-debian-clang 0.3.0 20.17 38.00 58.17 OK
r-devel-linux-x86_64-debian-gcc 0.3.0 19.46 29.96 49.42 OK
r-devel-linux-x86_64-fedora-clang 0.3.0 89.52 NOTE
r-devel-linux-x86_64-fedora-gcc 0.3.0 86.16 NOTE
r-devel-windows-x86_64 0.3.0 28.00 66.00 94.00 OK
r-patched-linux-x86_64 0.3.0 22.48 35.85 58.33 OK
r-release-linux-x86_64 0.3.0 21.49 36.27 57.76 OK
r-release-macos-arm64 0.3.0 35.00 NOTE
r-release-macos-x86_64 0.3.0 44.00 NOTE
r-release-windows-x86_64 0.3.0 34.00 65.00 99.00 OK
r-oldrel-macos-arm64 0.3.0 36.00 NOTE
r-oldrel-macos-x86_64 0.3.0 41.00 NOTE
r-oldrel-windows-ix86+x86_64 0.3.0 35.00 59.00 94.00 OK

Check Details

Version: 0.3.0
Check: data for non-ASCII characters
Result: NOTE
     Note: found 42384 marked UTF-8 strings
Flavors: r-devel-linux-x86_64-fedora-clang, r-devel-linux-x86_64-fedora-gcc, r-release-macos-arm64, r-release-macos-x86_64, r-oldrel-macos-arm64, r-oldrel-macos-x86_64